000
CXUS51 KOKX 021726 RRA
CLSEWR

CLIMATE REPORT
NATIONAL WEATHER SERVICE NEW YORK NY
1218 PM EST WED DEC 2 2020

...................................

...THE NEWARK NJ CLIMATE SUMMARY FOR THE SEASON, FROM
9/1/2020 TO 11/30/2020...

CLIMATE NORMAL PERIOD 1981 TO 2010
CLIMATE RECORD PERIOD 1893 TO 2020

WEATHER         OBSERVED          NORMAL  DEPART  LAST YEAR`S
                 VALUE   DATE(S)  VALUE   FROM    VALUE
                                          NORMAL
.............................................................
TEMPERATURE (F)
RECORD
 HIGH             105   09/02/1953
 LOW               12   11/27/1932
HIGHEST            89   09/03        MM      MM
LOWEST             26   11/19        MM      MM
AVG. MAXIMUM     68.3              65.5     2.8
AVG. MINIMUM     50.9              48.9     2.0
MEAN             59.6              57.2     2.4
DAYS MAX >= 90      0               1.1    -1.1
DAYS MAX <= 32      0               0.1    -0.1
DAYS MIN <= 32      3               5.5    -2.5
DAYS MIN <= 0       0               0.0     0.0

PRECIPITATION (INCHES)
RECORD
 MAXIMUM        20.22   1944
 MINIMUM         4.21   1931
TOTALS          12.29             11.07    1.22    10.35
DAILY AVG.       0.14              0.12    0.02
DAYS >= .01        28              26.8     1.2
DAYS >= .10        18              16.8     1.2
DAYS >= .50        11               7.9     3.1
DAYS >= 1.00        3               3.0     0.0
GREATEST
 24 HR. TOTAL    1.59   MM
 STORM TOTAL       MM
 (MM/DD(HH))            MM

SNOWFALL (INCHES)
RECORDS
 TOTAL            8.7   1938
 24 HR TOTAL       MM
TOTALS              T               0.4    -0.4
 LIQUID EQUIV      MM              0.00      MM
SINCE 7/1           T               0.4    -0.4
 LIQUID 7/1        MM
DAYS >= TRACE       1               0.4     0.6
DAYS >= 1.0         0               0.1    -0.1
GREATEST
 SNOW DEPTH         0   MM
 24 HR TOTAL      0.0   MM
 STORM TOTAL       MM
 (MM/DD(HH))            MM

DEGREE_DAYS
HEATING TOTAL     652               866    -214
 SINCE 7/1        652               868    -216
COOLING TOTAL     179               157      22
 SINCE 1/1       1420              1192     228
..............................................................

WIND (MPH)
AVERAGE WIND SPEED              8.4
HIGHEST WIND SPEED/DIRECTION    48/250    DATE  11/15
HIGHEST GUST SPEED/DIRECTION    59/250    DATE  11/15

SKY COVER
POSSIBLE SUNSHINE (PERCENT)   MM
AVERAGE SKY COVER           0.60
NUMBER OF DAYS FAIR           20
NUMBER OF DAYS PC             36
NUMBER OF DAYS CLOUDY         35

AVERAGE RH (PERCENT)     67

WEATHER CONDITIONS. NUMBER OF DAYS WITH
  0
 13
  0
  0
  0
  1
  6
HAZE                      4

-  INDICATES NEGATIVE NUMBERS.
R  INDICATES RECORD WAS SET OR TIED.
MM INDICATES DATA IS MISSING.
T  INDICATES TRACE AMOUNT.

$$
