000
CXUS51 KOKX 011336
CLSEWR

CLIMATE REPORT
NATIONAL WEATHER SERVICE NEW YORK NY
836 AM EST SUN DEC 1 2019

...................................

...THE NEWARK NJ CLIMATE SUMMARY FOR THE SEASON, FROM
9/1/2019 TO 11/30/2019...

CLIMATE NORMAL PERIOD 1981 TO 2010
CLIMATE RECORD PERIOD 1893 TO 2019

WEATHER         OBSERVED          NORMAL  DEPART  LAST YEAR`S
                 VALUE   DATE(S)  VALUE   FROM    VALUE
                                          NORMAL
.............................................................
TEMPERATURE (F)
RECORD
 HIGH             105   09/02/1953
 LOW               12   11/27/1932
HIGHEST            96   10/02        MM      MM
LOWEST             22   11/13        MM      MM
AVG. MAXIMUM     66.3              65.5     0.8
AVG. MINIMUM     49.7              48.9     0.8
MEAN             58.0              57.2     0.8
DAYS MAX >= 90      4               1.1     2.9
DAYS MAX <= 32      0               0.1    -0.1
DAYS MIN <= 32     11               5.5     5.5
DAYS MIN <= 0       0               0.0     0.0

PRECIPITATION (INCHES)
RECORD
 MAXIMUM        20.22   1944
 MINIMUM         4.21   1931
TOTALS          10.35             11.07   -0.72    16.41
DAILY AVG.       0.11              0.12   -0.01
DAYS >= .01        28              26.8     1.2
DAYS >= .10        16              16.8    -0.8
DAYS >= .50         8               7.9     0.1
DAYS >= 1.00        3               3.0     0.0
GREATEST
 24 HR. TOTAL    2.13   MM
 STORM TOTAL       MM
 (MM/DD(HH))            MM

SNOWFALL (INCHES)
RECORDS
 TOTAL            8.7   1938
 24 HR TOTAL       MM
TOTALS              T               0.4    -0.4
 LIQUID EQUIV       T              0.00    0.00
SINCE 7/1           T               0.4    -0.4
 LIQUID 7/1        MM
DAYS >= TRACE       1               0.4     0.6
DAYS >= 1.0         0               0.1    -0.1
GREATEST
 SNOW DEPTH         0   MM
 24 HR TOTAL      0.0   MM
 STORM TOTAL       MM
 (MM/DD(HH))            MM

DEGREE_DAYS
HEATING TOTAL     834               866     -32
 SINCE 7/1        834               868     -34
COOLING TOTAL     225               157      68
 SINCE 1/1       1400              1192     208
..............................................................

WIND (MPH)
AVERAGE WIND SPEED              9.4
HIGHEST WIND SPEED/DIRECTION    38/260    DATE  10/17
HIGHEST GUST SPEED/DIRECTION    52/280    DATE  10/17

SKY COVER
POSSIBLE SUNSHINE (PERCENT)   MM
AVERAGE SKY COVER           0.60
NUMBER OF DAYS FAIR           17
NUMBER OF DAYS PC             41
NUMBER OF DAYS CLOUDY         33

AVERAGE RH (PERCENT)     64

WEATHER CONDITIONS. NUMBER OF DAYS WITH
  0
 12
  0
  0
  0
  0
  0
HAZE                      1

-  INDICATES NEGATIVE NUMBERS.
R  INDICATES RECORD WAS SET OR TIED.
MM INDICATES DATA IS MISSING.
T  INDICATES TRACE AMOUNT.

$$
