000
CXUS54 KJAN 021352
CLSGWO


CLIMATE REPORT
NATIONAL WEATHER SERVICE JACKSON MS
742 AM CST MON DEC 2 2019

...................................

...THE GREENWOOD CLIMATE SUMMARY FOR THE SEASON, FROM
9/1/2019 TO 11/30/2019...

CLIMATE NORMAL PERIOD 1981 TO 2010
CLIMATE RECORD PERIOD 1948 TO 2019

WEATHER         OBSERVED          NORMAL  DEPART  LAST YEAR`S
                 VALUE   DATE(S)  VALUE   FROM    VALUE  DATE(S)
                                          NORMAL
................................................................
TEMPERATURE (F)
RECORD
 HIGH             103   09/01/2000
 LOW               15   11/25/1950
HIGHEST           101   09/18        MM      MM       96  09/19
LOWEST             16   11/13        MM      MM       26  11/27
AVG. MAXIMUM     78.7              76.7     2.0     74.9
AVG. MINIMUM     54.3              52.2     2.1     56.1
MEAN             66.5              64.4     2.1     65.5
DAYS MAX >= 90     37              11.7    25.3       20
DAYS MAX <= 32      0               0.0     0.0        0
DAYS MIN <= 32     11               6.1     4.9        7
DAYS MIN <= 0       0               0.0     0.0        0

PRECIPITATION (INCHES)
RECORD
 MAXIMUM        24.62   2009
 MINIMUM         2.78   1953
TOTALS          12.02             12.05   -0.03    21.09
DAILY AVG.       0.13              0.13    0.00     0.23
DAYS >= .01        23              22.5     0.5       32
DAYS >= .10        12              15.2    -3.2       25
DAYS >= .50        12               8.2     3.8       13
DAYS >= 1.00        5               3.8     1.2        7

SNOWFALL (INCHES)
TOTALS              T

DEGREE_DAYS
HEATING TOTAL     552               467      85      536
 SINCE 7/1        552               468      84      536
COOLING TOTAL     712               417     295      601
 SINCE 1/1       2549              2159     390     2584

FREEZE DATES
RECORD
 EARLIEST     MM
 LATEST       MM
.................................................................

WIND (MPH)
AVERAGE WIND SPEED              4.4
HIGHEST WIND SPEED/DIRECTION    26/340    DATE  11/11
HIGHEST GUST SPEED/DIRECTION    38/350    DATE  11/11

SKY COVER
POSSIBLE SUNSHINE (PERCENT)   MM
AVERAGE SKY COVER           0.30
NUMBER OF DAYS FAIR           60
NUMBER OF DAYS PC             18
NUMBER OF DAYS CLOUDY         13

AVERAGE RH (PERCENT)     67

WEATHER CONDITIONS. NUMBER OF DAYS WITH
THUNDERSTORM              6     MIXED PRECIP               0
HEAVY RAIN               12     RAIN                      13
LIGHT RAIN               27     FREEZING RAIN              0
LT FREEZING RAIN          0     HAIL                       0
HEAVY SNOW                0     SNOW                       0
LIGHT SNOW                2     SLEET                      0
FOG                      50     FOG W/VIS <= 1/4 MILE      3
HAZE                     25

-  INDICATES NEGATIVE NUMBERS.
R  INDICATES RECORD WAS SET OR TIED.
MM INDICATES DATA IS MISSING.
T  INDICATES TRACE AMOUNT.

$$
