000
CXUS53 KILX 012004
CLSILX

CLIMATE REPORT
NATIONAL WEATHER SERVICE LINCOLN IL
1031 AM CDT MON JUN 1 2020

...................................

...THE LINCOLN IL CLIMATE SUMMARY FOR THE SPRING SEASON, FROM
3/1/2020 TO 5/31/2020...

CLIMATE NORMAL PERIOD 1981 TO 2010
CLIMATE RECORD PERIOD 1905 TO 2020

WEATHER         OBSERVED          NORMAL  DEPART  LAST YEAR`S
                 VALUE   DATE(S)  VALUE   FROM    VALUE
                                          NORMAL
.............................................................
TEMPERATURE (F)
RECORD
 HIGH             102   05/31/1934
 LOW              -14   03/10/1934
HIGHEST            88   05/26        MM      MM       88
                        05/25
LOWEST             22   03/07        MM      MM       -3
AVG. MAXIMUM     61.7              63.1    -1.4     61.1
AVG. MINIMUM     41.8              41.3     0.5     41.1
MEAN             51.7              52.2    -0.5     51.1
DAYS MAX >= 90      0               0.7    -0.7        0
DAYS MAX <= 32      0               1.8    -1.8        4
DAYS MIN <= 32     18              21.7    -3.7       25
DAYS MIN <= 0       0               0.0     0.0        1

PRECIPITATION (INCHES)
RECORD
 MAXIMUM        19.75   1995
 MINIMUM         4.03   2005
TOTALS          14.98             10.37    4.61    17.72
DAILY AVG.       0.16                               0.19
DAYS >= .01        41              33.6     7.4       43
DAYS >= .10        26              21.1     4.9       37
DAYS >= .50         7               6.6     0.4       14
DAYS >= 1.00        3               2.1     0.9        4
GREATEST
 24 HR. TOTAL    3.30   MM                          1.68

SNOWFALL (INCHES)
RECORDS
 TOTAL           21.0   1934
 24 HR TOTAL     10.8   03/24/2013 TO 03/24/2013
TOTALS            1.1               2.0    -0.9      4.4
DAYS >= TRACE       8               1.8     6.2        9
DAYS >= 1.0         0               0.8    -0.8        3
GREATEST
 SNOW DEPTH         T   03/14                          1
 24 HR TOTAL      0.6   MM                           2.0

DEGREE_DAYS
HEATING TOTAL    1273              1269       4     1354
 SINCE 7/1         MM              5691      MM       MM
COOLING TOTAL      79                91     -12       99
 SINCE 1/1         79                91     -12       99

FREEZE DATES
RECORD
 EARLIEST     09/11/1917
 LATEST       05/29/1925
EARLIEST                        10/12
LATEST                          04/18
..............................................................

SKY COVER
POSSIBLE SUNSHINE (PERCENT)   MM


WEATHER CONDITIONS. NUMBER OF DAYS WITH
THUNDERSTORM             11     MIXED PRECIP               0
HEAVY RAIN               13     RAIN                      20
LIGHT RAIN               56     FREEZING RAIN              0
LT FREEZING RAIN          0     HAIL                       0
HEAVY SNOW                0     SNOW                       1
LIGHT SNOW                8     SLEET                      0
FOG                      33     FOG W/VIS <= 1/4 MILE      7
HAZE                      1

-  INDICATES NEGATIVE NUMBERS.
R  INDICATES RECORD WAS SET OR TIED.
MM INDICATES DATA IS MISSING.
T  INDICATES TRACE AMOUNT.

$$
