000
CXUS51 KOKX 030024
CLSLGA

CLIMATE REPORT
NATIONAL WEATHER SERVICE NEW YORK NY
807 PM EDT TUE JUN 2 2020

...................................

...THE LAGUARDIA NY CLIMATE SUMMARY FOR THE SEASON, FROM
3/1/2020 TO 5/31/2020...

CLIMATE NORMAL PERIOD 1981 TO 2010
CLIMATE RECORD PERIOD 1939 TO 2020

WEATHER         OBSERVED          NORMAL  DEPART  LAST YEAR`S
                 VALUE   DATE(S)  VALUE   FROM    VALUE
                                          NORMAL
.............................................................
TEMPERATURE (F)
RECORD
 HIGH              97   05/18/2017
                        05/20/1996
                        05/20/1996
 LOW                7   03/04/1943
HIGHEST            86   05/15        MM      MM
LOWEST             26   03/01        MM      MM
AVG. MAXIMUM     60.4              60.6    -0.2
AVG. MINIMUM     45.9              44.3     1.6
MEAN             53.2              52.5     0.7
DAYS MAX >= 90      0               0.8    -0.8
DAYS MAX <= 32      0               0.8    -0.8
DAYS MIN <= 32      1              10.8    -9.8
DAYS MIN <= 0       0               0.0     0.0

PRECIPITATION (INCHES)
RECORD
 MAXIMUM        23.50   1983
 MINIMUM         5.69   1995
TOTALS           9.60             11.76   -2.16    14.43
DAILY AVG.       0.11              0.13   -0.02
DAYS >= .01        37              32.7     4.3
DAYS >= .10        19              20.3    -1.3
DAYS >= .50         4               7.8    -3.8
DAYS >= 1.00        3               3.2    -0.2
GREATEST
 24 HR. TOTAL    1.72   MM
 STORM TOTAL       MM
 (MM/DD(HH))            MM

SNOWFALL (INCHES)
RECORDS
 TOTAL           24.1   1956
 24 HR TOTAL     13.9   03/03/1960 TO 03/03/1960
TOTALS              T               4.9    -4.9
 LIQUID EQUIV      MM              0.50      MM
SINCE 7/1         4.6              26.9   -22.3
 LIQUID 7/1      0.46
DAYS >= TRACE       3               2.3     0.7
DAYS >= 1.0         0               1.3    -1.3
GREATEST
 SNOW DEPTH         0   MM
 24 HR TOTAL        T   MM
 STORM TOTAL       MM
 (MM/DD(HH))            MM

DEGREE_DAYS
HEATING TOTAL    1108              1219    -111
 SINCE 7/1       4191              4648    -457
COOLING TOTAL      46                66     -20
 SINCE 1/1         46                66     -20
..............................................................

WIND (MPH)
AVERAGE WIND SPEED              12.0
HIGHEST WIND SPEED/DIRECTION    44/300    DATE  04/09
HIGHEST GUST SPEED/DIRECTION    57/310    DATE  04/09

SKY COVER
POSSIBLE SUNSHINE (PERCENT)   MM
AVERAGE SKY COVER           0.70
NUMBER OF DAYS FAIR           10
NUMBER OF DAYS PC             44
NUMBER OF DAYS CLOUDY         38

AVERAGE RH (PERCENT)     56

WEATHER CONDITIONS. NUMBER OF DAYS WITH
  0
 16
  0
  0
  2
  2
  2
HAZE                     13

-  INDICATES NEGATIVE NUMBERS.
R  INDICATES RECORD WAS SET OR TIED.
MM INDICATES DATA IS MISSING.
T  INDICATES TRACE AMOUNT.

$$
