000
CXUS51 KRNK 010732
CLSLYH

CLIMATE REPORT
NATIONAL WEATHER SERVICE BLACKSBURG, VA
332 AM EDT MON JUN 01 2020

...................................

...THE LYNCHBURG VA CLIMATE SUMMARY FOR THE SEASON, FROM
3/1/2020 TO 5/31/2020...

CLIMATE NORMAL PERIOD: 1981 TO 2010
CLIMATE RECORD PERIOD: 1893 TO 2020

WEATHER         OBSERVED          NORMAL  DEPART   LAST YEAR`S
                VALUE   DATE(S)   VALUE   FROM     VALUE
                                          NORMAL
..............................................................
TEMPERATURE (F)
RECORD
 HIGH            100   05/22/1941
 LOW               5   03/03/2009
HIGHEST           88   03/29                          84
                       05/16
LOWEST            24   03/08                          19
AVG. MAXIMUM    69.0               67.1     1.9     63.8
AVG. MINIMUM    46.1               42.4     3.7     39.9
MEAN            57.6               54.8     2.8     51.8
DAYS MAX >= 90     0                0.6    -0.6        0
DAYS MAX <= 32     0                0.2    -0.2        0
DAYS MIN <= 32    10               17.3    -7.3       17
DAYS MIN <= 0      0                0.0     0.0        0

PRECIPITATION (INCHES)
RECORD
 MAXIMUM       18.09   1975
 MINIMUM        3.94   1915
TOTALS         14.00              10.62    3.38     7.57
DAYS >= .01       42               32.9     9.1       19
DAYS >= .10       26               20.9     5.1       12
DAYS >= .50        6                7.3    -1.3        4
DAYS >= 1.00       3                2.4     0.6        2
GREATEST
 24 HR. TOTAL   3.36                                1.88

SNOWFALL (INCHES)
TOTALS             T                                 1.4
DAYS >= TRACE      1                                   1
DAYS >= 1.0        0                                   1
GREATEST
 24 HR TOTAL      MM                                 1.4

DEGREE DAYS
HEATING TOTAL    777               1021    -244      822
COOLING TOTAL    121                 82      39       28
..............................................................

WIND (MPH)
AVERAGE WIND SPEED              6.5
RESULTANT WIND SPEED/DIRECTION   0/190
HIGHEST WIND SPEED/DIRECTION    30/040    DATE  05/19
HIGHEST GUST SPEED/DIRECTION    42/040    DATE  04/09

SKY COVER
AVERAGE SKY COVER           0.46

AVERAGE RH (PERCENT)     63

WEATHER CONDITIONS. NUMBER OF DAYS WITH
THUNDERSTORM              4     MIXED PRECIP               0
HEAVY RAIN                8     RAIN                      20
LIGHT RAIN               50     FREEZING RAIN              0
LT FREEZING RAIN          0     HAIL                       0
HEAVY SNOW                0     SNOW                       0
LIGHT SNOW                1     SLEET                      0
FOG                      36     FOG W/VIS <= 1/4 MILE      4
HAZE                      1

-  INDICATES NEGATIVE NUMBERS.
R  INDICATES RECORD WAS SET OR TIED.
MM INDICATES DATA IS MISSING.
T  INDICATES TRACE AMOUNT.

$$
