000
CXUS53 KEAX 010734
CLSMCI

CLIMATE REPORT
NATIONAL WEATHER SERVICE
229 AM CDT MON JUN 01 2020

...................................

...THE KANSAS CITY INTERNATIONAL MO CLIMATE SUMMARY FOR THE SEASON, FROM
3/1/2020 TO 5/31/2020...

CLIMATE NORMAL PERIOD: 1981 TO 2010
CLIMATE RECORD PERIOD: 1888 TO 2020

WEATHER         OBSERVED          NORMAL  DEPART   LAST YEAR`S
                VALUE   DATE(S)   VALUE   FROM     VALUE DATE(S)
                                          NORMAL
................................................................
TEMPERATURE (F)
RECORD
 HIGH            103   05/30/1934
 LOW             -10   03/04/1978
HIGHEST           88   04/08         88       0       89  05/16
LOWEST            22   03/21         14       8       -2  03/04
AVG. MAXIMUM    64.6               65.2    -0.6     63.2
AVG. MINIMUM    44.4               43.9     0.5     43.2
MEAN            54.5               54.5     0.0     53.2
DAYS MAX >= 90     0                0.6    -0.6        0
DAYS MAX <= 32     0                1.3    -1.3        4
DAYS MIN <= 32    15               18.3    -3.3       20
DAYS MIN <= 0      0                0.1    -0.1        1

PRECIPITATION (INCHES)
RECORD
 MAXIMUM       22.90   1904
 MINIMUM        5.02   1928
TOTALS         10.89              11.30   -0.41    20.33
DAILY AVG.      0.12               0.12    0.00     0.22
DAYS >= .01       39               32.0     7.0       35
DAYS >= .10       23               19.9     3.1       26
DAYS >= .50        7                8.0    -1.0       15
DAYS >= 1.00       3                2.6     0.4        7
GREATEST
 24 HR. TOTAL   1.74

SNOWFALL (INCHES)
RECORDS
 TOTAL          40.2   1912
TOTALS             T                2.6    -2.6      2.8
SINCE 7/1       17.2               18.8    -1.6       MM
DAYS >= TRACE      3                2.1     0.9        2
DAYS >= 1.0        0                0.8    -0.8        1
GREATEST
 SNOW DEPTH        0
 24 HR TOTAL      MM

DEGREE DAYS
HEATING TOTAL   1013               1079     -66     1165
COOLING TOTAL     73                116     -43       98
................................................................

WIND (MPH)
AVERAGE WIND SPEED              10.3
HIGHEST WIND SPEED/DIRECTION    37/070    DATE  03/08
HIGHEST GUST SPEED/DIRECTION    52/240    DATE  03/28

SKY COVER
POSSIBLE SUNSHINE (PERCENT)   MM
AVERAGE SKY COVER           0.61
NUMBER OF DAYS FAIR           18
NUMBER OF DAYS PC             41
NUMBER OF DAYS CLOUDY         33

AVERAGE RH (PERCENT)     67

WEATHER CONDITIONS. NUMBER OF DAYS WITH
THUNDERSTORM             13     MIXED PRECIP               0
HEAVY RAIN               10     RAIN                      19
LIGHT RAIN               42     FREEZING RAIN              1
LT FREEZING RAIN          1     HAIL                       0
HEAVY SNOW                0     SNOW                       0
LIGHT SNOW                3     SLEET                      0
FOG                      47     FOG W/VIS <= 1/4 MILE      4
HAZE                     15

-  INDICATES NEGATIVE NUMBERS.
R  INDICATES RECORD WAS SET OR TIED.
MM INDICATES DATA IS MISSING.
T  INDICATES TRACE AMOUNT.

$$
