000
CXUS53 KMKX 021827 RRA
CLSMKE

CLIMATE REPORT
NATIONAL WEATHER SERVICE IN MILWAUKEE
117 PM CDT TUE JUN 2 2020

...................................

...THE MILWAUKEE WI CLIMATE SUMMARY FOR THE SEASON, FROM
3/1/2020 TO 5/31/2020...

CLIMATE NORMAL PERIOD 1981 TO 2010
CLIMATE RECORD PERIOD 1871 TO 2020

WEATHER         OBSERVED          NORMAL  DEPART  LAST YEAR`S
                 VALUE   DATE(S)  VALUE   FROM    VALUE  DATE(S)
                                          NORMAL
................................................................
TEMPERATURE (F)
RECORD
 HIGH              95   05/27/2018
 LOW              -10   03/01/1962
HIGHEST            84   05/26        85      -1       85  05/31
                        05/25
LOWEST             23   03/07         7      16       -5  03/04
                        03/06
AVG. MAXIMUM     54.0              53.7     0.3     52.9
AVG. MINIMUM     38.3              37.2     1.1     36.1
MEAN             46.2              45.4     0.8     44.5
DAYS MAX >= 90      0               0.2    -0.2        0
DAYS MAX <= 32      1               5.0    -4.0        7
DAYS MIN <= 32     24              28.2    -4.2       28
DAYS MIN <= 0       0               0.1    -0.1        1

PRECIPITATION (INCHES)
RECORD
 MAXIMUM        16.66   1876
 MINIMUM         2.94   1885
TOTALS          12.72              9.23    3.49    11.73
DAILY AVG.       0.14              0.10    0.04     0.13
DAYS >= .01        35              34.9     0.1       43
DAYS >= .10        22              19.0     3.0       27
DAYS >= .50         8               6.4     1.6        9
DAYS >= 1.00        3               1.9     1.1        1
GREATEST
 24 HR. TOTAL    2.99   05/17 TO 05/17              1.54

SNOWFALL (INCHES)
RECORDS
 TOTAL           53.5   1881
TOTALS            1.2               9.1    -7.9      9.1
SINCE 7/1        37.8              46.9    -9.1     56.1
SNOWDEPTH AVG.      0                MM      MM        1
DAYS >= 1.0         0               2.4    -2.4        3
GREATEST
 SNOW DEPTH         1   03/23                          5  03/04
                                                          03/02
                                                          03/03
 24 HR TOTAL      1.1   03/22 TO 03/23               4.9

DEGREE_DAYS
HEATING TOTAL    1741              1830     -89     1875
 SINCE 7/1         MM              6810      MM       MM
COOLING TOTAL      35                30       5        9
 SINCE 1/1         35                30       5        9

FREEZE DATES
RECORD
 EARLIEST     09/20/1956
 LATEST       05/27/1961
EARLIEST                        10/17
LATEST                          04/27
.................................................................

WIND (MPH)
AVERAGE WIND SPEED              10.1
RESULTANT WIND SPEED/DIRECTION   1/332
HIGHEST WIND SPEED/DIRECTION    39/290    DATE  04/20
HIGHEST GUST SPEED/DIRECTION    69/300    DATE  04/20

SKY COVER
POSSIBLE SUNSHINE (PERCENT)   MM
AVERAGE SKY COVER           0.60
NUMBER OF DAYS FAIR           11
NUMBER OF DAYS PC             44
NUMBER OF DAYS CLOUDY         37

AVERAGE RH (PERCENT)     65

WEATHER CONDITIONS. NUMBER OF DAYS WITH
  0
 21
  0
  1
  4
  0
  9
HAZE                     26

-  INDICATES NEGATIVE NUMBERS.
R  INDICATES RECORD WAS SET OR TIED.
MM INDICATES DATA IS MISSING.
T  INDICATES TRACE AMOUNT.

$$
