000
CXUS53 KEAX 010736
CLSOJC

CLIMATE REPORT
NATIONAL WEATHER SERVICE
229 AM CDT MON JUN 01 2020

...................................

...THE JOHNSON COUNTY EXECUTIVE KS CLIMATE SUMMARY FOR THE SEASON, FROM
3/1/2020 TO 5/31/2020...

CLIMATE NORMAL PERIOD: 1981 TO 2010
CLIMATE RECORD PERIOD: 9999 TO 9999

WEATHER         OBSERVED          NORMAL  DEPART   LAST YEAR`S
                VALUE   DATE(S)   VALUE   FROM     VALUE DATE(S)
                                          NORMAL
................................................................
TEMPERATURE (F)
HIGHEST           87   04/08         87       0       87  05/16
LOWEST            24   03/21         16       8       -1  03/04
AVG. MAXIMUM    63.6               65.0    -1.4     62.8
AVG. MINIMUM    45.1               44.8     0.3     43.7
MEAN            54.4               54.9    -0.5     53.2
DAYS MAX >= 90     0                0.4    -0.4        0
DAYS MAX <= 32     0                0.8    -0.8        4
DAYS MIN <= 32    12               15.4    -3.4       17
DAYS MIN <= 0      0                0.1    -0.1        1

PRECIPITATION (INCHES)
TOTALS         14.16              12.05    2.11    18.08
DAILY AVG.      0.15               0.13    0.02     0.20
DAYS >= .01       34               30.5     3.5       33
DAYS >= .10       22               20.0     2.0       23
DAYS >= .50        9                8.0     1.0       12
DAYS >= 1.00       5                3.1     1.9        6
GREATEST
 24 HR. TOTAL   3.30   05/27 TO 05/28


DEGREE DAYS
HEATING TOTAL   1016               1033     -17     1148
COOLING TOTAL     66                103     -37       85
................................................................

WIND (MPH)
AVERAGE WIND SPEED              8.9
HIGHEST WIND SPEED/DIRECTION    35/350    DATE  04/12
HIGHEST GUST SPEED/DIRECTION    58/240    DATE  05/04

SKY COVER
POSSIBLE SUNSHINE (PERCENT)   MM
AVERAGE SKY COVER           0.49
NUMBER OF DAYS FAIR           36
NUMBER OF DAYS PC             30
NUMBER OF DAYS CLOUDY         26

AVERAGE RH (PERCENT)     70

WEATHER CONDITIONS. NUMBER OF DAYS WITH
THUNDERSTORM             16     MIXED PRECIP               0
HEAVY RAIN                9     RAIN                      20
LIGHT RAIN               35     FREEZING RAIN              1
LT FREEZING RAIN          1     HAIL                       0
HEAVY SNOW                0     SNOW                       0
LIGHT SNOW                2     SLEET                      0
FOG                      40     FOG W/VIS <= 1/4 MILE      4
HAZE                      6

-  INDICATES NEGATIVE NUMBERS.
R  INDICATES RECORD WAS SET OR TIED.
MM INDICATES DATA IS MISSING.
T  INDICATES TRACE AMOUNT.

$$
