000
CXUS53 KDDC 011655
CLSP28


CLIMATE REPORT
NATIONAL WEATHER SERVICE DODGE CITY KS
1143 AM CDT MON JUN 1 2020

...................................

...THE MEDICINE LODGE KS CLIMATE SUMMARY FOR THE SEASON, FROM
3/1/2020 TO 5/31/2020...

CLIMATE NORMAL PERIOD 1981 TO 2010
CLIMATE RECORD PERIOD 1893 TO 2020

WEATHER         OBSERVED          NORMAL  DEPART  LAST YEAR`S
                 VALUE   DATE(S)  VALUE   FROM    VALUE  DATE(S)
                                          NORMAL
................................................................
TEMPERATURE (F)
RECORD
 HIGH             106   05/31/1953
 LOW               -7   03/03/2014
                        03/03/1960
HIGHEST            90   05/23        MM      MM       91  05/15
                        05/01
LOWEST             24   03/06        MM      MM        4  03/05
AVG. MAXIMUM     69.5              68.9     0.6     66.7
AVG. MINIMUM     43.8              44.3    -0.5     42.5
MEAN             56.7              56.6     0.1     54.6
DAYS MAX >= 90      2               3.7    -1.7        3
DAYS MAX <= 32      0               0.6    -0.6        2
DAYS MIN <= 32     16              15.9     0.1       16
DAYS MIN <= 0       0               0.0     0.0        0

PRECIPITATION (INCHES)
RECORD
 MAXIMUM        17.27   1957
 MINIMUM         1.13   1966
TOTALS           5.35              7.99   -2.64    15.87
DAILY AVG.       0.06              0.09   -0.03     0.17
DAYS >= .01        27              24.8     2.2       29
DAYS >= .10        17              14.3     2.7       18
DAYS >= .50         3               6.3    -3.3       11
DAYS >= 1.00        0               2.4    -2.4        5
GREATEST
 24 HR. TOTAL    1.10   05/21 TO 05/22           05/20 TO 05/21
                                                          03/03 TO 03/03

SNOWFALL (INCHES)
RECORDS
 TOTAL           25.0   1983
 24 HR TOTAL     12.0   03/16/1970 TO 03/16/1970
 SNOW DEPTH        12   03/16/1970
TOTALS            0.0               0.1    -0.1      2.5
SINCE 7/1         1.6               8.5    -6.9      9.8
SNOWDEPTH AVG.      0                MM      MM        0
DAYS >= TRACE       0               0.3    -0.3        1
DAYS >= 1.0         0               0.0     0.0        1
GREATEST
 SNOW DEPTH         0   05/31                          3  03/04
                        05/30
                        05/29
 24 HR TOTAL      0.0   05/31 TO 05/31           03/03 TO 03/03
                        05/30 TO 05/30                    03/03 TO 03/03
DEGREE_DAYS
HEATING TOTAL     866               925     -59     1024
 SINCE 7/1       4396              4455     -59     4753
COOLING TOTAL     122               156     -34       92
 SINCE 1/1        122               156     -34       92

.................................................................

WIND (MPH)
AVERAGE WIND SPEED              9.6
RESULTANT WIND SPEED/DIRECTION   2/073
HIGHEST WIND SPEED/DIRECTION    46/030    DATE  04/22
HIGHEST GUST SPEED/DIRECTION    62/020    DATE  04/22

AVERAGE RH (PERCENT)     67


-  INDICATES NEGATIVE NUMBERS.
R  INDICATES RECORD WAS SET OR TIED.
MM INDICATES DATA IS MISSING.
T  INDICATES TRACE AMOUNT.

$$
