000
CXUS55 KPUB 030518 RRA
CLSPUB

CLIMATE REPORT
NATIONAL WEATHER SERVICE
1018 PM MST MON MAR 02 2020

...................................

...THE PUEBLO CO CLIMATE SUMMARY FOR THE SEASON, FROM
12/1/2019 TO 2/29/2020...

CLIMATE NORMAL PERIOD: 1981 TO 2010
CLIMATE RECORD PERIOD: 1888 TO 2020

WEATHER         OBSERVED          NORMAL  DEPART   LAST YEAR`S
                VALUE   DATE(S)   VALUE   FROM     VALUE DATE(S)
                                          NORMAL
................................................................
TEMPERATURE (F)
RECORD
 HIGH             82   12/17/1980
 LOW             -31   02/01/1951

HIGHEST           79   02/02                          70  02/13
LOWEST            -2   02/05                          -6  01/02

AVG. MAXIMUM    49.7               47.8     1.9     50.3
AVG. MINIMUM    17.9               15.2     2.7     16.1
MEAN            33.8               31.5     2.3     33.2

DAYS MAX >= 90     0
DAYS MAX <= 32    10
DAYS MIN <= 32    89
DAYS MIN <= 0      2

PRECIPITATION (INCHES)
RECORD
 MAXIMUM        3.09   1939
 MINIMUM        0.18   1950

TOTALS          1.09               1.03    0.06     0.83
DAILY AVG.      0.01               0.01    0.00
DAYS >= .01       14
DAYS >= .10        4
DAYS >= .50        0
DAYS >= 1.00       0

GREATEST
 24 HR. TOTAL   0.25   12/15 TO 12/16
                       02/10 TO 02/11

SNOWFALL (INCHES)
RECORDS
 MAXIMUM        38.6   1988
 MINIMUM         2.7   1921

TOTALS          15.3               15.8    -0.5     11.0
SINCE 7/1       32.3               21.8    10.5

SNOWDEPTH AVG.     T
DAYS >= TRACE     21               12.0     9.0
DAYS >= 1.0        7                5.2     1.8

GREATEST
 SNOW DEPTH        3   02/07                           2
                       02/11
 24 HR TOTAL     3.7   02/06 TO 02/07                2.2

DEGREE DAYS
HEATING TOTAL   2810               3022    -212     2836
 SINCE 7/1      4182               4357    -175     4080
COOLING TOTAL      0                  0       0        0
 SINCE 1/1         0                  0       0        0
................................................................

WIND (MPH)
AVERAGE WIND SPEED              6.7
HIGHEST WIND SPEED/DIRECTION    45/280    DATE  01/17
HIGHEST GUST SPEED/DIRECTION    58/290    DATE  01/17

SKY COVER
POSSIBLE SUNSHINE (PERCENT)   MM
AVERAGE SKY COVER           0.22
NUMBER OF DAYS FAIR           68
NUMBER OF DAYS PC             15
NUMBER OF DAYS CLOUDY          8

AVERAGE RH (PERCENT)     56

WEATHER CONDITIONS. NUMBER OF DAYS WITH
THUNDERSTORM              0     MIXED PRECIP               1
HEAVY RAIN                0     RAIN                       0
LIGHT RAIN                2     FREEZING RAIN              0
LT FREEZING RAIN          1     HAIL                       0
HEAVY SNOW                0     SNOW                       5
LIGHT SNOW               21     SLEET                      0
FOG                      24     FOG W/VIS <= 1/4 MILE      4
HAZE                     15

-  INDICATES NEGATIVE NUMBERS.
R  INDICATES RECORD WAS SET OR TIED.
MM INDICATES DATA IS MISSING.
T  INDICATES TRACE AMOUNT.

$$
