000
CXUS54 KMRX 011326
CLSTRI

CLIMATE REPORT
NATIONAL WEATHER SERVICE MORRISTOWN, TN
926 AM EDT SAT AUG 01 2020

...................................

...THE TRI-CITIES      ASOS CLIMATE SUMMARY FOR THE SEASON, FROM
3/1/2020 TO 5/31/2020...

CLIMATE NORMAL PERIOD: 1981 TO 2010
CLIMATE RECORD PERIOD: 1937 TO 2020

WEATHER         OBSERVED          NORMAL  DEPART
                VALUE   DATE(S)   VALUE   FROM
                                          NORMAL
................................................
TEMPERATURE (F)
RECORD
 HIGH             94   05/31/2011
                       05/22/1941
 LOW              -2   03/03/1980
HIGHEST           86   05/28
                       05/24
                       05/16
LOWEST            19   03/01
AVG. MAXIMUM    67.7
AVG. MINIMUM    44.7
MEAN            56.2               55.1     1.1
DAYS MAX >= 90     0
DAYS MIN <= 32    10

PRECIPITATION (INCHES)
RECORD
 MAXIMUM       18.84   2020
 MINIMUM       10.58   2000
TOTALS         18.84R             10.57    8.27
DAILY AVG.      0.20
DAYS >= .01       47
DAYS >= .10       31
DAYS >= .50       15
DAYS >= 1.00       4
GREATEST
 24 HR. TOTAL   1.83

SNOWFALL (INCHES)
TOTALS           0.0                2.5    -2.5
SINCE 7/1        4.9
SNOWDEPTH AVG.     0
DAYS >= TRACE      0
DAYS >= 1.0        0
GREATEST
 SNOW DEPTH        0
 24 HR TOTAL     0.0

DEGREE DAYS
HEATING TOTAL    865                981    -116
COOLING TOTAL     81                 73       8
................................................

WIND (MPH)
HIGHEST WIND SPEED/DIRECTION    36/240    DATE  04/13
HIGHEST GUST SPEED/DIRECTION    51/240    DATE  04/13


WEATHER CONDITIONS. NUMBER OF DAYS WITH
THUNDERSTORM             11     RAIN                      25
SNOW                      1     FOG                       55
FOG W/VIS <= 1/4 MILE    10

-  INDICATES NEGATIVE NUMBERS.
R  INDICATES RECORD WAS SET OR TIED.
MM INDICATES DATA IS MISSING.
T  INDICATES TRACE AMOUNT.

$$
