000
CXUS54 KJAN 050046
CLSTVR
CLIMATE REPORT
NATIONAL WEATHER SERVICE JACKSON MS
646 PM CST MON MAR 04 2024
...................................
...THE VICKSBURG CLIMATE SUMMARY FOR THE SEASON, FROM
12/1/2023 TO 2/29/2024...
CLIMATE NORMAL PERIOD: 1991 TO 2020
CLIMATE RECORD PERIOD: 1948 TO 2024
WEATHER OBSERVED NORMAL DEPART LAST YEAR`S
VALUE DATE(S) VALUE FROM VALUE DATE(S)
NORMAL
................................................................
TEMPERATURE (F)
RECORD
HIGH 87 02/23/2023
LOW -12 02/02/1951
HIGHEST 84 02/27 MM MM 87 02/23
LOWEST 8 01/17 MM MM 12 12/23
AVG. MAXIMUM 62.0 59.6 2.4 64.9
AVG. MINIMUM 38.8 39.8 -1.0 44.3
MEAN 50.4 49.7 0.7 54.6
DAYS MAX >= 90 0 0.0 0.0 MM
DAYS MAX <= 32 2 1.0 1.0 MM
DAYS MIN <= 32 32 30.5 1.5 MM
DAYS MIN <= 0 0 0.0 0.0 MM
PRECIPITATION (INCHES)
RECORD
MAXIMUM 31.88 1983
MINIMUM 6.01 2000
TOTALS 16.25 15.93 0.32 14.93
DAILY AVG. 0.18 NAN NAN 0.16
DAYS >= .01 25 29.5 -4.5 MM
DAYS >= .10 16 20.1 -4.1 MM
DAYS >= .50 13 10.9 2.1 MM
DAYS >= 1.00 7 5.3 1.7 MM
SNOWFALL (INCHES)
TOTALS 0.0
DEGREE DAYS
HEATING TOTAL 1334 1414 -80 1049
SINCE 7/1 1665 1816 -151 MM
COOLING TOTAL 17 28 -11 125
SINCE 1/1 13 17 -4 MM
FREEZE DATES
RECORD
EARLIEST MM
LATEST MM
................................................................
WIND (MPH)
AVERAGE WIND SPEED 5.7
HIGHEST WIND SPEED/DIRECTION 33/140 DATE 01/08
HIGHEST GUST SPEED/DIRECTION 50/140 DATE 01/08
SKY COVER
POSSIBLE SUNSHINE (PERCENT) MM
AVERAGE SKY COVER 0.35
NUMBER OF DAYS FAIR 53
NUMBER OF DAYS PC 17
NUMBER OF DAYS CLOUDY 21
AVERAGE RH (PERCENT) 68
WEATHER CONDITIONS. NUMBER OF DAYS WITH
THUNDERSTORM 11 MIXED PRECIP 0
HEAVY RAIN 14 RAIN 19
LIGHT RAIN 34 FREEZING RAIN 0
LT FREEZING RAIN 0 HAIL 0
HEAVY SNOW 0 SNOW 0
LIGHT SNOW 1 SLEET 0
FOG 53 FOG W/VIS <= 1/4 MILE 10
HAZE 28
- INDICATES NEGATIVE NUMBERS.
R INDICATES RECORD WAS SET OR TIED.
MM INDICATES DATA IS MISSING.
T INDICATES TRACE AMOUNT.
$$