000
CXUS54 KJAN 101719
CLSTVR


CLIMATE REPORT
NATIONAL WEATHER SERVICE JACKSON MS
1209 PM CDT WED JUN 10 2020

...................................

...THE VICKSBURG CLIMATE SUMMARY FOR THE SEASON, FROM
3/1/2020 TO 5/31/2020...

CLIMATE NORMAL PERIOD 1981 TO 2010
CLIMATE RECORD PERIOD 1948 TO 2020

WEATHER         OBSERVED          NORMAL  DEPART  LAST YEAR`S
                 VALUE   DATE(S)  VALUE   FROM    VALUE  DATE(S)
                                          NORMAL
................................................................
TEMPERATURE (F)
RECORD
 HIGH              97   05/31/1977
                        05/30/1977
                        05/30/1951
 LOW               11   03/03/1980
HIGHEST            91   05/23        MM      MM       91  05/31
                        05/22
LOWEST             44   04/16        MM      MM       29  03/06
                        03/08
AVG. MAXIMUM     78.1              76.1     2.0     74.4
AVG. MINIMUM     59.8              53.6     6.2     56.3
MEAN             68.9              64.8     4.1     65.3
DAYS MAX >= 90      4               4.3    -0.3        1
DAYS MAX <= 32      0               0.0     0.0        0
DAYS MIN <= 32      0               1.7    -1.7        3
DAYS MIN <= 0       0               0.0     0.0        0

PRECIPITATION (INCHES)
RECORD
 MAXIMUM        35.51   1991
 MINIMUM         4.48   2007
TOTALS          15.31             14.96    0.35    18.53
DAILY AVG.       0.17              0.16    0.01     0.20
DAYS >= .01        34                MM      MM       25
DAYS >= .10        22                MM      MM       19
DAYS >= .50        10                MM      MM       13
DAYS >= 1.00        6                MM      MM        7

SNOWFALL (INCHES)
TOTALS            0.0

DEGREE_DAYS
HEATING TOTAL     118               375    -257      376
 SINCE 7/1       1643              2351    -708     2127
COOLING TOTAL     507               361     146      434
 SINCE 1/1        521               370     151      451

FREEZE DATES
RECORD
 EARLIEST     MM
 LATEST       MM
.................................................................

WIND (MPH)
AVERAGE WIND SPEED              6.2
HIGHEST WIND SPEED/DIRECTION    29/140    DATE  04/28
HIGHEST GUST SPEED/DIRECTION    43/140    DATE  04/28

SKY COVER
POSSIBLE SUNSHINE (PERCENT)   MM
AVERAGE SKY COVER           0.30
NUMBER OF DAYS FAIR           54
NUMBER OF DAYS PC             33
NUMBER OF DAYS CLOUDY          5

AVERAGE RH (PERCENT)     69

WEATHER CONDITIONS. NUMBER OF DAYS WITH
THUNDERSTORM             18     MIXED PRECIP               0
HEAVY RAIN               21     RAIN                      24
LIGHT RAIN               48     FREEZING RAIN              0
LT FREEZING RAIN          0     HAIL                       0
HEAVY SNOW                0     SNOW                       0
LIGHT SNOW                0     SLEET                      0
FOG                      51     FOG W/VIS <= 1/4 MILE      3
HAZE                     22

-  INDICATES NEGATIVE NUMBERS.
R  INDICATES RECORD WAS SET OR TIED.
MM INDICATES DATA IS MISSING.
T  INDICATES TRACE AMOUNT.

$$
