000
CXUS54 KMRX 011326
CLSTYS

CLIMATE REPORT
NATIONAL WEATHER SERVICE MORRISTOWN, TN
926 AM EDT SAT AUG 01 2020

...................................

...THE KNOXVILLE    ASOS CLIMATE SUMMARY FOR THE SEASON, FROM
3/1/2020 TO 5/31/2020...

CLIMATE NORMAL PERIOD: 1981 TO 2010
CLIMATE RECORD PERIOD: 1871 TO 2020

WEATHER         OBSERVED          NORMAL  DEPART
                VALUE   DATE(S)   VALUE   FROM
                                          NORMAL
................................................
TEMPERATURE (F)
RECORD
 HIGH             96   05/31/2011
                       05/22/1941
 LOW               1   03/03/1980
HIGHEST           88   05/24
                       05/17
LOWEST            24   03/01
AVG. MAXIMUM    69.5
AVG. MINIMUM    49.3
MEAN            59.4               58.7     0.7
DAYS MAX >= 90     0                0.4    -0.4
DAYS MIN <= 32     2                8.9    -6.9

PRECIPITATION (INCHES)
RECORD
 MAXIMUM       17.55   2020
 MINIMUM       16.96   2000
TOTALS         17.55R             12.86    4.69
DAILY AVG.      0.19
DAYS >= .01       43
DAYS >= .10       27
DAYS >= .50       13
DAYS >= 1.00       4
GREATEST
 24 HR. TOTAL   3.14

SNOWFALL (INCHES)
TOTALS           0.0                1.4    -1.4
SINCE 7/1        3.7
SNOWDEPTH AVG.     0
DAYS >= TRACE      0
DAYS >= 1.0        0
GREATEST
 SNOW DEPTH        0
 24 HR TOTAL     0.0

DEGREE DAYS
HEATING TOTAL    645                736     -91
COOLING TOTAL    158                161      -3
................................................

WIND (MPH)
HIGHEST WIND SPEED/DIRECTION    41/210    DATE  04/13
HIGHEST GUST SPEED/DIRECTION    53/270    DATE  03/29


WEATHER CONDITIONS. NUMBER OF DAYS WITH
THUNDERSTORM             18     RAIN                      25
SNOW                      0     FOG                       41
FOG W/VIS <= 1/4 MILE     5

-  INDICATES NEGATIVE NUMBERS.
R  INDICATES RECORD WAS SET OR TIED.
MM INDICATES DATA IS MISSING.
T  INDICATES TRACE AMOUNT.

$$
