000
CXUS53 KIWX 020303
CF6BEH
PRELIMINARY LOCAL CLIMATOLOGICAL DATA (WS FORM: F-6)
STATION: BENTON HARBOR
MONTH: AUGUST
YEAR: 2022
LATITUDE: 42 7 N
LONGITUDE: 86 26 W
TEMPERATURE IN F: :PCPN: SNOW: WIND :SUNSHINE: SKY :PK WND
================================================================================
1 2 3 4 5 6A 6B 7 8 9 10 11 12 13 14 15 16 17 18
12Z AVG MX 2MIN
DY MAX MIN AVG DEP HDD CDD WTR SNW DPTH SPD SPD DIR MIN PSBL S-S WX SPD DR
================================================================================
1 83 68 76 5 0 11 0.00 M M 9.0 23 230 M M 5 8 31 230
2 87 61 74 3 0 9 0.00 M M 4.4 13 270 M M 2 1 18 270
3 95 72 84 13 0 19 0.28 M M 9.2 36 280 M M 2 13 54 280
4 81 69 75 4 0 10 0.24 M M 5.8 17 250 M M 8 13 24 250
5 86 66 76 5 0 11 0.11 M M 2.6 9 230 M M 4 12 14 230
6 91 70 81 10 0 16 0.00 M M 4.9 12 180 M M 1 1 18 260
7 83 75 79 8 0 14 0.78 M M 5.9 18 270 M M 5 13 26 290
8 82 69 76 5 0 11 0.04 M M 8.6 21 270 M M 7 1 33 210
9 74 59 67 -4 0 2 0.00 M M 3.1 12 300 M M 1 17 340
10 78 56 67 -4 0 2 0.00 M M 2.8 13 270 M M 1 1 18 270
11 78 63 71 0 0 6 0.00 M M 5.3 13 70 M M 1 23 360
12 75 54 65 -6 0 0 0.00 M M 3.8 10 120 M M 0 1 15 300
13 77 54 66 -5 0 1 0.02 M M 7.7 16 120 M M 7 23 100
14 71 61 66 -4 0 1 0.42 M M 7.8 14 100 M M 10 13 20 120
15 78 61 70 0 0 5 0.00 M M 4.7 12 340 M M 2 1 20 330
16 M M M M M M 0.00 M M M M M M M M M M
17 M M M M M M M M M M M M M M M 1 M M
18 M M M M M M 0.00 M M M M M M M 0 M M
19 M M M M M M 0.00 M M M M M M M 0 M M
20 M M M M M M M M M M M M M M M 3 M M
21 M M M M M M M M M M M M M M 0 3 M M
22 M M M M M M 0.00 M M M M M M M 0 M M
23 79 M M M M M 0.00 M M 4.3 10 260 M M 0 1 14 290
24 83 57 70 1 0 5 0.00 M M 2.7 9 280 M M 0 1 14 290
25 76 61 69 0 0 4 T M M 4.2 15 240 M M 0 1 21 250
26 75 58 67 -2 0 2 0.00 M M 3.5 10 300 M M 0 1 19 20
27 83 53 68 -1 0 3 0.00 M M 4.4 10 130 M M 0 1 17 130
28 92 62 77 9 0 12 T M M 8.5 18 190 M M 0 3 30 190
29 91 69 80 12 0 15 0.18 M M 8.2 30 290 M M 0 13 54 300
30 78 70 74 6 0 9 0.00 M M 11.3 20 270 M M 1 28 280
31 82 58 70 2 0 5 0.00 M M 7.7 17 270 M M 0 25 250
================================================================================
SM 1958 1446 0 173 2.07 M 140.4 M 57
================================================================================
AV 81.6 62.9 5.8 FASTST M M 2 MAX(MPH)
MISC ----> 36 280 # 54 280
================================================================================
NOTES:
# LAST OF SEVERAL OCCURRENCES
COLUMN 17 PEAK WIND IN M.P.H.
PRELIMINARY LOCAL CLIMATOLOGICAL DATA (WS FORM: F-6) , PAGE 2
STATION: BENTON HARBOR
MONTH: AUGUST
YEAR: 2022
LATITUDE: 42 7 N
LONGITUDE: 86 26 W
[TEMPERATURE DATA] [PRECIPITATION DATA] SYMBOLS USED IN COLUMN 16
AVERAGE MONTHLY: 72.2 TOTAL FOR MONTH: 2.07 1 = FOG OR MIST
DPTR FM NORMAL: 2.1 DPTR FM NORMAL: -1.54 2 = FOG REDUCING VISIBILITY
HIGHEST: 95 ON 3 GRTST 24HR 0.79 ON 7- 8 TO 1/4 MILE OR LESS
LOWEST: 53 ON 27 3 = THUNDER
SNOW, ICE PELLETS, HAIL 4 = ICE PELLETS
TOTAL MONTH: M 5 = HAIL
GRTST 24HR M ON M 6 = FREEZING RAIN OR DRIZZLE
GRTST DEPTH: M ON M 7 = DUSTSTORM OR SANDSTORM:
VSBY 1/2 MILE OR LESS
8 = SMOKE OR HAZE
[NO. OF DAYS WITH] [WEATHER - DAYS WITH] 9 = BLOWING SNOW
X = TORNADO
MAX 32 OR BELOW: 0 0.01 INCH OR MORE: 8
MAX 90 OR ABOVE: 4 0.10 INCH OR MORE: 6
MIN 32 OR BELOW: 0 0.50 INCH OR MORE: 1
MIN 0 OR BELOW: 0 1.00 INCH OR MORE: 0
[HDD (BASE 65) ]
TOTAL THIS MO. 0 CLEAR (SCALE 0-3) 21
DPTR FM NORMAL -18 PTCLDY (SCALE 4-7) 6
TOTAL FM JUL 1 0 CLOUDY (SCALE 8-10) 4
DPTR FM NORMAL -30
[CDD (BASE 65) ]
TOTAL THIS MO. 173
DPTR FM NORMAL -2 [PRESSURE DATA]
TOTAL FM JAN 1 652 HIGHEST SLP 30.09 ON 27
DPTR FM NORMAL 78 LOWEST SLP 29.73 ON 29
[REMARKS]
#FINAL-08-22#