000
CXUS56 KFGZ 010910
CF6FLG
PRELIMINARY LOCAL CLIMATOLOGICAL DATA (WS FORM: F-6)
STATION: FLAGSTAFF AZ AIRPORT
MONTH: MAY
YEAR: 2023
LATITUDE: 35 7 N
LONGITUDE: 111 40 W
TEMPERATURE IN F: :PCPN: SNOW: WIND :SUNSHINE: SKY :PK WND
================================================================================
1 2 3 4 5 6A 6B 7 8 9 10 11 12 13 14 15 16 17 18
12Z AVG MX 2MIN
DY MAX MIN AVG DEP HDD CDD WTR SNW DPTH SPD SPD DIR MIN PSBL S-S WX SPD DR
================================================================================
1 69 39 54 7 11 0 0.00 0.0 0 10.1 31 220 M M 0 42 230
2 64 33 49 2 16 0 0.00 0.0 0 8.6 24 200 M M 0 30 200
3 66 32 49 1 16 0 0.00 0.0 0 12.5 30 220 M M 0 39 220
4 57 31 44 -4 21 0 0.00 0.0 0 16.7 36 210 M M 2 46 230
5 56 28 42 -6 23 0 0.00 0.0 M 12.6 28 210 M M 3 34 230
6 60 28 44 -4 21 0 0.00 0.0 0 12.4 31 230 M M 0 38 240
7 64 33 49 0 16 0 0.00 0.0 0 10.9 24 230 M M 0 33 230
8 67 31 49 0 16 0 0.00 0.0 0 8.5 26 230 M M 0 34 190
9 68 29 49 0 16 0 0.00 0.0 0 7.7 24 230 M M 0 32 220
10 58 31 45 -5 20 0 T 0.0 0 7.0 24 230 M M 3 3 34 230
11 67 28 48 -2 17 0 0.00 0.0 0 5.5 18 250 M M 1 24 270
12 71 32 52 2 13 0 0.00 0.0 0 3.9 16 270 M M 2 23 250
13 69 44 57 7 8 0 0.00 0.0 0 5.8 22 200 M M 3 3 27 210
14 72 35 54 3 11 0 0.00 0.0 0 5.8 21 220 M M 5 26 220
15 71 42 57 6 8 0 0.00 0.0 0 5.1 15 140 M M 5 3 23 140
16 69 47 58 7 7 0 0.09 0.0 0 3.9 15 340 M M 5 3 26 330
17 69 40 55 3 10 0 0.34 0.0 0 3.3 15 230 M M 5 13 20 10
18 72 40 56 4 9 0 0.00 0.0 0 4.8 17 220 M M 2 13 22 210
19 69 44 57 5 8 0 0.82 0.0 0 4.7 20 210 M M 6 13 26 210
20 68 40 54 2 11 0 0.00 0.0 0 3.8 16 40 M M 3 13 23 200
21 67 37 52 -1 13 0 T 0.0 0 3.0 22 250 M M 5 28 260
22 71 39 55 2 10 0 0.01 0.0 0 3.1 21 230 M M 3 26 220
23 74 38 56 3 9 0 0.00 0.0 0 5.3 21 230 M M 0 26 220
24 71 36 54 0 11 0 0.00 0.0 0 7.2 21 230 M M 0 29 210
25 71 37 54 0 11 0 0.00 0.0 0 7.9 25 220 M M 0 32 220
26 69 33 51 -3 14 0 0.00 0.0 0 7.7 26 210 M M 0 32 220
27 69 32 51 -4 14 0 0.00 0.0 0 6.2 20 220 M M 0 30 210
28 72 35 54 -1 11 0 0.00 0.0 0 6.2 21 220 M M 0 25 220
29 72 36 54 -1 11 0 0.00 0.0 0 8.4 26 220 M M 0 35 220
30 71 35 53 -3 12 0 T 0.0 0 8.5 25 220 M M 0 32 220
31 67 33 50 -6 15 0 0.00 0.0 0 8.2 30 220 M M 0 37 220
================================================================================
SM 2100 1098 409 0 1.26 0.0 225.3 M 53
================================================================================
AV 67.7 35.4 7.3 FASTST M M 2 MAX(MPH)
MISC ----> 36 210 46 230
================================================================================
NOTES:
# LAST OF SEVERAL OCCURRENCES
COLUMN 17 PEAK WIND IN M.P.H.
PRELIMINARY LOCAL CLIMATOLOGICAL DATA (WS FORM: F-6) , PAGE 2
STATION: FLAGSTAFF AZ AIRPORT
MONTH: MAY
YEAR: 2023
LATITUDE: 35 7 N
LONGITUDE: 111 40 W
[TEMPERATURE DATA] [PRECIPITATION DATA] SYMBOLS USED IN COLUMN 16
AVERAGE MONTHLY: 51.6 TOTAL FOR MONTH: 1.26 1 = FOG OR MIST
DPTR FM NORMAL: 0.3 DPTR FM NORMAL: 0.49 2 = FOG REDUCING VISIBILITY
HIGHEST: 74 ON 23 GRTST 24HR 0.82 ON 19-19 TO 1/4 MILE OR LESS
LOWEST: 28 ON 11, 6 3 = THUNDER
SNOW, ICE PELLETS, HAIL 4 = ICE PELLETS
TOTAL MONTH: 0.0 INCH 5 = HAIL
GRTST 24HR 0.0 6 = FREEZING RAIN OR DRIZZLE
GRTST DEPTH: 0 7 = DUSTSTORM OR SANDSTORM:
VSBY 1/2 MILE OR LESS
8 = SMOKE OR HAZE
[NO. OF DAYS WITH] [WEATHER - DAYS WITH] 9 = BLOWING SNOW
X = TORNADO
MAX 32 OR BELOW: 0 0.01 INCH OR MORE: 4
MAX 90 OR ABOVE: 0 0.10 INCH OR MORE: 2
MIN 32 OR BELOW: 10 0.50 INCH OR MORE: 1
MIN 0 OR BELOW: 0 1.00 INCH OR MORE: 0
[HDD (BASE 65) ]
TOTAL THIS MO. 409 CLEAR (SCALE 0-3) 23
DPTR FM NORMAL -15 PTCLDY (SCALE 4-7) 8
TOTAL FM JUL 1 6842 CLOUDY (SCALE 8-10) 0
DPTR FM NORMAL 244
[CDD (BASE 65) ]
TOTAL THIS MO. 0
DPTR FM NORMAL -1 [PRESSURE DATA]
TOTAL FM JAN 1 0 HIGHEST SLP M ON M
DPTR FM NORMAL -1 LOWEST SLP 29.64 ON 1
[REMARKS]
#FINAL-05-23#