000
CXUS53 KDTX 032002
CF6FNT
PRELIMINARY LOCAL CLIMATOLOGICAL DATA (WS FORM: F-6)
STATION: FLINT MI
MONTH: JANUARY
YEAR: 2021
LATITUDE: 42 58 N
LONGITUDE: 83 44 W
TEMPERATURE IN F: :PCPN: SNOW: WIND :SUNSHINE: SKY :PK WND
================================================================================
1 2 3 4 5 6A 6B 7 8 9 10 11 12 13 14 15 16 17 18
12Z AVG MX 2MIN
DY MAX MIN AVG DEP HDD CDD WTR SNW DPTH SPD SPD DIR MIN PSBL S-S WX SPD DR
================================================================================
1 34 20 27 3 38 0 0.28 0.6 0 7.4 17 60 M M 6 168 23 60
2 35 33 34 11 31 0 0.20 2.7 3 5.4 14 350 M M 10 18 17 350
3 37 33 35 12 30 0 0.09 0.8 4 4.3 12 280 M M 10 18 15 270
4 34 31 33 10 32 0 T T 3 6.2 13 220 M M 10 16 230
5 34 31 33 10 32 0 0.01 0.2 3 4.1 10 320 M M 10 18 14 300
6 38 34 36 13 29 0 0.01 T 3 4.9 9 340 M M 10 1 12 340
7 37 29 33 10 32 0 0.00 0.0 3 7.7 14 50 M M 8 18 40
8 32 21 27 4 38 0 0.00 0.0 3 9.0 17 30 M M 9 22 40
9 36 17 27 4 38 0 0.00 0.0 3 3.6 8 290 M M 0 10 270
10 34 16 25 3 40 0 0.00 0.0 3 2.3 9 290 M M 6 18 12 280
11 32 26 29 7 36 0 0.00 0.0 3 8.9 18 250 M M 10 8 27 240
12 32 26 29 7 36 0 0.00 0.0 3 8.1 15 210 M M 10 18 21 210
13 44 32 38 16 27 0 0.00 0.0 3 8.1 16 230 M M 3 18 24 220
14 46 33 40 18 25 0 T 0.0 2 5.9 14 120 M M 4 18 22 140
15 40 25 33 11 32 0 0.12 T T 8.1 16 110 M M 8 1 21 110
16 35 26 31 9 34 0 0.01 0.3 T 7.5 12 270 M M 8 18 17 240
17 38 32 35 13 30 0 0.03 0.8 1 6.7 13 270 M M 10 1 16 260
18 34 29 32 10 33 0 0.02 0.5 1 7.4 13 240 M M 10 18 20 220
19 31 23 27 5 38 0 0.04 1.1 T 11.1 24 270 M M 10 18 33 280
20 29 14 22 0 43 0 0.01 0.1 1 10.4 21 200 M M 6 8 32 190
21 42 29 36 14 29 0 0.00 0.0 1 14.9 25 260 M M 6 38 230
22 36 18 27 5 38 0 T T T 13.7 22 290 M M 10 29 290
23 28 15 22 0 43 0 0.00 0.0 T 6.9 17 310 M M 5 23 300
24 29 18 24 2 41 0 0.01 0.3 T 6.9 17 160 M M 8 1 24 160
25 33 15 24 2 41 0 0.00 0.0 T 6.0 17 60 M M 10 128 22 50
26 32 23 28 6 37 0 0.26 4.2 1 14.0 22 10 M M 10 128 32 360
27 25 10 18 -4 47 0 T T 4 7.2 17 360 M M 5 21 350
28 22 18 20 -2 45 0 T T 4 10.2 18 310 M M 10 23 290
29 24 1 13 -9 52 0 0.00 0.0 4 5.7 14 330 M M 6 8 18 330
30 29 1 15 -7 50 0 0.00 0.0 4 6.7 18 110 M M 5 23 100
31 30 25 28 6 37 0 0.03 0.8 3 15.0 22 40 M M 10 18 30 40
================================================================================
SM 1042 704 1134 0 1.12 12.4 244.3 M 243
================================================================================
AV 33.6 22.7 7.9 FASTST M M 8 MAX(MPH)
MISC ----> 25 260 38 230
================================================================================
NOTES:
# LAST OF SEVERAL OCCURRENCES
COLUMN 17 PEAK WIND IN M.P.H.
PRELIMINARY LOCAL CLIMATOLOGICAL DATA (WS FORM: F-6) , PAGE 2
STATION: FLINT MI
MONTH: JANUARY
YEAR: 2021
LATITUDE: 42 58 N
LONGITUDE: 83 44 W
[TEMPERATURE DATA] [PRECIPITATION DATA] SYMBOLS USED IN COLUMN 16
AVERAGE MONTHLY: 28.2 TOTAL FOR MONTH: 1.12 1 = FOG OR MIST
DPTR FM NORMAL: 5.8 DPTR FM NORMAL: -0.51 2 = FOG REDUCING VISIBILITY
HIGHEST: 46 ON 14 GRTST 24HR 0.30 ON 1- 2 TO 1/4 MILE OR LESS
LOWEST: 1 ON 30,29 3 = THUNDER
SNOW, ICE PELLETS, HAIL 4 = ICE PELLETS
TOTAL MONTH: 12.4 INCHES 5 = HAIL
GRTST 24HR 4.2 ON 26-26 6 = FREEZING RAIN OR DRIZZLE
GRTST DEPTH: 4 ON 30,29 7 = DUSTSTORM OR SANDSTORM:
VSBY 1/2 MILE OR LESS
8 = SMOKE OR HAZE
[NO. OF DAYS WITH] [WEATHER - DAYS WITH] 9 = BLOWING SNOW
X = TORNADO
MAX 32 OR BELOW: 13 0.01 INCH OR MORE: 14
MAX 90 OR ABOVE: 0 0.10 INCH OR MORE: 4
MIN 32 OR BELOW: 27 0.50 INCH OR MORE: 0
MIN 0 OR BELOW: 0 1.00 INCH OR MORE: 0
[HDD (BASE 65) ]
TOTAL THIS MO. 1134 CLEAR (SCALE 0-3) 1
DPTR FM NORMAL -185 PTCLDY (SCALE 4-7) 11
TOTAL FM JUL 1 3354 CLOUDY (SCALE 8-10) 19
DPTR FM NORMAL -613
[CDD (BASE 65) ]
TOTAL THIS MO. 0
DPTR FM NORMAL 0 [PRESSURE DATA]
TOTAL FM JAN 1 0 HIGHEST SLP 30.59 ON 28
DPTR FM NORMAL 0 LOWEST SLP 29.49 ON 15
[REMARKS]
#FINAL-01-21#
CORRECTED SNOW DEPTH ON 1/14, 1/17, AND 1/18.