000
CDUS43 KDDC 202327
CLIGCK

CLIMATE REPORT
NATIONAL WEATHER SERVICE DODGE CITY, KANSAS
627 PM CDT SAT APR 20 2024

...................................

...THE GARDEN CITY REGIONAL ARPT KS CLIMATE SUMMARY FOR APRIL 20 2024...
VALID TODAY AS OF 0525 PM LOCAL TIME.

CLIMATE NORMAL PERIOD 1991 TO 2020
CLIMATE RECORD PERIOD 1948 TO 2024


WEATHER ITEM   OBSERVED TIME   RECORD YEAR NORMAL DEPARTURE LAST
                VALUE   (LST)  VALUE       VALUE  FROM      YEAR
                                                  NORMAL
...................................................................
TEMPERATURE (F)
 TODAY
  MAXIMUM         45   1205 AM  91    1989  69    -24       61
  MINIMUM         32    913 AM  22    1966  39     -7       40
                                      2021
  AVERAGE         39                        54    -15       51

PRECIPITATION (IN)
  TODAY            0.04          1.10 1984   0.05  -0.01     0.00
  MONTH TO DATE    0.04                      0.88  -0.84      T
  SINCE MAR 1      0.17                      1.95  -1.78     0.01
  SINCE JAN 1      1.03                      2.65  -1.62     0.56

DEGREE DAYS
 HEATING
  TODAY           26                        12     14       14
  MONTH TO DATE  223                       278    -55      206
  SINCE MAR 1    831                       930    -99      948
  SINCE JUL 1   4534                      4924   -390     5005

 COOLING
  TODAY            0                         0      0        0
  MONTH TO DATE   11                         0     11       16
  SINCE MAR 1     11                         1     10       16
  SINCE JAN 1     11                         1     10       16
...................................................................


WIND (MPH)
  HIGHEST WIND SPEED    22   HIGHEST WIND DIRECTION    NE (50)
  HIGHEST GUST SPEED    29   HIGHEST GUST DIRECTION    NE (50)
  AVERAGE WIND SPEED    14.1


SKY COVER
  POSSIBLE SUNSHINE  MM
  AVERAGE SKY COVER 0.9


WEATHER CONDITIONS
THE FOLLOWING WEATHER WAS RECORDED TODAY.
  RAIN
  LIGHT SNOW
  FOG


RELATIVE HUMIDITY (PERCENT)
 HIGHEST   100           800 AM
 LOWEST     41           100 AM
 AVERAGE    71

..........................................................


THE GARDEN CITY REGIONAL ARPT KS CLIMATE NORMALS FOR TOMORROW
                         NORMAL    RECORD    YEAR
 MAXIMUM TEMPERATURE (F)   69        93      1989
 MINIMUM TEMPERATURE (F)   39        23      1982


SUNRISE AND SUNSET
APRIL 20 2024.........SUNRISE   700 AM CDT   SUNSET   824 PM CDT
APRIL 21 2024.........SUNRISE   659 AM CDT   SUNSET   825 PM CDT


-  INDICATES NEGATIVE NUMBERS.
R  INDICATES RECORD WAS SET OR TIED.
MM INDICATES DATA IS MISSING.
T  INDICATES TRACE AMOUNT.




$$
