000
CXUS56 KLOX 011155
CF6HHR
PRELIMINARY LOCAL CLIMATOLOGICAL DATA (WS FORM: F-6)
STATION: HAWTHORNE AIRPORT CA
MONTH: MARCH
YEAR: 2022
LATITUDE: 33 55 N
LONGITUDE: 118 20 W
TEMPERATURE IN F: :PCPN: SNOW: WIND :SUNSHINE: SKY :PK WND
================================================================================
1 2 3 4 5 6A 6B 7 8 9 10 11 12 13 14 15 16 17 18
12Z AVG MX 2MIN
DY MAX MIN AVG DEP HDD CDD WTR SNW DPTH SPD SPD DIR MIN PSBL S-S WX SPD DR
================================================================================
1 82 51 67 8 0 2 0.00 M M 3.5 15 250 M M 0 19 230
2 81 53 67 8 0 2 0.00 M M 2.7 12 260 M M 0 8 19 280
3 66 53 60 1 5 0 0.00 M M 6.3 15 140 M M 5 128 21 130
4 64 54 59 -1 6 0 T M M 8.6 24 260 M M 5 32 260
5 60 50 55 -5 10 0 0.00 M M 11.9 32 260 M M 3 47 260
6 63 45 54 -6 11 0 0.00 M M 3.9 16 260 M M 0 22 260
7 70 47 59 -1 6 0 0.00 M M 3.6 17 260 M M 0 8 23 260
8 71 48 60 0 5 0 0.00 M M 4.3 18 260 M M 0 25 260
9 69 51 60 0 5 0 0.00 M M 4.3 14 250 M M 1 19 280
10 65 53 59 -1 6 0 0.00 M M 5.1 16 240 M M 2 8 22 260
11 73 50 62 2 3 0 0.00 M M 3.9 15 260 M M 0 8 21 270
12 78 50 64 4 1 0 0.00 M M 5.0 18 260 M M 0 24 260
13 68 52 60 0 5 0 0.00 M M 5.5 16 270 M M 0 23 260
14 70 56 63 3 2 0 0.00 M M 5.2 10 270 M M 3 8 M M
15 71 55 63 3 2 0 0.00 M M 4.3 14 260 M M 0 18 20 260
16 75 56 66 6 0 1 0.00 M M 6.5 17 260 M M 1 8 31 270
17 81 56 69 9 0 4 0.00 M M 5.8 16 270 M M 0 8 25 280
18 75 56 66 6 0 1 0.00 M M 4.2 12 250 M M 0 M M
19 67 57 62 2 3 0 0.01 M M 6.1 15 250 M M 4 1 22 240
20 72 56 64 4 1 0 T M M 10.1 21 270 M M 1 35 280
21 74 55 65 4 0 0 0.00 M M 5.2 15 270 M M 0 8 20 270
22 86 55 71 10 0 6 0.00 M M 3.3 15 260 M M 0 20 280
23 86 61 74 13 0 9 0.00 M M 4.4 17 260 M M 0 22 260
24 76 57 67 6 0 2 0.00 M M 4.5 14 250 M M 0 8 19 250
25 74 55 65 4 0 0 0.00 M M 5.6 15 260 M M 3 128 20 260
26 69 56 63 2 2 0 0.00 M M 4.1 12 250 M M 6 18 17 260
27 67 57 62 1 3 0 0.00 M M 7.8 16 250 M M 7 8 21 260
28 64 55 60 -1 5 0 1.19 M M 7.5 23 140 M M 9 1 36 150
29 66 53 60 -1 5 0 0.02 M M 5.7 16 260 M M 1 1 22 240
30 68 56 62 1 3 0 0.00 M M 5.0 16 260 M M 5 8 26 270
31 64 59 62 1 3 0 0.00 M M 4.6 13 250 M M 10 17 260
================================================================================
SM 2215 1668 92 27 1.22 M 168.5 M 66
================================================================================
AV 71.5 53.8 5.4 FASTST M M 2 MAX(MPH)
MISC ----> 32 260 47 260
================================================================================
NOTES:
# LAST OF SEVERAL OCCURRENCES
COLUMN 17 PEAK WIND IN M.P.H.
PRELIMINARY LOCAL CLIMATOLOGICAL DATA (WS FORM: F-6) , PAGE 2
STATION: HAWTHORNE AIRPORT CA
MONTH: MARCH
YEAR: 2022
LATITUDE: 33 55 N
LONGITUDE: 118 20 W
[TEMPERATURE DATA] [PRECIPITATION DATA] SYMBOLS USED IN COLUMN 16
AVERAGE MONTHLY: 62.6 TOTAL FOR MONTH: 1.22 1 = FOG OR MIST
DPTR FM NORMAL: 2.3 DPTR FM NORMAL: -0.45 2 = FOG REDUCING VISIBILITY
HIGHEST: 86 ON 22,23 GRTST 24HR 1.21 ON 28-29 TO 1/4 MILE OR LESS
LOWEST: 45 ON 6 3 = THUNDER
SNOW, ICE PELLETS, HAIL 4 = ICE PELLETS
TOTAL MONTH: M 5 = HAIL
GRTST 24HR M ON M 6 = FREEZING RAIN OR DRIZZLE
GRTST DEPTH: M ON M 7 = DUSTSTORM OR SANDSTORM:
VSBY 1/2 MILE OR LESS
8 = SMOKE OR HAZE
[NO. OF DAYS WITH] [WEATHER - DAYS WITH] 9 = BLOWING SNOW
X = TORNADO
MAX 32 OR BELOW: 0 0.01 INCH OR MORE: 3
MAX 90 OR ABOVE: 0 0.10 INCH OR MORE: 1
MIN 32 OR BELOW: 0 0.50 INCH OR MORE: 1
MIN 0 OR BELOW: 0 1.00 INCH OR MORE: 1
[HDD (BASE 65) ]
TOTAL THIS MO. 92 CLEAR (SCALE 0-3) 22
DPTR FM NORMAL -71 PTCLDY (SCALE 4-7) 7
TOTAL FM JUL 1 738 CLOUDY (SCALE 8-10) 2
DPTR FM NORMAL -191
[CDD (BASE 65) ]
TOTAL THIS MO. 27
DPTR FM NORMAL 11 [PRESSURE DATA]
TOTAL FM JAN 1 62 HIGHEST SLP 30.31 ON 11
DPTR FM NORMAL 31 LOWEST SLP 29.76 ON 28
[REMARKS]
#FINAL-03-22#