238
CXUS55 KPUB 011210
CF6LXV
PRELIMINARY LOCAL CLIMATOLOGICAL DATA (WS FORM: F-6)
STATION: LEADVILLE CO
MONTH: SEPTEMBER
YEAR: 2020
LATITUDE: 39 15 N
LONGITUDE: 106 18 W
TEMPERATURE IN F: :PCPN: SNOW: WIND :SUNSHINE: SKY :PK WND
================================================================================
1 2 3 4 5 6A 6B 7 8 9 10 11 12 13 14 15 16 17 18
12Z AVG MX 2MIN
DY MAX MIN AVG DEP HDD CDD WTR SNW DPTH SPD SPD DIR MIN PSBL S-S WX SPD DR
================================================================================
1 61 37 49 -1 16 0 0.03 0.0 0 7.8 17 310 M M 4 25 320
2 69 31 50 0 15 0 0.00 0.0 0 7.1 18 300 M M 0 31 330
3 75 34 55 6 10 0 0.00 M M 6.9 16 300 M M 0 25 10
4 77 31 54 5 11 0 0.00 M M 4.0 17 10 M M 0 25 10
5 78 34 56 7 9 0 0.00 M M 5.9 18 330 M M 0 31 320
6 75 39 57 9 8 0 0.00 M M 7.9 22 350 M M 2 34 340
7 68 36 52 4 13 0 0.00 M M 7.9 18 280 M M 5 8 29 270
8 48 18 33 -15 32 0 0.64 M M 12.1 28 180 M M 10 128 41 190
9 31 18 25 -23 40 0 0.02 M M 5.5 17 180 M M 10 12 21 180
10 36 25 31 -17 34 0 0.20 M M 4.6 15 210 M M 10 12 20 210
11 48 24 36 -11 29 0 T M M 9.2 23 310 M M 6 1 33 310
12 62 29 46 -1 19 0 0.00 M M 6.1 14 10 M M 1 20 350
13 65 27 46 -1 19 0 0.00 M M 4.4 14 190 M M 2 19 190
14 68 28 48 2 17 0 0.00 M M 3.8 16 20 M M 3 25 360
15 67 28 48 2 17 0 0.00 0.0 M 6.1 18 20 M M 2 29 40
16 65 28 47 1 18 0 0.00 0.0 M 4.5 16 180 M M 1 26 180
17 67 28 48 2 17 0 0.00 M M 3.9 16 10 M M 0 8 23 10
18 64 30 47 2 18 0 0.00 M M 1.6 13 200 M M 4 17 180
19 62 31 47 2 18 0 0.00 M M 4.8 16 230 M M 5 23 340
20 62 33 48 3 17 0 0.00 M M 4.8 17 10 M M 4 26 10
21 65 29 47 3 18 0 T M M 4.5 22 180 M M 3 29 190
22 64 28 46 2 19 0 0.08 M M 4.6 22 310 M M 3 1 33 310
23 66 33 50 6 15 0 0.00 M M 7.4 21 10 M M 3 28 10
24 70 29 50 7 15 0 0.00 0.0 0 4.8 17 290 M M 0 26 360
25 69 35 52 9 13 0 0.00 0.0 0 8.3 21 300 M M 0 30 300
26 66 44 55 12 10 0 0.00 0.0 0 9.2 24 280 M M 1 36 270
27 57 29 43 1 22 0 0.00 0.0 0 12.5 30 290 M M 4 44 310
28 50 21 36 -6 29 0 0.00 M M 8.0 21 300 M M 0 29 290
29 66 23 45 3 20 0 0.00 M M 6.9 18 10 M M 0 26 10
30 65 25 45 3 20 0 0.00 M M 6.4 20 320 M M 0 32 40
================================================================================
SM 1886 885 558 0 0.97 0.0 191.5 M 83
================================================================================
AV 62.9 29.5 6.4 FASTST M M 3 MAX(MPH)
MISC ----> 30 290 44 310
================================================================================
NOTES:
# LAST OF SEVERAL OCCURRENCES
COLUMN 17 PEAK WIND IN M.P.H.
PRELIMINARY LOCAL CLIMATOLOGICAL DATA (WS FORM: F-6) , PAGE 2
STATION: LEADVILLE CO
MONTH: SEPTEMBER
YEAR: 2020
LATITUDE: 39 15 N
LONGITUDE: 106 18 W
[TEMPERATURE DATA] [PRECIPITATION DATA] SYMBOLS USED IN COLUMN 16
AVERAGE MONTHLY: 46.2 TOTAL FOR MONTH: 0.97 1 = FOG OR MIST
DPTR FM NORMAL: 0.4 DPTR FM NORMAL: -0.11 2 = FOG REDUCING VISIBILITY
HIGHEST: 78 ON 5 GRTST 24HR 0.66 ON 8- 9 TO 1/4 MILE OR LESS
LOWEST: 18 ON 9, 8 3 = THUNDER
SNOW, ICE PELLETS, HAIL 4 = ICE PELLETS
TOTAL MONTH: 0.0 INCH 5 = HAIL
GRTST 24HR 0.0 6 = FREEZING RAIN OR DRIZZLE
GRTST DEPTH: 0 7 = DUSTSTORM OR SANDSTORM:
VSBY 1/2 MILE OR LESS
8 = SMOKE OR HAZE
[NO. OF DAYS WITH] [WEATHER - DAYS WITH] 9 = BLOWING SNOW
X = TORNADO
MAX 32 OR BELOW: 1 0.01 INCH OR MORE: 5
MAX 90 OR ABOVE: 0 0.10 INCH OR MORE: 2
MIN 32 OR BELOW: 21 0.50 INCH OR MORE: 1
MIN 0 OR BELOW: 0 1.00 INCH OR MORE: 0
[HDD (BASE 65) ]
TOTAL THIS MO. 558 CLEAR (SCALE 0-3) 18
DPTR FM NORMAL -18 PTCLDY (SCALE 4-7) 9
TOTAL FM JUL 1 1138 CLOUDY (SCALE 8-10) 3
DPTR FM NORMAL -160
[CDD (BASE 65) ]
TOTAL THIS MO. 0
DPTR FM NORMAL 0 [PRESSURE DATA]
TOTAL FM JAN 1 0 HIGHEST SLP 30.44 ON 28
DPTR FM NORMAL 0 LOWEST SLP 29.45 ON 8
[REMARKS]
#FINAL-09-20#