000
CXUS51 KRLX 011138
CF6PKB
PRELIMINARY LOCAL CLIMATOLOGICAL DATA (WS FORM: F-6)
STATION: PARKERSBURG WV
MONTH: MAY
YEAR: 2022
LATITUDE: 39 20 N
LONGITUDE: 81 26 W
TEMPERATURE IN F: :PCPN: SNOW: WIND :SUNSHINE: SKY :PK WND
================================================================================
1 2 3 4 5 6A 6B 7 8 9 10 11 12 13 14 15 16 17 18
12Z AVG MX 2MIN
DY MAX MIN AVG DEP HDD CDD WTR SNW DPTH SPD SPD DIR MIN PSBL S-S WX SPD DR
================================================================================
1 76 59 68 8 0 3 0.45 M M 9.4 30 310 M M 5 138 45 300
2 75 47 61 1 4 0 0.00 M M 4.3 17 230 M M 0 24 280
3 86 51 69 9 0 4 0.46 M M 4.7 31 280 M M 4 13 45 260
4 64 56 60 0 5 0 0.02 M M 6.2 14 280 M M 9 1 19 290
5 69 54 62 1 3 0 T M M 4.6 12 40 M M 8 13 40
6 66 56 61 0 4 0 0.49 M M 4.6 12 210 M M 9 1 16 190
7 61 50 56 -5 9 0 0.27 M M 10.5 21 70 M M 10 1 28 60
8 68 44 56 -5 9 0 0.00 M M 6.2 16 60 M M 1 20 50
9 77 43 60 -2 5 0 0.00 M M 4.3 13 70 M M 0 15 80
10 83 42 63 1 2 0 0.00 M M 2.1 9 60 M M 0 12 60
11 84 45 65 3 0 0 0.00 M M 3.5 13 80 M M 0 17 40
12 84 47 66 4 0 1 0.00 M M 5.3 14 60 M M 0 19 80
13 82 56 69 7 0 4 0.02 M M 3.0 17 90 M M 3 3 25 100
14 84 56 70 7 0 5 0.00 M M 3.4 9 320 M M 4 12 13 290
15 83 59 71 8 0 6 0.00 M M 2.1 9 220 M M 3 1 14 310
16 75 53 64 1 1 0 0.22 M M 4.5 18 320 M M 5 13 29 300
17 79 51 65 2 0 0 0.00 M M 6.3 22 280 M M 1 32 280
18 75 51 63 -1 2 0 0.16 M M 1.9 7 190 M M 8 1 11 170
19 81 61 71 7 0 6 T M M 4.8 17 300 M M 6 13 27 280
20 85 63 74 10 0 9 0.66 M M 7.9 18 210 M M 2 13 26 230
21 88 64 76 12 0 11 0.16 M M 7.0 29 290 M M 2 13 44 300
22 78 61 70 5 0 5 0.02 M M 4.6 15 310 M M 5 18 22 320
23 64 54 59 -6 6 0 0.01 M M 4.7 13 50 M M 6 1 17 50
24 74 54 64 -1 1 0 0.00 M M 2.3 8 30 M M 7 18 10 40
25 82 57 70 5 0 5 0.00 M M 6.2 17 150 M M 2 12 26 120
26 78 65 72 6 0 7 0.36 M M 8.7 23 180 M M 7 1 31 190
27 70 57 64 -2 1 0 0.86 M M 5.4 15 190 M M 8 13 22 190
28 74 58 66 0 0 1 0.00 M M 3.5 9 250 M M 7 1 12 250
29 82 52 67 1 0 2 0.00 M M 1.7 12 190 M M 3 12 15 190
30 88 58 73 6 0 8 0.00 M M 3.2 12 190 M M 1 18 15 200
31 89 62 76 9 0 11 0.00 M M 2.7 13 290 M M 1 1 18 220
================================================================================
SM 2404 1686 52 88 4.16 M 149.6 M 127
================================================================================
AV 77.5 54.4 4.8 FASTST M M 4 MAX(MPH)
MISC ----> 31 280 # 45 300
================================================================================
NOTES:
# LAST OF SEVERAL OCCURRENCES
COLUMN 17 PEAK WIND IN M.P.H.
PRELIMINARY LOCAL CLIMATOLOGICAL DATA (WS FORM: F-6) , PAGE 2
STATION: PARKERSBURG WV
MONTH: MAY
YEAR: 2022
LATITUDE: 39 20 N
LONGITUDE: 81 26 W
[TEMPERATURE DATA] [PRECIPITATION DATA] SYMBOLS USED IN COLUMN 16
AVERAGE MONTHLY: 66.0 TOTAL FOR MONTH: 4.16 1 = FOG OR MIST
DPTR FM NORMAL: 2.7 DPTR FM NORMAL: -0.01 2 = FOG REDUCING VISIBILITY
HIGHEST: 89 ON 31 GRTST 24HR 1.11 ON 26-27 TO 1/4 MILE OR LESS
LOWEST: 42 ON 10 3 = THUNDER
SNOW, ICE PELLETS, HAIL 4 = ICE PELLETS
TOTAL MONTH: M 5 = HAIL
GRTST 24HR M ON M 6 = FREEZING RAIN OR DRIZZLE
GRTST DEPTH: M ON M 7 = DUSTSTORM OR SANDSTORM:
VSBY 1/2 MILE OR LESS
8 = SMOKE OR HAZE
[NO. OF DAYS WITH] [WEATHER - DAYS WITH] 9 = BLOWING SNOW
X = TORNADO
MAX 32 OR BELOW: 0 0.01 INCH OR MORE: 14
MAX 90 OR ABOVE: 0 0.10 INCH OR MORE: 10
MIN 32 OR BELOW: 0 0.50 INCH OR MORE: 2
MIN 0 OR BELOW: 0 1.00 INCH OR MORE: 0
[HDD (BASE 65) ]
TOTAL THIS MO. 52 CLEAR (SCALE 0-3) 12
DPTR FM NORMAL -79 PTCLDY (SCALE 4-7) 15
TOTAL FM JUL 1 4478 CLOUDY (SCALE 8-10) 4
DPTR FM NORMAL -393
[CDD (BASE 65) ]
TOTAL THIS MO. 88
DPTR FM NORMAL 11 [PRESSURE DATA]
TOTAL FM JAN 1 107 HIGHEST SLP 30.31 ON 10
DPTR FM NORMAL 10 LOWEST SLP 29.48 ON 7
[REMARKS]
#FINAL-05-22#