000
CXUS55 KCYS 151116
CF6RWL
PRELIMINARY LOCAL CLIMATOLOGICAL DATA (WS FORM: F-6)...CORRECTED
STATION: RAWLINS WYOMING AIRPORT
MONTH: JULY
YEAR: 2021
LATITUDE: 41 47 N
LONGITUDE: 107 12 W
TEMPERATURE IN F: :PCPN: SNOW: WIND :SUNSHINE: SKY :PK WND
================================================================================
1 2 3 4 5 6A 6B 7 8 9 10 11 12 13 14 15 16 17 18
12Z AVG MX 2MIN
DY MAX MIN AVG DEP HDD CDD WTR SNW DPTH SPD SPD DIR MIN PSBL S-S WX SPD DR
================================================================================
1 81 51 66 1 0 1 0.03 M M 5.8 23 160 M M 3 31 150
2 88 52 70 5 0 5 0.00 M M 7.6 24 230 M M 2 36 260
3 89 54 72 6 0 7 0.00 M M 9.2 23 320 M M 1 30 320
4 91 59 75 9 0 10 T M M 6.5 26 290 M M 1 37 290
5 88 54 71 5 0 6 0.10 M M 8.3 39 250 M M 3 3 51 250
6 83 51 67 1 0 2 0.00 M M 6.2 17 20 M M 1 24 360
7 92 50 71 4 0 6 0.00 M M 6.6 18 270 M M 0 26 280
8 94 58 76 9 0 11 T M M 9.6 29 290 M M 0 41 260
9 95 52 74 7 0 9 0.00 M M 14.6 40 280 M M 0 55 290
10 83 47 65 -2 0 0 0.00 M M 6.7 20 350 M M 0 27 350
11 88 47 68 0 0 3 0.00 M M 3.9 15 10 M M 0 23 30
12 94 52 73 5 0 8 0.00 M M 6.3 26 350 M M 1 38 360
13 88 52 70 2 0 5 T M M 11.2 33 210 M M 1 46 210
14 87 57 72 4 0 7 0.00 M M 11.2 24 50 M M 0 3 36 300
15 88 49 69 1 0 4 0.01 M M 8.5 36 290 M M 1 57 290
16 90 50 70 1 0 5 0.00 M M 7.4 35 350 M M 1 43 360
17 90 55 73 4 0 8 T M M 8.4 30 150 M M 1 40 140
18 94 53 74 5 0 9 0.00 M M 7.5 17 80 M M 0 23 80
19 96 58 77 8 0 12 0.00 M M 8.3 20 100 M M 0 26 110
20 90 60 75 6 0 10 T M M 9.8 25 170 M M 2 3 35 170
21 92 63 78 9 0 13 T M M 9.0 21 290 M M 3 31 240
22 91 60 76 7 0 11 T M M 9.7 24 150 M M 6 8 32 140
23 89 63 76 7 0 11 T M M 8.8 20 250 M M 5 8 26 240
24 90 53 72 3 0 7 0.00 M M 6.9 18 150 M M 2 8 25 160
25 92 60 76 7 0 11 0.00 M M 5.3 18 240 M M 1 8 26 260
26 94 60 77 8 0 12 0.00 M M 6.9 17 260 M M 0 23 260
27 95 63 79 10 0 14 0.00 M M 5.9 17 190 M M 0 26 180
28 95 63 79 10 0 14 0.09 M M 14.0 32 240 M M 2 3 43 250
29 89 61 75 6 0 10 T M M 7.1 31 240 M M 3 8 41 230
30 87 60 74 5 0 9 0.57 M M 10.0 25 70 M M 3 13 32 90
31 76 58 67 -2 0 2 0.04 M M 11.7 26 70 M M 8 1 36 80
================================================================================
SM 2779 1725 0 242 0.84 M 258.9 M 51
================================================================================
AV 89.6 55.6 8.4 FASTST M M 2 MAX(MPH)
MISC ----> 40 280 57 290
================================================================================
NOTES:
# LAST OF SEVERAL OCCURRENCES
COLUMN 17 PEAK WIND IN M.P.H.
PRELIMINARY LOCAL CLIMATOLOGICAL DATA (WS FORM: F-6) , PAGE 2
STATION: RAWLINS WYOMING AIRPORT
MONTH: JULY
YEAR: 2021
LATITUDE: 41 47 N
LONGITUDE: 107 12 W
[TEMPERATURE DATA] [PRECIPITATION DATA] SYMBOLS USED IN COLUMN 16
AVERAGE MONTHLY: 72.6 TOTAL FOR MONTH: 0.84 1 = FOG OR MIST
DPTR FM NORMAL: 4.7 DPTR FM NORMAL: 0.12 2 = FOG REDUCING VISIBILITY
HIGHEST: 96 ON 19 GRTST 24HR 0.61 ON 30-31 TO 1/4 MILE OR LESS
LOWEST: 47 ON 11,10 3 = THUNDER
SNOW, ICE PELLETS, HAIL 4 = ICE PELLETS
TOTAL MONTH: M 5 = HAIL
GRTST 24HR M ON M 6 = FREEZING RAIN OR DRIZZLE
GRTST DEPTH: M ON M 7 = DUSTSTORM OR SANDSTORM:
VSBY 1/2 MILE OR LESS
8 = SMOKE OR HAZE
[NO. OF DAYS WITH] [WEATHER - DAYS WITH] 9 = BLOWING SNOW
X = TORNADO
MAX 32 OR BELOW: 0 0.01 INCH OR MORE: 6
MAX 90 OR ABOVE: 17 0.10 INCH OR MORE: 2
MIN 32 OR BELOW: 0 0.50 INCH OR MORE: 1
MIN 0 OR BELOW: 0 1.00 INCH OR MORE: 0
[HDD (BASE 65) ]
TOTAL THIS MO. 0 CLEAR (SCALE 0-3) 28
DPTR FM NORMAL -26 PTCLDY (SCALE 4-7) 3
TOTAL FM JUL 1 0 CLOUDY (SCALE 8-10) 0
DPTR FM NORMAL -21
[CDD (BASE 65) ]
TOTAL THIS MO. 242
DPTR FM NORMAL 124 [PRESSURE DATA]
TOTAL FM JAN 1 330 HIGHEST SLP 30.22 ON 31
DPTR FM NORMAL 190 LOWEST SLP 29.73 ON 7
[REMARKS]
JULY 9...TIED RECORD HIGH 95 DEGREES PREVIOUSLY SET IN 2018
JULY 27..RECORD HIGH 95 DEGREES (PREVIOUS 93 DEGREES IN 2008)
JULY 28...TIED RECORD HIGH 95 DEGREES PREVIOSLY SET IN 2006
JULY 30...RECORD PRECIPITATION 0.57" (PREVIOUS 0.45" IN 1956)
MEAN TEMPERATURE 72.6 WAS WARMEST FOR JULY
#FINAL-07-21#