000
CXUS53 KLMK 010710
CF6SDF
PRELIMINARY LOCAL CLIMATOLOGICAL DATA (WS FORM: F-6)
STATION: LOUISVILLE KY
MONTH: SEPTEMBER
YEAR: 2022
LATITUDE: 38 10 N
LONGITUDE: 85 44 W
TEMPERATURE IN F: :PCPN: SNOW: WIND :SUNSHINE: SKY :PK WND
================================================================================
1 2 3 4 5 6A 6B 7 8 9 10 11 12 13 14 15 16 17 18
12Z AVG MX 2MIN
DY MAX MIN AVG DEP HDD CDD WTR SNW DPTH SPD SPD DIR MIN PSBL S-S WX SPD DR
================================================================================
1 86 66 76 -1 0 11 0.00 0.0 0 2.9 13 130 M M 5 18 130
2 89 69 79 3 0 14 0.00 0.0 0 4.5 13 190 M M 8 18 180
3 88 72 80 4 0 15 0.90 0.0 0 7.4 23 160 M M 9 13 28 150
4 82 70 76 0 0 11 0.13 0.0 0 3.4 12 150 M M 8 13 14 150
5 86 71 79 3 0 14 0.05 0.0 0 3.8 14 80 M M 8 3 17 70
6 85 69 77 2 0 12 0.58 0.0 0 3.4 24 50 M M 8 13 33 60
7 83 66 75 0 0 10 0.00 0.0 0 7.9 17 10 M M 3 23 30
8 82 63 73 -2 0 8 0.00 0.0 0 5.2 13 60 M M 1 18 360
9 86 63 75 1 0 10 0.00 0.0 0 3.5 12 160 M M 4 16 130
10 83 70 77 3 0 12 T 0.0 0 5.0 12 150 M M 8 15 150
11 82 66 74 0 0 9 0.22 0.0 0 8.6 22 230 M M 9 1 28 240
12 76 60 68 -6 0 3 0.00 0.0 0 9.7 17 210 M M 6 23 220
13 76 58 67 -6 0 2 0.00 0.0 0 5.8 13 330 M M 7 19 310
14 82 63 73 0 0 8 0.00 0.0 0 2.7 9 20 M M 3 13 360
15 85 63 74 2 0 9 0.00 0.0 0 2.6 10 100 M M 1 15 130
16 86 62 74 2 0 9 0.00 0.0 0 3.5 10 220 M M 2 17 170
17 86 65 76 4 0 11 0.00 0.0 0 5.9 17 210 M M 3 24 230
18 86 63 75 4 0 10 0.00 0.0 0 6.3 17 170 M M 2 24 180
19 90 69 80 9 0 15 0.07 0.0 0 4.9 16 280 M M 7 13 23 230
20 93 71 82 11 0 17 0.00 0.0 0 3.0 9 150 M M 2 12 150
21 96 72 84 14 0 19 0.00 0.0 0 7.1 18 240 M M 3 25 250
22 80 59 70 0 0 5 0.00 0.0 0 13.3 25 360 M M 6 35 360
23 69 51 60 -9 5 0 T 0.0 0 5.4 12 100 M M 5 17 100
24 81 59 70 1 0 5 0.06 0.0 0 7.0 18 200 M M 6 24 180
25 79 62 71 2 0 6 0.03 0.0 0 9.6 24 290 M M 3 3 32 280
26 72 55 64 -4 1 0 0.00 0.0 0 11.9 25 280 M M 4 31 280
27 71 49 60 -8 5 0 0.00 0.0 0 9.3 23 290 M M 1 30 300
28 66 46 56 -12 9 0 0.00 0.0 0 7.6 18 360 M M 3 26 340
29 71 47 59 -8 6 0 0.00 0.0 0 8.2 18 20 M M 1 26 30
30 74 48 61 -6 4 0 0.00 0.0 0 8.8 17 10 M M 1 24 10
================================================================================
SM 2451 1867 30 245 2.04 0.0 188.2 M 137
================================================================================
AV 81.7 62.2 6.3 FASTST M M 5 MAX(MPH)
MISC ----> # 25 360 35 360
================================================================================
NOTES:
# LAST OF SEVERAL OCCURRENCES
COLUMN 17 PEAK WIND IN M.P.H.
PRELIMINARY LOCAL CLIMATOLOGICAL DATA (WS FORM: F-6) , PAGE 2
STATION: LOUISVILLE KY
MONTH: SEPTEMBER
YEAR: 2022
LATITUDE: 38 10 N
LONGITUDE: 85 44 W
[TEMPERATURE DATA] [PRECIPITATION DATA] SYMBOLS USED IN COLUMN 16
AVERAGE MONTHLY: 72.0 TOTAL FOR MONTH: 2.04 1 = FOG OR MIST
DPTR FM NORMAL: 0.0 DPTR FM NORMAL: -1.62 2 = FOG REDUCING VISIBILITY
HIGHEST: 96 ON 21 GRTST 24HR 0.90 ON 3- 3 TO 1/4 MILE OR LESS
LOWEST: 46 ON 28 3 = THUNDER
SNOW, ICE PELLETS, HAIL 4 = ICE PELLETS
TOTAL MONTH: 0.0 INCH 5 = HAIL
GRTST 24HR 0.0 6 = FREEZING RAIN OR DRIZZLE
GRTST DEPTH: 0 7 = DUSTSTORM OR SANDSTORM:
VSBY 1/2 MILE OR LESS
8 = SMOKE OR HAZE
[NO. OF DAYS WITH] [WEATHER - DAYS WITH] 9 = BLOWING SNOW
X = TORNADO
MAX 32 OR BELOW: 0 0.01 INCH OR MORE: 8
MAX 90 OR ABOVE: 3 0.10 INCH OR MORE: 4
MIN 32 OR BELOW: 0 0.50 INCH OR MORE: 2
MIN 0 OR BELOW: 0 1.00 INCH OR MORE: 0
[HDD (BASE 65) ]
TOTAL THIS MO. 30 CLEAR (SCALE 0-3) 12
DPTR FM NORMAL 8 PTCLDY (SCALE 4-7) 14
TOTAL FM JUL 1 30 CLOUDY (SCALE 8-10) 4
DPTR FM NORMAL 11
[CDD (BASE 65) ]
TOTAL THIS MO. 245
DPTR FM NORMAL 12 [PRESSURE DATA]
TOTAL FM JAN 1 1874 HIGHEST SLP M ON M
DPTR FM NORMAL 187 LOWEST SLP 29.77 ON 25
[REMARKS]
#FINAL-09-22#