000
CXAK56 PAFC 010947
CF6SNP
PRELIMINARY LOCAL CLIMATOLOGICAL DATA (WS FORM: F-6)
STATION: SAINT PAUL ISLAND
MONTH: OCTOBER
YEAR: 2022
LATITUDE: 57 9 N
LONGITUDE: 170 13 W
TEMPERATURE IN F: :PCPN: SNOW: WIND :SUNSHINE: SKY :PK WND
================================================================================
1 2 3 4 5 6A 6B 7 8 9 10 11 12 13 14 15 16 17 18
12Z AVG MX 2MIN
DY MAX MIN AVG DEP HDD CDD WTR SNW DPTH SPD SPD DIR MIN PSBL S-S WX SPD DR
================================================================================
1 46 45 46 4 19 0 0.27 M M 19.3 26 160 M M 10 1 34 160
2 48 43 46 4 19 0 0.09 M M 13.7 23 90 M M 10 1 30 90
3 47 42 45 3 20 0 0.20 M M 11.5 24 360 M M 10 1 31 360
4 45 35 40 -2 25 0 0.14 M M 22.1 33 350 M M 10 1 42 350
5 46 28 37 -5 28 0 T M M 13.2 24 190 M M 5 12 31 180
6 48 38 43 2 22 0 0.13 M M 10.7 21 200 M M 5 1 25 200
7 46 38 42 1 23 0 0.36 M M 9.4 21 210 M M 8 1 30 210
8 47 32 40 -1 25 0 T M M 14.7 33 340 M M 6 1 40 340
9 42 34 38 -3 27 0 0.34 M M 15.5 35 10 M M 10 1 42 20
10 45 34 40 -1 25 0 0.02 M M 15.3 30 360 M M 7 18 37 10
11 44 32 38 -2 27 0 0.15 M M 12.3 26 320 M M 7 1 33 320
12 44 27 36 -4 29 0 0.03 M M 9.1 26 130 M M 5 33 130
13 43 38 41 1 24 0 0.14 M M 31.5 40 60 M M 10 1 51 70
14 44 41 43 3 22 0 0.32 M M 24.7 36 60 M M 10 1 46 50
15 42 37 40 0 25 0 T M M 17.2 23 360 M M 9 1 30 340
16 41 34 38 -1 27 0 0.06 M M 13.2 29 340 M M 10 1 33 350
17 40 33 37 -2 28 0 0.04 M M 23.1 33 330 M M 9 18 43 320
18 44 27 36 -3 29 0 0.05 M M 16.9 38 160 M M 6 1 46 160
19 47 40 44 5 21 0 0.39 M M 24.4 47 150 M M 7 18 56 160
20 45 38 42 3 23 0 0.03 M M 20.5 33 250 M M 4 1 40 260
21 45 37 41 3 24 0 T M M 13.6 25 250 M M 2 18 32 250
22 45 34 40 2 25 0 T M M 10.7 22 250 M M 6 1 26 230
23 45 37 41 3 24 0 0.15 M M 22.7 40 290 M M 9 1 52 290
24 46 37 42 4 23 0 0.92 M M 20.2 38 210 M M 10 1 48 210
25 46 34 40 2 25 0 0.17 M M 24.6 39 320 M M 9 1 51 320
26 42 33 38 0 27 0 0.03 M M 26.8 44 310 M M 7 18 54 310
27 40 29 35 -2 30 0 0.01 M M 17.3 38 270 M M 7 1 48 270
28 37 30 34 -3 31 0 0.32 M M 28.8 44 50 M M 9 1 55 70
29 36 29 33 -4 32 0 0.04 M M 17.1 29 320 M M 5 18 39 340
30 36 25 31 -6 34 0 0.01 M M 9.9 23 310 M M 6 18 30 320
31 40 23 32 -5 33 0 0.22 M M 19.5 28 140 M M 8 1 35 180
================================================================================
SM 1352 1064 796 0 4.63 M 549.5 M 236
================================================================================
AV 43.6 34.3 17.7 FASTST M M 8 MAX(MPH)
MISC ----> 47 150 56 160
================================================================================
NOTES:
# LAST OF SEVERAL OCCURRENCES
COLUMN 17 PEAK WIND IN M.P.H.
PRELIMINARY LOCAL CLIMATOLOGICAL DATA (WS FORM: F-6) , PAGE 2
STATION: SAINT PAUL ISLAND
MONTH: OCTOBER
YEAR: 2022
LATITUDE: 57 9 N
LONGITUDE: 170 13 W
[TEMPERATURE DATA] [PRECIPITATION DATA] SYMBOLS USED IN COLUMN 16
AVERAGE MONTHLY: 39.0 TOTAL FOR MONTH: 4.63 1 = FOG OR MIST
DPTR FM NORMAL: -0.5 DPTR FM NORMAL: 1.31 2 = FOG REDUCING VISIBILITY
HIGHEST: 48 ON 6, 2 GRTST 24HR 0.93 ON 24-25 TO 1/4 MILE OR LESS
LOWEST: 23 ON 31 3 = THUNDER
SNOW, ICE PELLETS, HAIL 4 = ICE PELLETS
TOTAL MONTH: M 5 = HAIL
GRTST 24HR M ON M 6 = FREEZING RAIN OR DRIZZLE
GRTST DEPTH: M ON M 7 = DUSTSTORM OR SANDSTORM:
VSBY 1/2 MILE OR LESS
8 = SMOKE OR HAZE
[NO. OF DAYS WITH] [WEATHER - DAYS WITH] 9 = BLOWING SNOW
X = TORNADO
MAX 32 OR BELOW: 0 0.01 INCH OR MORE: 26
MAX 90 OR ABOVE: 0 0.10 INCH OR MORE: 15
MIN 32 OR BELOW: 10 0.50 INCH OR MORE: 1
MIN 0 OR BELOW: 0 1.00 INCH OR MORE: 0
[HDD (BASE 65) ]
TOTAL THIS MO. 796 CLEAR (SCALE 0-3) 1
DPTR FM NORMAL 4 PTCLDY (SCALE 4-7) 15
TOTAL FM JUL 1 2435 CLOUDY (SCALE 8-10) 15
DPTR FM NORMAL 64
[CDD (BASE 65) ]
TOTAL THIS MO. 0
DPTR FM NORMAL 0 [PRESSURE DATA]
TOTAL FM JAN 1 0 HIGHEST SLP M ON M
DPTR FM NORMAL 0 LOWEST SLP 28.88 ON 28
[REMARKS]
#FINAL-10-22#