000
CXAK56 PAFC 011548
CF6SNP
PRELIMINARY LOCAL CLIMATOLOGICAL DATA (WS FORM: F-6)
STATION: SAINT PAUL ISLAND
MONTH: DECEMBER
YEAR: 2023
LATITUDE: 57 9 N
LONGITUDE: 170 13 W
TEMPERATURE IN F: :PCPN: SNOW: WIND :SUNSHINE: SKY :PK WND
================================================================================
1 2 3 4 5 6A 6B 7 8 9 10 11 12 13 14 15 16 17 18
12Z AVG MX 2MIN
DY MAX MIN AVG DEP HDD CDD WTR SNW DPTH SPD SPD DIR MIN PSBL S-S WX SPD DR
================================================================================
1 33 30 32 1 33 0 0.00 M M 11.4 16 80 M M 9 22 40
2 33 30 32 1 33 0 0.01 M M 11.8 17 110 M M 10 168 22 70
3 33 24 29 -2 36 0 0.04 M M 10.1 21 340 M M 6 18 30 340
4 31 21 26 -5 39 0 0.04 M M 10.4 16 330 M M 5 126 16 340
5 37 18 28 -3 37 0 0.09 M M 13.7 28 230 M M 6 1 39 250
6 38 25 32 2 33 0 0.08 M M 22.9 37 290 M M 8 1 54 290
7 29 24 27 -3 38 0 0.14 M M 19.5 33 290 M M 6 18 46 300
8 29 23 26 -4 39 0 0.02 M M 17.2 26 330 M M 7 1 43 330
9 29 24 27 -3 38 0 0.03 M M 20.8 32 350 M M 6 1 45 330
10 28 24 26 -4 39 0 0.03 M M 25.9 35 350 M M 6 189 44 360
11 26 22 24 -6 41 0 0.04 M M 26.9 38 340 M M 8 1289 48 340
12 26 22 24 -6 41 0 0.03 M M 28.3 40 350 M M 10 189 50 350
13 27 23 25 -4 40 0 T M M 17.3 37 350 M M 10 89 44 350
14 39 27 33 4 32 0 0.25 M M 26.5 43 130 M M 9 12 58 120
15 37 33 35 6 30 0 0.08 M M 17.6 38 260 M M 6 18 48 260
16 34 28 31 2 34 0 0.18 M M 17.2 35 330 M M 10 1 43 330
17 28 21 25 -4 40 0 0.02 M M 10.2 21 330 M M 10 168 25 330
18 37 26 32 3 33 0 0.08 M M 17.9 31 150 M M 8 1 43 130
19 36 33 35 7 30 0 0.15 M M 12.5 16 210 M M 7 1 28 240
20 35 24 30 2 35 0 0.21 M M 14.8 27 340 M M 8 126 40 340
21 29 8 19 -9 46 0 T M M 11.6 22 100 M M 6 28 110
22 26 13 20 -8 45 0 0.02 M M 16.0 33 40 M M 9 12 40 40
23 21 14 18 -10 47 0 0.02 M M 10.6 24 360 M M 9 18 30 360
24 28 16 22 -6 43 0 0.20 M M 19.7 33 50 M M 10 128 41 50
25 25 4 15 -12 50 0 0.04 M M 12.8 30 160 M M 6 128 37 150
26 27 15 21 -6 44 0 0.06 M M 13.7 39 210 M M 7 128 51 180
27 31 12 22 -5 43 0 0.06 M M 9.6 25 250 M M 7 18 30 250
28 37 27 32 5 33 0 0.06 M M 30.3 51 110 M M 9 18 68 110
29 37 34 36 9 29 0 0.11 M M 19.6 33 130 M M 7 18 42 130
30 37 32 35 8 30 0 1.18 M M 15.1 25 140 M M 8 1 38 170
31 35 20 28 2 37 0 0.07 M M 9.6 29 170 M M 4 12 35 170
================================================================================
SM 978 697 1168 0 3.34 M 521.5 M 237
================================================================================
AV 31.5 22.5 16.8 FASTST M M 8 MAX(MPH)
MISC ----> 51 110 68 110
================================================================================
NOTES:
# LAST OF SEVERAL OCCURRENCES
COLUMN 17 PEAK WIND IN M.P.H.
PRELIMINARY LOCAL CLIMATOLOGICAL DATA (WS FORM: F-6) , PAGE 2
STATION: SAINT PAUL ISLAND
MONTH: DECEMBER
YEAR: 2023
LATITUDE: 57 9 N
LONGITUDE: 170 13 W
[TEMPERATURE DATA] [PRECIPITATION DATA] SYMBOLS USED IN COLUMN 16
AVERAGE MONTHLY: 27.0 TOTAL FOR MONTH: 3.34 1 = FOG OR MIST
DPTR FM NORMAL: -1.9 DPTR FM NORMAL: 1.04 2 = FOG REDUCING VISIBILITY
HIGHEST: 39 ON 14 GRTST 24HR 1.18 ON 30-30 TO 1/4 MILE OR LESS
LOWEST: 4 ON 25 3 = THUNDER
SNOW, ICE PELLETS, HAIL 4 = ICE PELLETS
TOTAL MONTH: M 5 = HAIL
GRTST 24HR M ON M 6 = FREEZING RAIN OR DRIZZLE
GRTST DEPTH: M ON M 7 = DUSTSTORM OR SANDSTORM:
VSBY 1/2 MILE OR LESS
8 = SMOKE OR HAZE
[NO. OF DAYS WITH] [WEATHER - DAYS WITH] 9 = BLOWING SNOW
X = TORNADO
MAX 32 OR BELOW: 16 0.01 INCH OR MORE: 28
MAX 90 OR ABOVE: 0 0.10 INCH OR MORE: 8
MIN 32 OR BELOW: 28 0.50 INCH OR MORE: 1
MIN 0 OR BELOW: 0 1.00 INCH OR MORE: 1
[HDD (BASE 65) ]
TOTAL THIS MO. 1168 CLEAR (SCALE 0-3) 0
DPTR FM NORMAL 49 PTCLDY (SCALE 4-7) 19
TOTAL FM JUL 1 4292 CLOUDY (SCALE 8-10) 12
DPTR FM NORMAL -131
[CDD (BASE 65) ]
TOTAL THIS MO. 0
DPTR FM NORMAL 0 [PRESSURE DATA]
TOTAL FM JAN 1 0 HIGHEST SLP 30.05 ON 13
DPTR FM NORMAL 0 LOWEST SLP 28.88 ON 19
[REMARKS]
#FINAL-12-23#