000
CDUS43 KDLH 130622
CLIDLH

CLIMATE REPORT
NATIONAL WEATHER SERVICE DULUTH MN
122 AM CDT THU AUG 13 2020

...................................

...THE DULUTH CLIMATE SUMMARY FOR AUGUST 12 2020...

CLIMATE NORMAL PERIOD: 1981 TO 2010
CLIMATE RECORD PERIOD: 1870 TO 2020


WEATHER ITEM   OBSERVED TIME   RECORD YEAR NORMAL DEPARTURE LAST
                VALUE   (LST)  VALUE       VALUE  FROM      YEAR
                                                  NORMAL
...................................................................
TEMPERATURE (F)
 YESTERDAY
  MAXIMUM         77  12:54 PM  89    1965  75      2       75
  MINIMUM         59   9:05 PM  42    1990  55      4       60
  AVERAGE         68                        65      3       68

PRECIPITATION (IN)
  YESTERDAY        0.02          3.11 1999   0.13  -0.11      T
  MONTH TO DATE    1.50                      1.39   0.11     1.07
  SINCE JUN 1      7.44                      9.47  -2.03     7.80
  SINCE JAN 1     12.97                     18.39  -5.42    17.73

SNOWFALL (IN)
  YESTERDAY        0.0           0.0  2001   0.0    0.0      0.0
                                      2002
  MONTH TO DATE    0.0                       0.0    0.0       T
  SINCE JUN 1      T                         0.0    0.0       T
  SINCE JUL 1      T                         0.0    0.0       T
  SNOW DEPTH       0

DEGREE DAYS
 HEATING
  YESTERDAY        0                         2     -2        0
  MONTH TO DATE    9                        24    -15        0
  SINCE JUN 1    120                       266   -146      130
  SINCE JUL 1     31                        87    -56        4

 COOLING
  YESTERDAY        3                         2      1        3
  MONTH TO DATE   38                        34      4       64
  SINCE JUN 1    293                       154    139      300
  SINCE JAN 1    298                       158    140      300
...................................................................


WIND (MPH)
  HIGHEST WIND SPEED    17   HIGHEST WIND DIRECTION    SE (150)
  HIGHEST GUST SPEED    27   HIGHEST GUST DIRECTION     S (190)
  AVERAGE WIND SPEED     7.7


SKY COVER
  AVERAGE SKY COVER 0.5


WEATHER CONDITIONS
THE FOLLOWING WEATHER WAS RECORDED YESTERDAY.
  LIGHT RAIN


RELATIVE HUMIDITY (PERCENT)
 HIGHEST    87           6:00 PM
 LOWEST     55          10:00 AM
 AVERAGE    71

..........................................................


THE DULUTH CLIMATE NORMALS FOR TODAY
                         NORMAL    RECORD    YEAR
 MAXIMUM TEMPERATURE (F)   75        91      1970
 MINIMUM TEMPERATURE (F)   55        37      1964


SUNRISE AND SUNSET
AUGUST 13 2020........SUNRISE   6:05 AM CDT   SUNSET   8:22 PM CDT
AUGUST 14 2020........SUNRISE   6:06 AM CDT   SUNSET   8:20 PM CDT


-  INDICATES NEGATIVE NUMBERS.
R  INDICATES RECORD WAS SET OR TIED.
MM INDICATES DATA IS MISSING.
T  INDICATES TRACE AMOUNT.




$$
