832
CDUS43 KDLH 142244
CLIDLH

CLIMATE REPORT
NATIONAL WEATHER SERVICE DULUTH MN
544 PM CDT FRI JUN 14 2024

...................................

...THE DULUTH CLIMATE SUMMARY FOR JUNE 14 2024...
VALID TODAY AS OF 0500 PM LOCAL TIME.

CLIMATE NORMAL PERIOD: 1991 TO 2020
CLIMATE RECORD PERIOD: 1870 TO 2024


WEATHER ITEM   OBSERVED TIME   RECORD YEAR NORMAL DEPARTURE LAST
                VALUE   (LST)  VALUE       VALUE  FROM      YEAR
                                                  NORMAL
...................................................................
TEMPERATURE (F)
 TODAY
  MAXIMUM         72   3:21 PM  90    1910  72      0       67
  MINIMUM         52   4:33 AM  35    1958  50      2       50
  AVERAGE         62                        61      1       59

PRECIPITATION (IN)
  TODAY            0.00          1.82 1967   0.14  -0.14     0.00
  MONTH TO DATE    3.50                      1.86   1.64     0.04
  SINCE JUN 1      3.50                      1.86   1.64     0.04
  SINCE JAN 1     13.32                     11.18   2.14     9.51

SNOWFALL (IN)
  TODAY            0.0           0.0  2001   0.0    0.0      0.0
                                      2002
  MONTH TO DATE    0.0                       0.0    0.0      0.0
  SINCE JUL 1     38.7                      90.2  -51.5    140.1
  SNOW DEPTH       0

DEGREE DAYS
 HEATING
  TODAY            3                         5     -2        6
  MONTH TO DATE   46                        92    -46       63
  SINCE JUN 1     46                        92    -46       63
  SINCE JUL 1   7668                      9056  -1388     8852

 COOLING
  TODAY            0                         1     -1        0
  MONTH TO DATE    7                         6      1       18
  SINCE JUN 1      7                         6      1       18
  SINCE JAN 1      8                        13     -5       25
...................................................................


WIND (MPH)
  HIGHEST WIND SPEED    14   HIGHEST WIND DIRECTION    SE (120)
  HIGHEST GUST SPEED    21   HIGHEST GUST DIRECTION    SE (150)
  AVERAGE WIND SPEED     6.5


SKY COVER
  AVERAGE SKY COVER 0.1


WEATHER CONDITIONS
THE FOLLOWING WEATHER WAS RECORDED TODAY.
  NO SIGNIFICANT WEATHER WAS OBSERVED.


RELATIVE HUMIDITY (PERCENT)
 HIGHEST    89           3:00 AM
 LOWEST     44           3:00 PM
 AVERAGE    67

..........................................................


THE DULUTH CLIMATE NORMALS FOR TOMORROW
                         NORMAL    RECORD    YEAR
 MAXIMUM TEMPERATURE (F)   72        88      1894
                                             1913
 MINIMUM TEMPERATURE (F)   50        35      1948
                                             1968
                                             1989


SUNRISE AND SUNSET
JUNE 14 2024..........SUNRISE   5:14 AM CDT   SUNSET   9:05 PM CDT
JUNE 15 2024..........SUNRISE   5:14 AM CDT   SUNSET   9:05 PM CDT


-  INDICATES NEGATIVE NUMBERS.
R  INDICATES RECORD WAS SET OR TIED.
MM INDICATES DATA IS MISSING.
T  INDICATES TRACE AMOUNT.




$$