000
CDUS43 KDLH 192220
CLIDLH


CLIMATE REPORT
NATIONAL WEATHER SERVICE DULUTH MN
519 PM CDT FRI JUL 19 2019


...................................

...THE DULUTH CLIMATE SUMMARY FOR JULY 19 2019...
VALID TODAY AS OF 0500 PM LOCAL TIME.

CLIMATE NORMAL PERIOD 1981 TO 2010
CLIMATE RECORD PERIOD 1870 TO 2019


WEATHER ITEM   OBSERVED TIME   RECORD YEAR NORMAL DEPARTURE LAST
                VALUE   (LST)  VALUE       VALUE  FROM      YEAR
                                                  NORMAL
..................................................................
TEMPERATURE (F)
 TODAY
  MAXIMUM         83   1213 PM  94    1901  77      6       80
  MINIMUM         65    506 AM  43    1971  56      9       56
                                      1929
  AVERAGE         74                        66      8       68

PRECIPITATION (IN)
  TODAY            T             2.47 1957   0.12  -0.12     0.09
  MONTH TO DATE    0.72                      2.52  -1.80     3.20
  SINCE JUN 1      4.82                      6.75  -1.93     7.84
  SINCE JAN 1     14.75                     15.67  -0.92    14.24

SNOWFALL (IN)
  TODAY            0.0           0.0  2002   0.0    0.0      0.0
                                      2001
  MONTH TO DATE    0.0                       0.0    0.0      0.0
  SINCE JUL 1      0.0                       0.0    0.0      0.0
  SNOW DEPTH       0

DEGREE DAYS
 HEATING
  TODAY            0                         2     -2        0
  MONTH TO DATE    1                        44    -43        2
  SINCE JUN 1    127                       223    -96      127
  SINCE JUL 1      1                        44    -43        2

 COOLING
  TODAY            9                         3      6        3
  MONTH TO DATE  140                        54     86      111
  SINCE JUN 1    176                        84     92      147
  SINCE JAN 1    176                        88     88      191
..................................................................


WIND (MPH)
  HIGHEST WIND SPEED    13   HIGHEST WIND DIRECTION    NW (310)
  HIGHEST GUST SPEED    17   HIGHEST GUST DIRECTION    NW (310)
  AVERAGE WIND SPEED     5.8


SKY COVER
  AVERAGE SKY COVER 0.4


WEATHER CONDITIONS
 THE FOLLOWING WEATHER WAS RECORDED TODAY.
  THUNDERSTORM
  LIGHT RAIN


RELATIVE HUMIDITY (PERCENT)
 HIGHEST    84           100 AM
 LOWEST     40          1200 PM
 AVERAGE    62

..........................................................


THE DULUTH CLIMATE NORMALS FOR TOMORROW
                         NORMAL    RECORD    YEAR
 MAXIMUM TEMPERATURE (F)   77        98      1901
 MINIMUM TEMPERATURE (F)   56        42      1966


SUNRISE AND SUNSET
JULY 19 2019..........SUNRISE   533 AM CDT   SUNSET   856 PM CDT
JULY 20 2019..........SUNRISE   535 AM CDT   SUNSET   855 PM CDT


-  INDICATES NEGATIVE NUMBERS.
R  INDICATES RECORD WAS SET OR TIED.
MM INDICATES DATA IS MISSING.
T  INDICATES TRACE AMOUNT.




$$
