000
CDUS43 KDLH 020626
CLIDLH

CLIMATE REPORT
NATIONAL WEATHER SERVICE DULUTH MN
1226 AM CST TUE MAR 02 2021

...................................

...THE DULUTH CLIMATE SUMMARY FOR MARCH 1 2021...

CLIMATE NORMAL PERIOD: 1981 TO 2010
CLIMATE RECORD PERIOD: 1870 TO 2021


WEATHER ITEM   OBSERVED TIME   RECORD YEAR NORMAL DEPARTURE LAST
                VALUE   (LST)  VALUE       VALUE  FROM      YEAR
                                                  NORMAL
...................................................................
TEMPERATURE (F)
 YESTERDAY
  MAXIMUM         17  11:29 PM  51    1883  29    -12       42
  MINIMUM          0   8:36 AM -28    1962  11    -11       22
  AVERAGE          9                        20    -11       32

PRECIPITATION (IN)
  YESTERDAY        0.00          0.93 2007   0.04  -0.04      T
  MONTH TO DATE    0.00                      0.04  -0.04      T
  SINCE MAR 1      0.00                      0.04  -0.04      T
  SINCE JAN 1      1.14                      1.81  -0.67     1.55

SNOWFALL (IN)
  YESTERDAY        0.0          16.4  2007   0.6   -0.6       T
  MONTH TO DATE    0.0                       0.6   -0.6       T
  SINCE MAR 1      0.0                       0.6   -0.6       T
  SINCE JUL 1     65.4                      66.2   -0.8     79.4
  SNOW DEPTH      12

DEGREE DAYS
 HEATING
  YESTERDAY       56                        45     11       33
  MONTH TO DATE   56                        45     11       33
  SINCE MAR 1     56                        45     11       33
  SINCE JUL 1   6645                      6912   -267     6474

 COOLING
  YESTERDAY        0                         0      0        0
  MONTH TO DATE    0                         0      0        0
  SINCE MAR 1      0                         0      0        0
  SINCE JAN 1      0                         0      0        0
...................................................................


WIND (MPH)
  HIGHEST WIND SPEED    17   HIGHEST WIND DIRECTION    NW (320)
  HIGHEST GUST SPEED    26   HIGHEST GUST DIRECTION    NW (330)
  AVERAGE WIND SPEED     9.8


SKY COVER
  AVERAGE SKY COVER 0.2


WEATHER CONDITIONS
THE FOLLOWING WEATHER WAS RECORDED YESTERDAY.
  NO SIGNIFICANT WEATHER WAS OBSERVED.


RELATIVE HUMIDITY (PERCENT)
 HIGHEST    62           4:00 AM
 LOWEST     31           3:00 PM
 AVERAGE    47

..........................................................


THE DULUTH CLIMATE NORMALS FOR TODAY
                         NORMAL    RECORD    YEAR
 MAXIMUM TEMPERATURE (F)   29        54      1889
 MINIMUM TEMPERATURE (F)   12       -29      1989


SUNRISE AND SUNSET
MARCH  2 2021.........SUNRISE   6:46 AM CST   SUNSET   5:56 PM CST
MARCH  3 2021.........SUNRISE   6:44 AM CST   SUNSET   5:58 PM CST


-  INDICATES NEGATIVE NUMBERS.
R  INDICATES RECORD WAS SET OR TIED.
MM INDICATES DATA IS MISSING.
T  INDICATES TRACE AMOUNT.




$$
