000
CXUS55 KCYS 051825
CLMBFF
CLIMATE REPORT
NATIONAL WEATHER SERVICE CHEYENNE WY
1225 PM MDT FRI APR 05 2024
...................................
...THE SCOTTSBLUFF NE AIRPORT CLIMATE SUMMARY FOR THE MONTH OF MARCH 2024...
CLIMATE NORMAL PERIOD 1991 TO 2020
CLIMATE RECORD PERIOD 1871 TO 2024
WEATHER OBSERVED NORMAL DEPART LAST YEAR`S
VALUE DATE(S) VALUE FROM VALUE DATE(S)
NORMAL
................................................................
TEMPERATURE (F)
RECORD
HIGH 87 03/29/1943
LOW -27 03/11/1948
HIGHEST 74 03/21 52 22 70
LOWEST 9 03/26 24 -15 10
AVG. MAXIMUM 56.4 54.9 1.5 47.6
AVG. MINIMUM 26.4 25.0 1.4 22.5
MEAN 41.4 39.9 1.5 35.1
DAYS MAX >= 90 0 0.0 0.0 0
DAYS MAX <= 32 1 2.1 -1.1 0
DAYS MIN <= 32 24 26.4 -2.4 31
DAYS MIN <= 0 0 0.6 -0.6 0
PRECIPITATION (INCHES)
RECORD
MAXIMUM 3.23 2021
TOTALS 0.86 1.00 -0.14 0.42
DAYS >= .01 7 6.9 0.1 8
DAYS >= .10 3 2.7 0.3 1
DAYS >= .50 0 0.4 -0.4 0
DAYS >= 1.00 0 0.1 -0.1 0
GREATEST
24 HR. TOTAL 0.43 03/30 TO 03/31 0.16 03/22 TO 03/22
SNOWFALL (INCHES)
RECORDS
TOTAL 30.8 2019
24 HR TOTAL 11.0 03/14/2021 TO 03/14/2021
TOTALS 1.3 6.8 -5.5 2.8
SINCE 7/1 31.7 36.4 -4.7 MM
DAYS >= 1.0 0 1.9 -1.9 2
GREATEST
SNOW DEPTH 1 03/08 1
24 HR TOTAL 1.3 2.8
DEGREE DAYS
HEATING TOTAL 722 777 -55 920
SINCE 7/1 5064 5485 -421 MM
COOLING TOTAL 0 0 0 0
SINCE 1/1 0 0 0 MM
................................................................
WIND (MPH)
AVERAGE WIND SPEED 9.8
HIGHEST WIND SPEED/DIRECTION 37/020 DATE 03/31
HIGHEST GUST SPEED/DIRECTION 46/020 DATE 03/31
SKY COVER
POSSIBLE SUNSHINE (PERCENT) MM
AVERAGE SKY COVER 0.39
NUMBER OF DAYS FAIR 15
NUMBER OF DAYS PC 8
NUMBER OF DAYS CLOUDY 8
AVERAGE RH (PERCENT) 54
WEATHER CONDITIONS. NUMBER OF DAYS WITH
THUNDERSTORM 1 MIXED PRECIP 0
HEAVY RAIN 0 RAIN 1
LIGHT RAIN 4 FREEZING RAIN 0
LT FREEZING RAIN 0 HAIL 1
HEAVY SNOW 0 SNOW 1
LIGHT SNOW 6 SLEET 0
FOG 6 FOG W/VIS <= 1/4 MILE 0
HAZE 5
- INDICATES NEGATIVE NUMBERS.
R INDICATES RECORD WAS SET OR TIED.
MM INDICATES DATA IS MISSING.
T INDICATES TRACE AMOUNT.
$$