000
CXUS56 KOTX 111642
CLMDEW
CLIMATE REPORT
NATIONAL WEATHER SERVICE SPOKANE WA
842 AM PST SAT NOV 11 2023
...................................
...THE DEER_PARK WA AIRPORT CLIMATE SUMMARY FOR THE MONTH OF OCTOBER 2023...
CLIMATE NORMAL PERIOD 1991 TO 2020
CLIMATE RECORD PERIOD 9999 TO 9999
WEATHER OBSERVED NORMAL DEPART LAST YEAR`S
VALUE DATE(S) VALUE FROM VALUE DATE(S)
NORMAL
................................................................
TEMPERATURE (F)
RECORD
HIGH 83 10/06/2022
LOW 0 10/31/2002
HIGHEST 79 10/08 MM MM 83 10/06
LOWEST 11 10/29 MM MM 27 10/18
10/25
10/29
AVG. MAXIMUM 61.0 57.5 3.5 67.0
AVG. MINIMUM 34.0 31.7 2.3 34.5
MEAN 47.5 44.6 2.9 50.8
DAYS MAX >= 90 0 0.0 0.0 0
DAYS MAX <= 32 0 0.2 -0.2 0
DAYS MIN <= 32 11 17.4 -6.4 15
DAYS MIN <= 0 0 0.0 0.0 0
PRECIPITATION (INCHES)
RECORD
MAXIMUM 7.56 2016
MINIMUM 0.19 2002
TOTALS 0.73 2.00 -1.27 0.38
DAILY AVG. 0.02 0.06 -0.04 0.01
DAYS >= .01 7 9.6 -2.6 5
DAYS >= .10 2 5.2 -3.2 2
DAYS >= .50 0 1.3 -1.3 0
DAYS >= 1.00 0 0.0 0.0 0
GREATEST
24 HR. TOTAL 0.43 10/10 TO 10/11 0.21
DEGREE DAYS
HEATING TOTAL 535 632 -97 435
SINCE 7/1 791 1016 -225 MM
COOLING TOTAL 0 0 0 0
SINCE 1/1 408 216 192 MM
................................................................
WIND (MPH)
AVERAGE WIND SPEED 3.9
HIGHEST WIND SPEED/DIRECTION 24/050 DATE 10/25
HIGHEST GUST SPEED/DIRECTION 36/050 DATE 10/25
SKY COVER
POSSIBLE SUNSHINE (PERCENT) MM
AVERAGE SKY COVER 0.37
NUMBER OF DAYS FAIR 16
NUMBER OF DAYS PC 8
NUMBER OF DAYS CLOUDY 7
AVERAGE RH (PERCENT) 68
WEATHER CONDITIONS. NUMBER OF DAYS WITH
THUNDERSTORM 0 MIXED PRECIP 1
HEAVY RAIN 0 RAIN 4
LIGHT RAIN 8 FREEZING RAIN 0
LT FREEZING RAIN 0 HAIL 0
HEAVY SNOW 0 SNOW 1
LIGHT SNOW 2 SLEET 0
FOG 13 FOG W/VIS <= 1/4 MILE 5
HAZE 1
- INDICATES NEGATIVE NUMBERS.
R INDICATES RECORD WAS SET OR TIED.
MM INDICATES DATA IS MISSING.
T INDICATES TRACE AMOUNT.
$$