000
CXUS54 KEPZ 011030
CF6DMN
PRELIMINARY LOCAL CLIMATOLOGICAL DATA (WS FORM: F-6)
STATION: DEMING
MONTH: APRIL
YEAR: 2021
LATITUDE: 32 15 N
LONGITUDE: 107 42 W
TEMPERATURE IN F: :PCPN: SNOW: WIND :SUNSHINE: SKY :PK WND
================================================================================
1 2 3 4 5 6A 6B 7 8 9 10 11 12 13 14 15 16 17 18
12Z AVG MX 2MIN
DY MAX MIN AVG DEP HDD CDD WTR SNW DPTH SPD SPD DIR MIN PSBL S-S WX SPD DR
================================================================================
1 72 42 57 2 8 0 0.00 M M 13.5 25 90 M M 0 34 90
2 84 41 63 8 2 0 0.00 M M 7.7 17 210 M M 1 29 200
3 84 51 68 12 0 3 0.00 M M 8.0 18 20 M M 0 25 30
4 87 47 67 11 0 2 0.00 M M 5.3 14 250 M M 0 20 230
5 89 45 67 11 0 2 0.00 M M 9.1 24 260 M M 0 37 270
6 82 52 67 11 0 2 0.00 M M 15.5 33 280 M M 0 49 280
7 84 42 63 6 2 0 0.00 M M 10.4 26 240 M M 0 44 230
8 86 46 66 9 0 1 0.00 M M 13.0 32 280 M M 0 46 290
9 84 47 66 8 0 1 0.00 M M 9.3 22 280 M M 0 34 250
10 84 37 61 3 4 0 0.00 M M 9.9 30 280 M M 0 46 260
11 84 40 62 4 3 0 0.00 M M 10.6 26 280 M M 0 36 280
12 85 54 70 12 0 5 0.00 M M 8.5 22 240 M M 0 33 250
13 84 48 66 7 0 1 0.00 M M 9.7 24 260 M M 0 34 250
14 81 54 68 9 0 3 0.00 M M 12.2 24 240 M M 0 33 230
15 81 49 65 5 0 0 0.00 M M 13.6 32 280 M M 0 44 280
16 74 48 61 1 4 0 0.00 M M 10.2 26 300 M M 2 38 290
17 70 48 59 -1 6 0 0.00 M M 14.2 24 50 M M 2 33 60
18 64 41 53 -8 12 0 0.00 M M 13.6 24 70 M M 3 33 60
19 72 41 57 -4 8 0 T M M 7.1 20 260 M M 2 26 250
20 82 43 63 2 2 0 0.00 M M 8.4 20 290 M M 0 8 28 290
21 78 43 61 -1 4 0 0.00 M M 10.8 18 240 M M 0 26 250
22 79 56 68 6 0 3 0.00 M M 15.3 29 250 M M 0 42 250
23 75 44 60 -2 5 0 0.00 M M 13.5 26 260 M M 1 40 250
24 81 43 62 -1 3 0 0.00 M M 7.3 16 260 M M 0 24 190
25 89 45 67 4 0 2 0.00 M M 11.3 25 250 M M 0 39 270
26 83 57 70 7 0 5 0.00 M M 16.7 31 240 M M 0 45 230
27 73 53 63 -1 2 0 0.00 M M 15.8 31 230 M M 3 44 250
28 61 42 52 -12 13 0 0.10 M M 8.8 31 240 M M 5 3 39 240
29 69 39 54 -10 11 0 0.00 M M 12.4 31 30 M M 3 40 30
30 74 37 56 -9 9 0 0.00 M M 7.7 24 100 M M 1 34 90
================================================================================
SM 2375 1375 98 30 0.10 M 329.4 M 23
================================================================================
AV 79.2 45.8 11.0 FASTST M M 1 MAX(MPH)
MISC ----> 33 280 49 280
================================================================================
NOTES:
# LAST OF SEVERAL OCCURRENCES
COLUMN 17 PEAK WIND IN M.P.H.
PRELIMINARY LOCAL CLIMATOLOGICAL DATA (WS FORM: F-6) , PAGE 2
STATION: DEMING
MONTH: APRIL
YEAR: 2021
LATITUDE: 32 15 N
LONGITUDE: 107 42 W
[TEMPERATURE DATA] [PRECIPITATION DATA] SYMBOLS USED IN COLUMN 16
AVERAGE MONTHLY: 62.5 TOTAL FOR MONTH: 0.10 1 = FOG OR MIST
DPTR FM NORMAL: 2.7 DPTR FM NORMAL: -0.26 2 = FOG REDUCING VISIBILITY
HIGHEST: 89 ON 25, 5 GRTST 24HR 0.10 ON 28-28 TO 1/4 MILE OR LESS
LOWEST: 37 ON 30,10 3 = THUNDER
SNOW, ICE PELLETS, HAIL 4 = ICE PELLETS
TOTAL MONTH: M 5 = HAIL
GRTST 24HR M ON M 6 = FREEZING RAIN OR DRIZZLE
GRTST DEPTH: M ON M 7 = DUSTSTORM OR SANDSTORM:
VSBY 1/2 MILE OR LESS
8 = SMOKE OR HAZE
[NO. OF DAYS WITH] [WEATHER - DAYS WITH] 9 = BLOWING SNOW
X = TORNADO
MAX 32 OR BELOW: 0 0.01 INCH OR MORE: 1
MAX 90 OR ABOVE: 0 0.10 INCH OR MORE: 1
MIN 32 OR BELOW: 0 0.50 INCH OR MORE: 0
MIN 0 OR BELOW: 0 1.00 INCH OR MORE: 0
[HDD (BASE 65) ]
TOTAL THIS MO. 98 CLEAR (SCALE 0-3) 28
DPTR FM NORMAL -77 PTCLDY (SCALE 4-7) 2
TOTAL FM JUL 1 2989 CLOUDY (SCALE 8-10) 0
DPTR FM NORMAL -157
[CDD (BASE 65) ]
TOTAL THIS MO. 30
DPTR FM NORMAL 12 [PRESSURE DATA]
TOTAL FM JAN 1 30 HIGHEST SLP 30.28 ON 1
DPTR FM NORMAL 12 LOWEST SLP 29.55 ON 26
[REMARKS]
#FINAL-04-21#