000
CXUS54 KFWD 251721
CF6GYI
PRELIMINARY LOCAL CLIMATOLOGICAL DATA (WS FORM: F-6)
STATION: SHERMAN/DENISON
MONTH: MARCH
YEAR: 2021
LATITUDE: 33 42 N
LONGITUDE: 96 40 W
TEMPERATURE IN F: :PCPN: SNOW: WIND :SUNSHINE: SKY :PK WND
================================================================================
1 2 3 4 5 6A 6B 7 8 9 10 11 12 13 14 15 16 17 18
12Z AVG MX 2MIN
DY MAX MIN AVG DEP HDD CDD WTR SNW DPTH SPD SPD DIR MIN PSBL S-S WX SPD DR
================================================================================
1 60 42 51 1 14 0 M 0.0 0 9.6 17 10 M M 3 24 350
2 62 35 49 -1 16 0 0.00 M M 3.1 10 150 M M 1 M M
3 68 38 53 2 12 0 0.00 0.0 0 9.7 17 190 M M 0 M M
4 72 47 60 9 5 0 0.00 M M 10.9 16 140 M M 0 23 140
5 60 44 52 1 13 0 0.00 M M 10.7 17 150 M M 7 21 130
6 65 39 52 1 13 0 0.00 M M 5.8 8 120 M M 0 M M
7 66 45 56 4 9 0 0.00 M M 9.9 16 140 M M 0 18 130
8 69 42 56 4 9 0 0.00 M M 12.3 18 190 M M 0 23 140
9 70 54 62 10 3 0 0.00 M M 16.1 22 160 M M 4 30 160
10 75 63 69 16 0 4 0.00 M M 20.1 30 160 M M 7 37 160
11 75 68 72 19 0 7 0.00 M M 13.0 21 180 M M 9 25 190
12 75 65 70 17 0 5 0.00 M M 11.2 15 140 M M 8 18 140
13 78 66 72 18 0 7 0.00 M M 13.4 21 130 M M 8 25 130
14 71 53 62 8 3 0 M M M 11.6 18 200 M M 6 25 160
15 76 51 64 10 1 0 0.00 M M 11.3 17 220 M M 0 28 220
16 79 56 68 14 0 3 M M M 9.8 16 180 M M 2 18 130
17 70 45 58 3 7 0 0.17 M M 17.5 29 260 M M 5 3 41 260
18 60 41 51 -4 14 0 0.00 M M 16.1 23 300 M M 6 32 320
19 64 38 51 -4 14 0 0.00 M M 8.3 16 340 M M 0 24 340
20 66 42 54 -1 11 0 0.00 M M 7.9 12 100 M M 0 22 120
21 68 44 56 0 9 0 0.00 M M 12.7 18 160 M M 0 23 160
22 61 54 58 2 7 0 0.44 M M 13.1 21 150 M M 6 3 28 150
23 70 45 58 2 7 0 0.00 M M 12.5 21 240 M M 0 26 240
24 75 44 60 4 5 0 1.00 M M 7.9 16 330 M M 3 3 30 360
25 65 46 56 -1 9 0 0.06 M M 8.8 16 250 M M 6 3 22 270
26 76 46 61 4 4 0 0.00 M M 9.9 21 140 M M 0 25 140
27 79 57 68 11 0 3 0.00 M M 9.3 22 350 M M 5 1 33 350
28 69 47 58 0 7 0 0.00 M M 8.6 14 350 M M 0 22 350
29 75 48 62 4 3 0 0.00 M M 13.0 21 160 M M 0 26 160
30 76 56 66 8 0 1 0.00 M M 12.6 20 180 M M 4 30 180
31 65 49 57 -1 8 0 0.00 M M 13.3 21 20 M M 5 31 20
================================================================================
SM 2160 1510 203 30 1.67 0.0 349.7 M 95
================================================================================
AV 69.7 48.7 11.3 FASTST M M 3 MAX(MPH)
MISC ----> 30 160 41 260
================================================================================
NOTES:
# LAST OF SEVERAL OCCURRENCES
COLUMN 17 PEAK WIND IN M.P.H.
PRELIMINARY LOCAL CLIMATOLOGICAL DATA (WS FORM: F-6) , PAGE 2
STATION: SHERMAN/DENISON
MONTH: MARCH
YEAR: 2021
LATITUDE: 33 42 N
LONGITUDE: 96 40 W
[TEMPERATURE DATA] [PRECIPITATION DATA] SYMBOLS USED IN COLUMN 16
AVERAGE MONTHLY: 59.2 TOTAL FOR MONTH: 1.67 1 = FOG OR MIST
DPTR FM NORMAL: 4.9 DPTR FM NORMAL: -2.25 2 = FOG REDUCING VISIBILITY
HIGHEST: 79 ON 27,16 GRTST 24HR 1.00 ON 24-24 TO 1/4 MILE OR LESS
LOWEST: 35 ON 2 3 = THUNDER
SNOW, ICE PELLETS, HAIL 4 = ICE PELLETS
TOTAL MONTH: 0.0 INCH 5 = HAIL
GRTST 24HR 0.0 6 = FREEZING RAIN OR DRIZZLE
GRTST DEPTH: 0 7 = DUSTSTORM OR SANDSTORM:
VSBY 1/2 MILE OR LESS
8 = SMOKE OR HAZE
[NO. OF DAYS WITH] [WEATHER - DAYS WITH] 9 = BLOWING SNOW
X = TORNADO
MAX 32 OR BELOW: 0 0.01 INCH OR MORE: 4
MAX 90 OR ABOVE: 0 0.10 INCH OR MORE: 3
MIN 32 OR BELOW: 0 0.50 INCH OR MORE: 1
MIN 0 OR BELOW: 0 1.00 INCH OR MORE: 1
[HDD (BASE 65) ]
TOTAL THIS MO. 203 CLEAR (SCALE 0-3) 16
DPTR FM NORMAL -145 PTCLDY (SCALE 4-7) 13
TOTAL FM JUL 1 2444 CLOUDY (SCALE 8-10) 2
DPTR FM NORMAL -267
[CDD (BASE 65) ]
TOTAL THIS MO. 30
DPTR FM NORMAL 15 [PRESSURE DATA]
TOTAL FM JAN 1 30 HIGHEST SLP M ON M
DPTR FM NORMAL 14 LOWEST SLP M ON M
[REMARKS]
#FINAL-03-21#