000
CXUS54 KFWD 010830
CF6RPH
PRELIMINARY LOCAL CLIMATOLOGICAL DATA (WS FORM: F-6)
STATION: GRAHAM
MONTH: DECEMBER
YEAR: 2022
LATITUDE: 33 6 N
LONGITUDE: 98 30 W
TEMPERATURE IN F: :PCPN: SNOW: WIND :SUNSHINE: SKY :PK WND
================================================================================
1 2 3 4 5 6A 6B 7 8 9 10 11 12 13 14 15 16 17 18
12Z AVG MX 2MIN
DY MAX MIN AVG DEP HDD CDD WTR SNW DPTH SPD SPD DIR MIN PSBL S-S WX SPD DR
================================================================================
1 51 28 40 -7 25 0 0.00 M M 6.3 12 150 M M 7 18 130
2 78 51 65 19 0 0 0.00 M M 8.0 16 190 M M 5 30 M
3 60 38 49 3 16 0 0.00 M M 11.0 20 20 M M 1 31 10
4 59 38 49 3 16 0 T M M 3.9 8 100 M M 7 8 M M
5 82 52 67 21 0 2 0.00 M M 7.6 15 230 M M 4 21 210
6 69 54 62 17 3 0 T M M 4.8 9 340 M M 6 M M
7 63 52 58 13 7 0 T M M 3.6 8 300 M M 9 18 M M
8 70 52 61 16 4 0 0.00 M M 1.9 7 320 M M 9 1 M M
9 63 52 58 14 7 0 0.00 M M 4.0 8 20 M M 8 1 M M
10 61 51 56 12 9 0 0.11 M M 5.2 9 150 M M 10 1 M M
11 54 49 52 8 13 0 0.00 M M 2.9 6 99 M M 10 1 M M
12 65 53 59 15 6 0 0.00 M M 9.0 15 130 M M 10 1 21 130
13 68 47 58 14 7 0 0.01 M M 9.1 16 260 M M 5 1 28 260
14 51 31 41 -2 24 0 0.00 M M 5.6 13 310 M M 3 8 20 290
15 52 25 39 -4 26 0 0.00 M M 3.0 7 20 M M 0 M M
16 47 28 38 -5 27 0 0.00 M M 5.7 20 350 M M 2 25 20
17 51 21 36 -7 29 0 0.00 M M 2.5 8 340 M M 0 M M
18 56 25 41 -2 24 0 T M M 6.1 13 140 M M 3 21 140
19 56 44 50 7 15 0 0.00 M M 8.3 14 130 M M 6 20 150
20 46 33 40 -3 25 0 0.00 M M 7.4 13 20 M M 9 18 18 20
21 46 27 37 -5 28 0 0.00 M M 4.7 9 150 M M 7 1 18 170
22 40 9 25 -17 40 0 T M M 16.6 26 360 M M 5 1 38 280
23 21 9 15 -27 50 0 0.00 M M 10.5 18 340 M M 4 26 340
24 37 17 27 -15 38 0 0.00 M M 1.3 7 99 M M 3 M M
25 53 17 35 -7 30 0 0.00 M M 4.0 12 210 M M 0 M M
26 58 25 42 0 23 0 0.00 M M 6.7 17 340 M M 2 21 340
27 62 19 41 -1 24 0 0.00 M M 6.8 14 160 M M 0 21 160
28 76 47 62 20 3 0 0.00 M M 10.9 18 200 M M 0 24 200
29 63 46 55 13 10 0 0.00 M M 3.3 8 170 M M 5 M M
30 56 34 45 3 20 0 0.00 M M 0.6 5 160 M M 4 M M
31 74 40 57 15 8 0 0.00 M M 5.6 14 220 M M 0 21 210
================================================================================
SM 1788 1114 557 2 0.12 M 187.0 M 144
================================================================================
AV 57.7 35.9 6.0 FASTST M M 5 MAX(MPH)
MISC ----> 26 360 38 280
================================================================================
NOTES:
# LAST OF SEVERAL OCCURRENCES
COLUMN 17 PEAK WIND IN M.P.H.
PRELIMINARY LOCAL CLIMATOLOGICAL DATA (WS FORM: F-6) , PAGE 2
STATION: GRAHAM
MONTH: DECEMBER
YEAR: 2022
LATITUDE: 33 6 N
LONGITUDE: 98 30 W
[TEMPERATURE DATA] [PRECIPITATION DATA] SYMBOLS USED IN COLUMN 16
AVERAGE MONTHLY: 46.8 TOTAL FOR MONTH: 0.12 1 = FOG OR MIST
DPTR FM NORMAL: 3.2 DPTR FM NORMAL: -1.67 2 = FOG REDUCING VISIBILITY
HIGHEST: 82 ON 5 GRTST 24HR 0.11 ON 10-10 TO 1/4 MILE OR LESS
LOWEST: 9 ON 23,22 3 = THUNDER
SNOW, ICE PELLETS, HAIL 4 = ICE PELLETS
TOTAL MONTH: M 5 = HAIL
GRTST 24HR M ON M 6 = FREEZING RAIN OR DRIZZLE
GRTST DEPTH: M ON M 7 = DUSTSTORM OR SANDSTORM:
VSBY 1/2 MILE OR LESS
8 = SMOKE OR HAZE
[NO. OF DAYS WITH] [WEATHER - DAYS WITH] 9 = BLOWING SNOW
X = TORNADO
MAX 32 OR BELOW: 1 0.01 INCH OR MORE: 2
MAX 90 OR ABOVE: 0 0.10 INCH OR MORE: 1
MIN 32 OR BELOW: 13 0.50 INCH OR MORE: 0
MIN 0 OR BELOW: 0 1.00 INCH OR MORE: 0
[HDD (BASE 65) ]
TOTAL THIS MO. 557 CLEAR (SCALE 0-3) 10
DPTR FM NORMAL -109 PTCLDY (SCALE 4-7) 14
TOTAL FM JUL 1 1053 CLOUDY (SCALE 8-10) 7
DPTR FM NORMAL -120
[CDD (BASE 65) ]
TOTAL THIS MO. 2
DPTR FM NORMAL 1 [PRESSURE DATA]
TOTAL FM JAN 1 3142 HIGHEST SLP M ON M
DPTR FM NORMAL 842 LOWEST SLP M ON M
[REMARKS]
#FINAL-12-22#