000
CXUS56 KLOX 011255
CF6SBP
PRELIMINARY LOCAL CLIMATOLOGICAL DATA (WS FORM: F-6)
STATION: SAN LUIS OBISPO AIRPORT CA
MONTH: JANUARY
YEAR: 2022
LATITUDE: 35 13 N
LONGITUDE: 120 38 W
TEMPERATURE IN F: :PCPN: SNOW: WIND :SUNSHINE: SKY :PK WND
================================================================================
1 2 3 4 5 6A 6B 7 8 9 10 11 12 13 14 15 16 17 18
12Z AVG MX 2MIN
DY MAX MIN AVG DEP HDD CDD WTR SNW DPTH SPD SPD DIR MIN PSBL S-S WX SPD DR
================================================================================
1 61 37 49 -3 16 0 0.00 M M 4.7 16 330 M M 0 21 320
2 63 34 49 -3 16 0 0.00 M M 2.5 10 250 M M 0 15 230
3 58 35 47 -5 18 0 0.00 M M 4.6 16 310 M M 1 19 310
4 67 40 54 2 11 0 0.00 M M 8.4 21 310 M M 0 1 25 300
5 68 48 58 6 7 0 0.00 M M 5.1 17 320 M M 0 23 320
6 73 47 60 8 5 0 0.00 M M 6.7 20 310 M M 2 1 22 310
7 61 48 55 3 10 0 T M M 5.0 15 310 M M 7 1 20 310
8 65 42 54 2 11 0 0.00 M M 4.6 17 80 M M 1 1 21 70
9 69 37 53 1 12 0 0.00 M M 2.0 9 320 M M 0 11 310
10 74 41 58 5 7 0 0.00 M M 2.0 10 130 M M 1 15 250
11 77 44 61 8 4 0 0.00 M M 4.2 17 350 M M 0 20 360
12 75 39 57 4 8 0 0.00 M M 2.1 8 110 M M 0 9 110
13 70 48 59 6 6 0 0.00 M M 2.8 12 340 M M 2 13 330
14 72 41 57 4 8 0 0.00 M M 2.8 12 220 M M 1 14 210
15 63 47 55 2 10 0 T M M 2.4 9 290 M M 6 13 140
16 69 52 61 8 4 0 0.00 M M 2.8 10 300 M M 9 12 330
17 65 47 56 3 9 0 0.00 M M 2.0 9 220 M M 7 12 210
18 65 51 58 5 7 0 0.01 M M 7.5 22 310 M M 6 1 25 300
19 72 46 59 6 6 0 0.00 M M 2.7 16 310 M M 4 12 19 310
20 77 42 60 7 5 0 0.00 M M 3.0 15 310 M M 0 20 310
21 72 42 57 4 8 0 0.00 M M 6.8 24 40 M M 0 29 30
22 72 40 56 3 9 0 0.00 M M 4.5 18 320 M M 0 23 320
23 73 36 55 2 10 0 0.00 M M 5.0 17 310 M M 0 21 340
24 68 38 53 0 12 0 0.00 M M 7.4 22 320 M M 0 25 320
25 72 39 56 3 9 0 0.00 M M 5.0 22 310 M M 0 25 300
26 67 36 52 -1 13 0 0.00 M M 3.7 14 310 M M 3 12 17 340
27 69 35 52 -1 13 0 0.00 M M 3.6 13 290 M M 0 18 320
28 75 35 55 2 10 0 0.00 M M 3.6 17 310 M M 0 20 310
29 73 43 58 5 7 0 0.00 M M 2.9 10 20 M M 0 15 350
30 73 36 55 2 10 0 0.00 M M 7.0 26 310 M M 0 32 310
31 69 39 54 1 11 0 0.00 M M 5.1 15 330 M M 0 20 340
================================================================================
SM 2147 1285 292 0 0.01 M 132.5 M 50
================================================================================
AV 69.3 41.5 4.3 FASTST M M 2 MAX(MPH)
MISC ----> 26 310 32 310
================================================================================
NOTES:
# LAST OF SEVERAL OCCURRENCES
COLUMN 17 PEAK WIND IN M.P.H.
PRELIMINARY LOCAL CLIMATOLOGICAL DATA (WS FORM: F-6) , PAGE 2
STATION: SAN LUIS OBISPO AIRPORT CA
MONTH: JANUARY
YEAR: 2022
LATITUDE: 35 13 N
LONGITUDE: 120 38 W
[TEMPERATURE DATA] [PRECIPITATION DATA] SYMBOLS USED IN COLUMN 16
AVERAGE MONTHLY: 55.4 TOTAL FOR MONTH: 0.01 1 = FOG OR MIST
DPTR FM NORMAL: 2.6 DPTR FM NORMAL: -3.85 2 = FOG REDUCING VISIBILITY
HIGHEST: 77 ON 20,11 GRTST 24HR 0.02 ON 17-17 TO 1/4 MILE OR LESS
LOWEST: 34 ON 2 3 = THUNDER
SNOW, ICE PELLETS, HAIL 4 = ICE PELLETS
TOTAL MONTH: M 5 = HAIL
GRTST 24HR M ON M 6 = FREEZING RAIN OR DRIZZLE
GRTST DEPTH: M ON M 7 = DUSTSTORM OR SANDSTORM:
VSBY 1/2 MILE OR LESS
8 = SMOKE OR HAZE
[NO. OF DAYS WITH] [WEATHER - DAYS WITH] 9 = BLOWING SNOW
X = TORNADO
MAX 32 OR BELOW: 0 0.01 INCH OR MORE: 1
MAX 90 OR ABOVE: 0 0.10 INCH OR MORE: 0
MIN 32 OR BELOW: 0 0.50 INCH OR MORE: 0
MIN 0 OR BELOW: 0 1.00 INCH OR MORE: 0
[HDD (BASE 65) ]
TOTAL THIS MO. 292 CLEAR (SCALE 0-3) 25
DPTR FM NORMAL -87 PTCLDY (SCALE 4-7) 5
TOTAL FM JUL 1 866 CLOUDY (SCALE 8-10) 1
DPTR FM NORMAL -300
[CDD (BASE 65) ]
TOTAL THIS MO. 0
DPTR FM NORMAL 0 [PRESSURE DATA]
TOTAL FM JAN 1 0 HIGHEST SLP 30.38 ON 10
DPTR FM NORMAL 0 LOWEST SLP 29.90 ON 6
[REMARKS]
#FINAL-01-22#