000
CXUS53 KDMX 190920
CF6ALO
PRELIMINARY LOCAL CLIMATOLOGICAL DATA (WS FORM: F-6)

                                          STATION:   WATERLOO IA
                                          MONTH:     NOVEMBER
                                          YEAR:      2019
                                          LATITUDE:   42 32 N
                                          LONGITUDE:  92 24 W

  TEMPERATURE IN F:       :PCPN:    SNOW:  WIND      :SUNSHINE: SKY     :PK WND
================================================================================
1   2   3   4   5  6A  6B    7    8   9   10  11  12  13   14  15   16   17  18
                                     12Z  AVG MX 2MIN
DY MAX MIN AVG DEP HDD CDD  WTR  SNW DPTH SPD SPD DIR MIN PSBL S-S WX    SPD DR
================================================================================

 1  42  27  35  -9  30   0 0.07  0.0    0  8.3 14 250   M    M   8 1      19 240
 2  46  26  36  -8  29   0 0.00  0.0    0  8.8 26 270   M    M   5        37 270
 3  50  28  39  -4  26   0 0.13  0.0    0  5.2 16 230   M    M   8 1      22 230
 4  47  35  41  -2  24   0    T  0.0    0  8.1 22 310   M    M   9 1      29 320
 5  38  26  32 -10  33   0 0.00  0.0    0  6.3 14 270   M    M   5        20 290
 6  40  22  31 -11  34   0 0.08  1.6    0 12.0 23 360   M    M   9 18     29 360
 7  27  10  19 -22  46   0 0.00  0.0    1  6.9 16 330   M    M   0        22 340
 8  36  10  23 -18  42   0 0.00  0.0    1 10.4 21 180   M    M   2        27 180
 9  52  27  40   0  25   0 0.00  0.0    0  6.4 15 180   M    M   0 8      21 180
10  39  26  33  -7  32   0 0.05  1.1    0 12.0 22 350   M    M   7 1      28 360
11  26   9  18 -21  47   0 0.18  2.6    3 18.5 29 330   M    M   5 18     36 340
12  17   1   9 -29  56   0 0.00  0.0    3 10.0 21 160   M    M   0        27 150
13  32  16  24 -14  41   0 0.05  0.6    3 10.1 18 170   M    M   8 18     25 170
14  31  21  26 -11  39   0 0.00  0.0    4  7.9 14 320   M    M   6        18 310
15  46  15  31  -6  34   0 0.00  0.0    2  3.4 10 130   M    M   0 18     14 140
16  44  30  37   1  28   0 0.00  0.0    T 12.4 20 140   M    M   0 18     28 140
17  43  34  39   3  26   0 0.10  0.0    0  7.3 20 310   M    M   8 18     26 310
18  40  32  36   1  29   0 0.02  0.0    0  6.5 13 140   M    M  10 1      16 160
================================================================================
SM  696  395       621   0  0.68     5.9 160.5          M       90
================================================================================
AV 38.7 21.9                               8.9 FASTST   M    M   5    MAX(MPH)
                                 MISC ---->  # 29 330               # 37  270
================================================================================
NOTES:
# LAST OF SEVERAL OCCURRENCES

COLUMN 17 PEAK WIND IN M.P.H.

PRELIMINARY LOCAL CLIMATOLOGICAL DATA (WS FORM: F-6) , PAGE 2

                                          STATION:  WATERLOO IA
                                          MONTH:    NOVEMBER
                                          YEAR:     2019
                                          LATITUDE:   42 32 N
                                          LONGITUDE:  92 24 W

[TEMPERATURE DATA]      [PRECIPITATION DATA]       SYMBOLS USED IN COLUMN 16

AVERAGE MONTHLY: 30.3   TOTAL FOR MONTH:   0.68    1 = FOG OR MIST
DPTR FM NORMAL:  -9.5   DPTR FM NORMAL:   -0.61    2 = FOG REDUCING VISIBILITY
HIGHEST:    52 ON  9    GRTST 24HR  0.18 ON 11-11      TO 1/4 MILE OR LESS
LOWEST:      1 ON 12                               3 = THUNDER
                        SNOW, ICE PELLETS, HAIL    4 = ICE PELLETS
                        TOTAL MONTH:   5.9 INCHES  5 = HAIL
                        GRTST 24HR   2.6 ON 11-11  6 = FREEZING RAIN OR DRIZZLE
                        GRTST DEPTH:   4 ON 14     7 = DUSTSTORM OR SANDSTORM:
                                                       VSBY 1/2 MILE OR LESS
                                                   8 = SMOKE OR HAZE
[NO. OF DAYS WITH]      [WEATHER - DAYS WITH]      9 = BLOWING SNOW
                                                   X = TORNADO
MAX 32 OR BELOW:   5    0.01 INCH OR MORE:   8
MAX 90 OR ABOVE:   0    0.10 INCH OR MORE:   3
MIN 32 OR BELOW:  16    0.50 INCH OR MORE:   0
MIN  0 OR BELOW:   0    1.00 INCH OR MORE:   0

[HDD (BASE 65) ]
TOTAL THIS MO.   621    CLEAR  (SCALE 0-3)   6
DPTR FM NORMAL   167    PTCLDY (SCALE 4-7)   8
TOTAL FM JUL 1  1188    CLOUDY (SCALE 8-10)  4
DPTR FM NORMAL   111

[CDD (BASE 65) ]
TOTAL THIS MO.     0
DPTR FM NORMAL     0    [PRESSURE DATA]
TOTAL FM JAN 1   928    HIGHEST SLP M ON M
DPTR FM NORMAL   129    LOWEST  SLP 29.66 ON 18

[REMARKS]
