000
CDUS42 KFFC 290031
CLIAHN

CLIMATE REPORT
NATIONAL WEATHER SERVICE PEACHTREE CITY GA
831 PM EDT THU MAY 28 2020

...................................

...THE ATHENS CLIMATE SUMMARY FOR MAY 28 2020...
VALID AS OF 0800 PM LOCAL TIME.

CLIMATE NORMAL PERIOD: 1981 TO 2010
CLIMATE RECORD PERIOD: 1898 TO 2020


WEATHER ITEM   OBSERVED TIME   RECORD YEAR NORMAL DEPARTURE LAST
                VALUE   (LST)  VALUE       VALUE  FROM      YEAR
                                                  NORMAL
...................................................................
TEMPERATURE (F)
 TODAY
  MAXIMUM         87   5:40 PM  97    1914  85      2       97
                                      2019
  MINIMUM         69   2:38 AM  43    1925  62      7       69
  AVERAGE         78                        73      5       83

PRECIPITATION (IN)
  TODAY            T             4.48 1973   0.10  -0.10     0.00
  MONTH TO DATE    3.01                      2.70   0.31     1.62
  SINCE MAR 1     12.95                     10.28   2.67     7.09
  SINCE JAN 1     31.49                     18.81  12.68    16.04

SNOWFALL (IN)
  TODAY           MM             0.0  2000   0.0   MM        0.0
                                      2001
                                      2002
  MONTH TO DATE    0.0                       0.0    0.0      0.0
  SINCE MAR 1      0.0                       0.8   -0.8      0.0
  SINCE JUL 1      0.5                       2.9   -2.4      0.0
  SNOW DEPTH      MM

DEGREE DAYS
 HEATING
  TODAY            0                         0      0        0
  MONTH TO DATE   62                        25     37        5
  SINCE MAR 1    360                       513   -153      454
  SINCE JUL 1   2171                      2768   -597     2541

 COOLING
  TODAY           13                         9      4       18
  MONTH TO DATE  143                       155    -12      282
  SINCE MAR 1    243                       212     31      355
  SINCE JAN 1    244                       213     31      362
...................................................................


WIND (MPH)
  HIGHEST WIND SPEED     8   HIGHEST WIND DIRECTION     W (250)
  HIGHEST GUST SPEED    13   HIGHEST GUST DIRECTION     W (260)
  AVERAGE WIND SPEED     3.7


SKY COVER
  AVERAGE SKY COVER 0.7


WEATHER CONDITIONS
THE FOLLOWING WEATHER WAS RECORDED TODAY.
  FOG


RELATIVE HUMIDITY (PERCENT)
 HIGHEST    91           9:00 AM
 LOWEST     51           5:00 PM

..........................................................


THE ATHENS CLIMATE NORMALS FOR TOMORROW
                         NORMAL    RECORD    YEAR
 MAXIMUM TEMPERATURE (F)   85        99      1941
 MINIMUM TEMPERATURE (F)   62        50      1968


SUNRISE AND SUNSET
MAY 28 2020...........SUNRISE   6:24 AM EDT   SUNSET   8:37 PM EDT
MAY 29 2020...........SUNRISE   6:24 AM EDT   SUNSET   8:38 PM EDT


-  INDICATES NEGATIVE NUMBERS.
R  INDICATES RECORD WAS SET OR TIED.
MM INDICATES DATA IS MISSING.
T  INDICATES TRACE AMOUNT.




$$
