000
CDUS42 KFFC 260025
CLIAHN


CLIMATE REPORT
NATIONAL WEATHER SERVICE PEACHTREE CITY GA
825 PM EDT MON MAR 25 2019


...................................

...THE ATHENS CLIMATE SUMMARY FOR MARCH 25 2019...
VALID AS OF 0800 PM LOCAL TIME.

CLIMATE NORMAL PERIOD 1981 TO 2010
CLIMATE RECORD PERIOD 1898 TO 2019


WEATHER ITEM   OBSERVED TIME   RECORD YEAR NORMAL DEPARTURE LAST
                VALUE   (LST)  VALUE       VALUE  FROM      YEAR
                                                  NORMAL
..................................................................
TEMPERATURE (F)
 TODAY
  MAXIMUM         71    138 PM  89    2007  69      2       52
                                      1929
  MINIMUM         53    515 AM  26    1956  44      9       40
  AVERAGE         62                        57      5       46

PRECIPITATION (IN)
  TODAY            0.10          3.82 1964   0.13  -0.03     0.10
  MONTH TO DATE    1.99                      3.61  -1.62     2.64
  SINCE MAR 1      1.99                      3.61  -1.62     2.64
  SINCE JAN 1     10.94                     12.14  -1.20    13.05

SNOWFALL (IN)
  TODAY            0.0           0.0  2002   0.1   -0.1     MM
                                      2001
                                      2000
  MONTH TO DATE    0.0                       0.7   -0.7      0.0
  SINCE MAR 1      0.0                       0.7   -0.7      0.0
  SINCE JUL 1      0.0                       2.8   -2.8      1.1
  SNOW DEPTH       0

DEGREE DAYS
 HEATING
  TODAY            3                         9     -6       19
  MONTH TO DATE  293                       291      2      331
  SINCE MAR 1    293                       291      2      331
  SINCE JUL 1   2380                      2546   -166     2337

 COOLING
  TODAY            0                         0      0        0
  MONTH TO DATE    0                         0      0        2
  SINCE MAR 1      0                         0      0        2
  SINCE JAN 1      7                         1      6       36
..................................................................


WIND (MPH)
  HIGHEST WIND SPEED    18   HIGHEST WIND DIRECTION    NW (330)
  HIGHEST GUST SPEED    24   HIGHEST GUST DIRECTION    NW (310)
  AVERAGE WIND SPEED     4.2


SKY COVER
  AVERAGE SKY COVER 0.6


WEATHER CONDITIONS
 THE FOLLOWING WEATHER WAS RECORDED TODAY.
  THUNDERSTORM
  RAIN
  LIGHT RAIN
  FOG


RELATIVE HUMIDITY (PERCENT)
 HIGHEST    93           500 PM
 LOWEST     39          1200 AM

..........................................................


THE ATHENS CLIMATE NORMALS FOR TOMORROW
                         NORMAL    RECORD    YEAR
 MAXIMUM TEMPERATURE (F)   69        86      1929
 MINIMUM TEMPERATURE (F)   45        22      1955


SUNRISE AND SUNSET
MARCH 25 2019.........SUNRISE   730 AM EDT   SUNSET   749 PM EDT
MARCH 26 2019.........SUNRISE   729 AM EDT   SUNSET   749 PM EDT


-  INDICATES NEGATIVE NUMBERS.
R  INDICATES RECORD WAS SET OR TIED.
MM INDICATES DATA IS MISSING.
T  INDICATES TRACE AMOUNT.




$$
