000
CDUS42 KFFC 220025
CLIAHN


CLIMATE REPORT
NATIONAL WEATHER SERVICE PEACHTREE CITY GA
825 PM EDT TUE MAY 21 2019


...................................

...THE ATHENS CLIMATE SUMMARY FOR MAY 21 2019...
VALID AS OF 0800 PM LOCAL TIME.

CLIMATE NORMAL PERIOD 1981 TO 2010
CLIMATE RECORD PERIOD 1898 TO 2019


WEATHER ITEM   OBSERVED TIME   RECORD YEAR NORMAL DEPARTURE LAST
                VALUE   (LST)  VALUE       VALUE  FROM      YEAR
                                                  NORMAL
..................................................................
TEMPERATURE (F)
 TODAY
  MAXIMUM         92    355 PM  98    1933  83      9       86
  MINIMUM         60    534 AM  44    1954  60      0       65
  AVERAGE         76                        72      4       76

PRECIPITATION (IN)
  TODAY            0.00          2.42 2017   0.09  -0.09     0.03
  MONTH TO DATE    1.62                      2.05  -0.43     3.74
  SINCE MAR 1      7.09                      9.63  -2.54    12.41
  SINCE JAN 1     16.04                     18.16  -2.12    22.82

SNOWFALL (IN)
  TODAY            0.0           0.0  2002   0.0    0.0      0.0
                                      2001
                                      2000
  MONTH TO DATE    0.0                       0.0    0.0      0.0
  SINCE MAR 1      0.0                       0.8   -0.8      0.0
  SINCE JUL 1      0.0                       2.9   -2.9      1.1
  SNOW DEPTH       0

DEGREE DAYS
 HEATING
  TODAY            0                         0      0        0
  MONTH TO DATE    5                        25    -20        2
  SINCE MAR 1    454                       513    -59      575
  SINCE JUL 1   2541                      2768   -227     2581

 COOLING
  TODAY           11                         7      4       11
  MONTH TO DATE  165                       100     65      159
  SINCE MAR 1    238                       157     81      173
  SINCE JAN 1    245                       158     87      207
..................................................................


WIND (MPH)
  HIGHEST WIND SPEED     9   HIGHEST WIND DIRECTION     E (80)
  HIGHEST GUST SPEED    14   HIGHEST GUST DIRECTION     E (90)
  AVERAGE WIND SPEED     2.1


SKY COVER
  AVERAGE SKY COVER 0.0


WEATHER CONDITIONS
 THE FOLLOWING WEATHER WAS RECORDED TODAY.
  NO SIGNIFICANT WEATHER WAS OBSERVED.


RELATIVE HUMIDITY (PERCENT)
 HIGHEST    90           300 AM
 LOWEST     32           400 PM

..........................................................


THE ATHENS CLIMATE NORMALS FOR TOMORROW
                         NORMAL    RECORD    YEAR
 MAXIMUM TEMPERATURE (F)   83        99      1941
 MINIMUM TEMPERATURE (F)   60        45      1993


SUNRISE AND SUNSET
MAY 21 2019...........SUNRISE   628 AM EDT   SUNSET   832 PM EDT
MAY 22 2019...........SUNRISE   628 AM EDT   SUNSET   833 PM EDT


-  INDICATES NEGATIVE NUMBERS.
R  INDICATES RECORD WAS SET OR TIED.
MM INDICATES DATA IS MISSING.
T  INDICATES TRACE AMOUNT.




$$
