000
CDUS42 KFFC 232043
CLIAHN


CLIMATE REPORT
NATIONAL WEATHER SERVICE PEACHTREE CITY GA
442 PM EDT TUE JUL 23 2019


...................................

...THE ATHENS CLIMATE SUMMARY FOR JULY 23 2019...
VALID TODAY AS OF 0400 PM LOCAL TIME.

CLIMATE NORMAL PERIOD 1981 TO 2010
CLIMATE RECORD PERIOD 1898 TO 2019


WEATHER ITEM   OBSERVED TIME   RECORD YEAR NORMAL DEPARTURE LAST
                VALUE   (LST)  VALUE       VALUE  FROM      YEAR
                                                  NORMAL
..................................................................
TEMPERATURE (F)
 TODAY
  MAXIMUM         86   1126 AM 104    1924  92     -6       85
  MINIMUM         73    619 AM  60    1966  70      3       66
  AVERAGE         80                        81     -1       76

PRECIPITATION (IN)
  TODAY            0.04          2.11 2000   0.14  -0.10     0.00
  MONTH TO DATE    1.28                      3.34  -2.06     2.33
  SINCE JUN 1      8.31                      7.52   0.79     9.61
  SINCE JAN 1     24.35                     26.63  -2.28    38.00

DEGREE DAYS
 HEATING
  TODAY            0                         0      0        0
  MONTH TO DATE    0                         0      0        0
  SINCE JUN 1      0                         1     -1        0
  SINCE JUL 1      0                         0      0        0

 COOLING
  TODAY           15                        16     -1       11
  MONTH TO DATE  428                       361     67      354
  SINCE JUN 1    795                       739     56      790
  SINCE JAN 1   1211                       979    232     1111
..................................................................


WIND (MPH)
  HIGHEST WIND SPEED     8   HIGHEST WIND DIRECTION    NW (310)
  HIGHEST GUST SPEED    12   HIGHEST GUST DIRECTION    NW (310)
  AVERAGE WIND SPEED     3.4


SKY COVER
  AVERAGE SKY COVER 0.5


WEATHER CONDITIONS
 THE FOLLOWING WEATHER WAS RECORDED TODAY.
  THUNDERSTORM
  RAIN
  LIGHT RAIN


RELATIVE HUMIDITY (PERCENT)
 HIGHEST    94           300 PM
 LOWEST     69          1100 AM
 AVERAGE    82

..........................................................


THE ATHENS CLIMATE NORMALS FOR TOMORROW
                         NORMAL    RECORD    YEAR
 MAXIMUM TEMPERATURE (F)   91       102      1952
 MINIMUM TEMPERATURE (F)   70        60      1947


SUNRISE AND SUNSET
JULY 23 2019..........SUNRISE   638 AM EDT   SUNSET   841 PM EDT
JULY 24 2019..........SUNRISE   639 AM EDT   SUNSET   840 PM EDT


-  INDICATES NEGATIVE NUMBERS.
R  INDICATES RECORD WAS SET OR TIED.
MM INDICATES DATA IS MISSING.
T  INDICATES TRACE AMOUNT.




$$
