000
CDUS43 KGRB 252120
CLIAUW


CLIMATE REPORT
NATIONAL WEATHER SERVICE GREEN BAY
419 PM CDT MON MAR 25 2019


...................................

...THE WAUSAU WI CLIMATE SUMMARY FOR MARCH 25 2019...
VALID TODAY AS OF 0400 PM LOCAL TIME.

CLIMATE NORMAL PERIOD 1981 TO 2010
CLIMATE RECORD PERIOD 1896 TO 2019


WEATHER ITEM   OBSERVED TIME   RECORD YEAR NORMAL DEPARTURE LAST
                VALUE   (LST)  VALUE       VALUE  FROM      YEAR
                                                  NORMAL
..................................................................
TEMPERATURE (F)
 TODAY
  MAXIMUM         41    259 PM  74    2007  44     -3       41
  MINIMUM         19    605 AM  -4    1971  24     -5       20
  AVERAGE         30                        34     -4       31

PRECIPITATION (IN)
  TODAY            0.00          0.70 1899   0.07  -0.07     0.00
  MONTH TO DATE    1.65                      1.38   0.27     0.56
  SINCE MAR 1      1.65                      1.38   0.27     0.56
  SINCE JAN 1      6.94                      3.32   3.62     3.03

SNOWFALL (IN)
  TODAY            0.0           7.0  1899   0.3   -0.3      0.0
  MONTH TO DATE    6.7                       8.7   -2.0      6.2
  SINCE MAR 1      6.7                       8.7   -2.0      6.2
  SINCE JUL 1     83.3                      54.0   29.3     48.7
  SNOW DEPTH      MM

DEGREE DAYS
 HEATING
  TODAY           35                        31      4       34
  MONTH TO DATE 1058                       907    151      930
  SINCE MAR 1   1058                       907    151      930
  SINCE JUL 1   7409                      7043    366     7018

 COOLING
  TODAY            0                         0      0        0
  MONTH TO DATE    0                         0      0        0
  SINCE JAN 1      0                         0      0        0
..................................................................


WIND (MPH)
  HIGHEST WIND SPEED    13   HIGHEST WIND DIRECTION     E (90)
  HIGHEST GUST SPEED    20   HIGHEST GUST DIRECTION    NE (40)
  AVERAGE WIND SPEED     4.4


SKY COVER
  POSSIBLE SUNSHINE  MM
  AVERAGE SKY COVER 0.0


WEATHER CONDITIONS
 THE FOLLOWING WEATHER WAS RECORDED TODAY.
  NO SIGNIFICANT WEATHER WAS OBSERVED.


RELATIVE HUMIDITY (PERCENT)
 HIGHEST    45           600 AM
 LOWEST     17           200 PM
 AVERAGE    31

..........................................................


THE WAUSAU WI CLIMATE NORMALS FOR TOMORROW
                         NORMAL    RECORD    YEAR
 MAXIMUM TEMPERATURE (F)   44        77      2007
 MINIMUM TEMPERATURE (F)   25        -9      1996
                                             1899


SUNRISE AND SUNSET
MARCH 25 2019.........SUNRISE   653 AM CDT   SUNSET   717 PM CDT
MARCH 26 2019.........SUNRISE   651 AM CDT   SUNSET   718 PM CDT


-  INDICATES NEGATIVE NUMBERS.
R  INDICATES RECORD WAS SET OR TIED.
MM INDICATES DATA IS MISSING.
T  INDICATES TRACE AMOUNT.




$$
