000
CDUS43 KGRB 230643
CLIAUW


CLIMATE REPORT
NATIONAL WEATHER SERVICE GREEN BAY
140 AM CDT TUE JUL 23 2019


...................................

...THE WAUSAU WI CLIMATE SUMMARY FOR JULY 22 2019...

CLIMATE NORMAL PERIOD 1981 TO 2010
CLIMATE RECORD PERIOD 1896 TO 2019


WEATHER ITEM   OBSERVED TIME   RECORD YEAR NORMAL DEPARTURE LAST
                VALUE   (LST)  VALUE       VALUE  FROM      YEAR
                                                  NORMAL
..................................................................
TEMPERATURE (F)
 YESTERDAY
  MAXIMUM         77    414 PM  95    1940  80     -3       81
  MINIMUM         56    533 AM  38    1947  59     -3       62
  AVERAGE         67                        70     -3

PRECIPITATION (IN)
  YESTERDAY        0.00          1.50 1978   0.13  -0.13     0.00
  MONTH TO DATE    6.05                      2.68   3.37     2.00
  SINCE JUN 1     10.44                      6.99   3.45     7.07
  SINCE JAN 1     27.61                     16.90  10.71    17.48

SNOWFALL (IN)
  YESTERDAY        0.0           0.0    MM   0.0    0.0      0.0
  MONTH TO DATE    0.0                       0.0    0.0      0.0
  SINCE JUL 1      0.0                       0.0    0.0      0.0
  SNOW DEPTH       0

DEGREE DAYS
 HEATING
  YESTERDAY        0                         1     -1        0
  MONTH TO DATE    0                        22    -22        0
  SINCE JUN 1     85                       111    -26       30
  SINCE JUL 1      0                        22    -22        0

 COOLING
  YESTERDAY        2                         5     -3        7
  MONTH TO DATE  158                       110     48      168
  SINCE JUN 1    213                       195     18      279
  SINCE JAN 1    218                       214      4      364
..................................................................


WIND (MPH)
  HIGHEST WIND SPEED    16   HIGHEST WIND DIRECTION    NW (330)
  HIGHEST GUST SPEED    24   HIGHEST GUST DIRECTION     N (350)
  AVERAGE WIND SPEED     7.2


SKY COVER
  POSSIBLE SUNSHINE  MM
  AVERAGE SKY COVER 0.2


WEATHER CONDITIONS
 THE FOLLOWING WEATHER WAS RECORDED YESTERDAY.
  NO SIGNIFICANT WEATHER WAS OBSERVED.


RELATIVE HUMIDITY (PERCENT)
 HIGHEST    93           500 AM
 LOWEST     36           200 PM
 AVERAGE    65

..........................................................


THE WAUSAU WI CLIMATE NORMALS FOR TODAY
                         NORMAL    RECORD    YEAR
 MAXIMUM TEMPERATURE (F)   80       101      1934
 MINIMUM TEMPERATURE (F)   59        47      1904


SUNRISE AND SUNSET
JULY 23 2019..........SUNRISE   534 AM CDT   SUNSET   835 PM CDT
JULY 24 2019..........SUNRISE   535 AM CDT   SUNSET   834 PM CDT


-  INDICATES NEGATIVE NUMBERS.
R  INDICATES RECORD WAS SET OR TIED.
MM INDICATES DATA IS MISSING.
T  INDICATES TRACE AMOUNT.




$$
