950
CDUS43 KGRB 212139
CLIAUW


CLIMATE REPORT
NATIONAL WEATHER SERVICE GREEN BAY
438 PM CDT TUE MAY 21 2019


...................................

...THE WAUSAU WI CLIMATE SUMMARY FOR MAY 21 2019...
VALID TODAY AS OF 0400 PM LOCAL TIME.

CLIMATE NORMAL PERIOD 1981 TO 2010
CLIMATE RECORD PERIOD 1896 TO 2019


WEATHER ITEM   OBSERVED TIME   RECORD YEAR NORMAL DEPARTURE LAST
                VALUE   (LST)  VALUE       VALUE  FROM      YEAR
                                                  NORMAL
..................................................................
TEMPERATURE (F)
 TODAY
  MAXIMUM         60    107 PM  88    1972  69     -9       64
  MINIMUM         41    501 AM  30    1907  46     -5       39
  AVERAGE         51                        57     -6       52

PRECIPITATION (IN)
  TODAY            0.00          1.60 1970   0.12  -0.12     0.16
  MONTH TO DATE    3.62                      2.27   1.35     2.09
  SINCE MAR 1      9.96                      6.76   3.20     6.95
  SINCE JAN 1     15.25                      8.70   6.55     9.42

SNOWFALL (IN)
  TODAY            0.0           0.1  1917   0.0    0.0      0.0
  MONTH TO DATE    0.0                       0.2   -0.2      0.0
  SINCE MAR 1     19.8                      14.3    5.5     46.7
  SINCE JUL 1     96.8                      59.6   37.2     89.2
  SNOW DEPTH       0

DEGREE DAYS
 HEATING
  TODAY           14                         9      5       13
  MONTH TO DATE  302                       238     64      128
  SINCE MAR 1   2228                      1954    274     2202
  SINCE JUL 1   8579                      8090    489     8290

 COOLING
  TODAY            0                         1     -1        0
  MONTH TO DATE    0                         4     -4        4
  SINCE JAN 1      0                         6     -6        4
..................................................................


WIND (MPH)
  HIGHEST WIND SPEED    23   HIGHEST WIND DIRECTION    SE (120)
  HIGHEST GUST SPEED    32   HIGHEST GUST DIRECTION    SE (120)
  AVERAGE WIND SPEED    12.2


SKY COVER
  POSSIBLE SUNSHINE  MM
  AVERAGE SKY COVER 0.0


WEATHER CONDITIONS
 THE FOLLOWING WEATHER WAS RECORDED TODAY.
  NO SIGNIFICANT WEATHER WAS OBSERVED.


RELATIVE HUMIDITY (PERCENT)
 HIGHEST    86           500 AM
 LOWEST     36          1100 AM
 AVERAGE    61

..........................................................


THE WAUSAU WI CLIMATE NORMALS FOR TOMORROW
                         NORMAL    RECORD    YEAR
 MAXIMUM TEMPERATURE (F)   69        88      1925
 MINIMUM TEMPERATURE (F)   46        30      1967
                                             1963


SUNRISE AND SUNSET
MAY 21 2019...........SUNRISE   524 AM CDT   SUNSET   827 PM CDT
MAY 22 2019...........SUNRISE   523 AM CDT   SUNSET   828 PM CDT


-  INDICATES NEGATIVE NUMBERS.
R  INDICATES RECORD WAS SET OR TIED.
MM INDICATES DATA IS MISSING.
T  INDICATES TRACE AMOUNT.




$$
