000
CDUS43 KGRB 282133
CLIAUW


CLIMATE REPORT
NATIONAL WEATHER SERVICE GREEN BAY
431 PM CDT THU MAY 28 2020


...................................

...THE WAUSAU WI CLIMATE SUMMARY FOR MAY 28 2020...
VALID TODAY AS OF 0400 PM LOCAL TIME.

CLIMATE NORMAL PERIOD 1981 TO 2010
CLIMATE RECORD PERIOD 1896 TO 2020


WEATHER ITEM   OBSERVED TIME   RECORD YEAR NORMAL DEPARTURE LAST
                VALUE   (LST)  VALUE       VALUE  FROM      YEAR
                                                  NORMAL
..................................................................
TEMPERATURE (F)
 TODAY
  MAXIMUM         69    157 PM  93    2018  71     -2       63
  MINIMUM         65   1243 PM  32    1949  48     17       49
                                      1947
                                      1932
  AVERAGE         67                        59      8       56

PRECIPITATION (IN)
  TODAY            0.88          2.00 1941   0.12   0.76     0.05
  MONTH TO DATE    3.02                      3.09  -0.07     5.15
  SINCE MAR 1      8.92                      7.58   1.34    11.49
  SINCE JAN 1     11.20                      9.52   1.68    16.78

SNOWFALL (IN)
  TODAY            0.0           1.0  1947   0.0    0.0      0.0
  MONTH TO DATE    T                         0.2   -0.2      0.0
  SINCE MAR 1      7.7                      14.3   -6.6     19.8
  SINCE JUL 1     70.7                      59.6   11.1     96.8
  SNOW DEPTH       0

DEGREE DAYS
 HEATING
  TODAY            0                         7     -7        9
  MONTH TO DATE  323                       290     33      385
  SINCE MAR 1   2026                      2006     20     2311
  SINCE JUL 1   8013                      8142   -129     8662

 COOLING
  TODAY            2                         1      1        0
  MONTH TO DATE   29                        11     18        1
  SINCE JAN 1     29                        13     16        1
..................................................................


WIND (MPH)
  HIGHEST WIND SPEED    14   HIGHEST WIND DIRECTION     N (360)
  HIGHEST GUST SPEED    24   HIGHEST GUST DIRECTION     N (10)
  AVERAGE WIND SPEED     3.1


SKY COVER
  POSSIBLE SUNSHINE  MM
  AVERAGE SKY COVER 0.8


WEATHER CONDITIONS
 THE FOLLOWING WEATHER WAS RECORDED TODAY.
  HEAVY RAIN
  RAIN
  LIGHT RAIN
  FOG


RELATIVE HUMIDITY (PERCENT)
 HIGHEST   100          1200 AM
 LOWEST     53           200 PM
 AVERAGE    77

..........................................................


THE WAUSAU WI CLIMATE NORMALS FOR TOMORROW
                         NORMAL    RECORD    YEAR
 MAXIMUM TEMPERATURE (F)   71        93      1895
 MINIMUM TEMPERATURE (F)   48        31      1965
                                             1947


SUNRISE AND SUNSET
MAY 28 2020...........SUNRISE   517 AM CDT   SUNSET   835 PM CDT
MAY 29 2020...........SUNRISE   517 AM CDT   SUNSET   836 PM CDT


-  INDICATES NEGATIVE NUMBERS.
R  INDICATES RECORD WAS SET OR TIED.
MM INDICATES DATA IS MISSING.
T  INDICATES TRACE AMOUNT.




$$
