000
CDUS42 KILM 252043
CLICRE


CLIMATE REPORT
NATIONAL WEATHER SERVICE WILMINGTON NC
442 PM EDT SAT MAY 25 2019


...................................

...THE N.MYRTLE BEACH SOUTH CAROLINA CLIMATE SUMMARY FOR MAY 25 2019...
VALID TODAY AS OF 0400 PM LOCAL TIME.

CLIMATE NORMAL PERIOD 1981 TO 2010
CLIMATE RECORD PERIOD 1949 TO 2019


WEATHER ITEM   OBSERVED TIME   RECORD YEAR NORMAL DEPARTURE LAST
                VALUE   (LST)  VALUE       VALUE  FROM      YEAR
                                                  NORMAL
..................................................................
TEMPERATURE (F)
 TODAY
  MAXIMUM         85    150 PM  90    1996  80      5       81
  MINIMUM         71    155 AM  46    2013  64      7       69
  AVERAGE         78                        72      6       75

PRECIPITATION (IN)
  TODAY            0.00          0.52 2000   0.12  -0.12     0.00
  MONTH TO DATE    1.16                      2.61  -1.45     2.73
  SINCE MAR 1      8.30                      9.49  -1.19     9.80
  SINCE JAN 1     11.30                     16.60  -5.30    15.51

DEGREE DAYS
 HEATING
  TODAY            0                         0      0        0
  MONTH TO DATE    6                        23    -17        4
  SINCE MAR 1    419                       502    -83      574
  SINCE JUL 1   2058                      2446   -388     2338

 COOLING
  TODAY           13                         7      6       10
  MONTH TO DATE  205                       122     83      192
  SINCE MAR 1    278                       164    114      216
  SINCE JAN 1    281                       164    117      236
..................................................................


WIND (MPH)
  RESULTANT WIND SPEED   8   RESULTANT WIND DIRECTION   E (90)
  HIGHEST WIND SPEED    17   HIGHEST WIND DIRECTION     E (90)
  HIGHEST GUST SPEED    25   HIGHEST GUST DIRECTION     E (100)
  AVERAGE WIND SPEED     8.6


SKY COVER
  POSSIBLE SUNSHINE  MM
  AVERAGE SKY COVER 0.2


WEATHER CONDITIONS
 THE FOLLOWING WEATHER WAS RECORDED TODAY.
  NO SIGNIFICANT WEATHER WAS OBSERVED.


RELATIVE HUMIDITY (PERCENT)
 HIGHEST    94           700 AM
 LOWEST     70          1100 AM
 AVERAGE    82

..........................................................


THE N.MYRTLE BEACH SOUTH CAROLINA CLIMATE NORMALS FOR TOMORROW
                         NORMAL    RECORD    YEAR
 MAXIMUM TEMPERATURE (F)   81        97      1953
 MINIMUM TEMPERATURE (F)   64        53      2005


SUNRISE AND SUNSET
MAY 25 2019...........SUNRISE   608 AM EDT   SUNSET   816 PM EDT
MAY 26 2019...........SUNRISE   607 AM EDT   SUNSET   817 PM EDT


-  INDICATES NEGATIVE NUMBERS.
R  INDICATES RECORD WAS SET OR TIED.
MM INDICATES DATA IS MISSING.
T  INDICATES TRACE AMOUNT.




$$
