000
CDUS42 KILM 190841
CLICRE


CLIMATE REPORT
NATIONAL WEATHER SERVICE WILMINGTON NC
441 AM EDT THU APR 19 2018


...................................

...THE N.MYRTLE BEACH SOUTH CAROLINA CLIMATE SUMMARY FOR APRIL 18 2018...

CLIMATE NORMAL PERIOD 1981 TO 2010
CLIMATE RECORD PERIOD 1949 TO 2018


WEATHER ITEM   OBSERVED TIME   RECORD YEAR NORMAL DEPARTURE LAST
                VALUE   (LST)  VALUE       VALUE  FROM      YEAR
                                                  NORMAL
..................................................................
TEMPERATURE (F)
 YESTERDAY
  MAXIMUM         78   1105 AM  82    2002  72      6       76
  MINIMUM         57    542 AM  35    2001  53      4       60
  AVERAGE         68                        62      6       68

PRECIPITATION (IN)
  YESTERDAY        0.00          0.72 2014   0.09  -0.09     0.00
  MONTH TO DATE    2.57                      1.84   0.73     2.25
  SINCE MAR 1      4.57                      5.76  -1.19     4.19
  SINCE JAN 1     10.28                     12.87  -2.59     7.72

SNOWFALL (IN)
  YESTERDAY       MM            MM          MM
  MONTH TO DATE   MM                        MM
  SINCE MAR 1     MM                        MM
  SINCE JUL 1     MM                        MM
  SNOW DEPTH      MM

DEGREE DAYS
 HEATING
  YESTERDAY        0                         4     -4        0
  MONTH TO DATE  133                       105     28       47
  SINCE MAR 1    529                       443     86      391
  SINCE JUL 1   2293                      2387    -94     1795

 COOLING
  YESTERDAY        3                         1      2        3
  MONTH TO DATE   13                        14     -1       26
  SINCE MAR 1     13                        17     -4       38
  SINCE JAN 1     33                        17     16       39
..................................................................


WIND (MPH)
  RESULTANT WIND SPEED  15   RESULTANT WIND DIRECTION  SW (220)
  HIGHEST WIND SPEED    26   HIGHEST WIND DIRECTION    SW (220)
  HIGHEST GUST SPEED    33   HIGHEST GUST DIRECTION    SW (210)
  AVERAGE WIND SPEED    16.0


SKY COVER
  POSSIBLE SUNSHINE  MM
  AVERAGE SKY COVER 0.0


WEATHER CONDITIONS
 THE FOLLOWING WEATHER WAS RECORDED YESTERDAY.
  NO SIGNIFICANT WEATHER WAS OBSERVED.


RELATIVE HUMIDITY (PERCENT)
 HIGHEST    73           600 PM
 LOWEST     36          1100 AM
 AVERAGE    55

..........................................................


THE N.MYRTLE BEACH SOUTH CAROLINA CLIMATE NORMALS FOR TODAY
                         NORMAL    RECORD    YEAR
 MAXIMUM TEMPERATURE (F)   72        88      2016
 MINIMUM TEMPERATURE (F)   53        32      2001


SUNRISE AND SUNSET
APRIL 19 2018.........SUNRISE   639 AM EDT   SUNSET   749 PM EDT
APRIL 20 2018.........SUNRISE   638 AM EDT   SUNSET   750 PM EDT


-  INDICATES NEGATIVE NUMBERS.
R  INDICATES RECORD WAS SET OR TIED.
MM INDICATES DATA IS MISSING.
T  INDICATES TRACE AMOUNT.




$$
