000
CDUS42 KILM 220842
CLICRE


CLIMATE REPORT
NATIONAL WEATHER SERVICE WILMINGTON NC
442 AM EDT MON JUL 22 2019


...................................

...THE N.MYRTLE BEACH SOUTH CAROLINA CLIMATE SUMMARY FOR JULY 21 2019...

CLIMATE NORMAL PERIOD 1981 TO 2010
CLIMATE RECORD PERIOD 1931 TO 2019


WEATHER ITEM   OBSERVED TIME   RECORD YEAR NORMAL DEPARTURE LAST
                VALUE   (LST)  VALUE       VALUE  FROM      YEAR
                                                  NORMAL
..................................................................
TEMPERATURE (F)
 YESTERDAY
  MAXIMUM         90   1031 AM 101    1952  88      2       89
  MINIMUM         79    540 AM  66    2001  73      6       72
                                      1957
                                      1944
  AVERAGE         85                        80      5       81

PRECIPITATION (IN)
  YESTERDAY        0.00          2.25 1939   0.21  -0.21     0.00
  MONTH TO DATE    6.04                      4.00   2.04     6.13
  SINCE JUN 1     10.89                      8.64   2.25    11.32
  SINCE JAN 1     22.50                     26.04  -3.54    29.74

DEGREE DAYS
 HEATING
  YESTERDAY        0                         0      0        0
  MONTH TO DATE    0                         0      0        0
  SINCE JUN 1      0                         0      0        0
  SINCE JUL 1      0                         0      0        0

 COOLING
  YESTERDAY       20                        15      5       16
  MONTH TO DATE  361                       327     34      309
  SINCE JUN 1    764                       684     80      758
  SINCE JAN 1   1157                       896    261     1073
..................................................................


WIND (MPH)
  RESULTANT WIND SPEED  12   RESULTANT WIND DIRECTION  SW (220)
  HIGHEST WIND SPEED    21   HIGHEST WIND DIRECTION    SW (220)
  HIGHEST GUST SPEED    26   HIGHEST GUST DIRECTION    SW (210)
  AVERAGE WIND SPEED    13.2


SKY COVER
  POSSIBLE SUNSHINE  MM
  AVERAGE SKY COVER 0.1


WEATHER CONDITIONS
 THE FOLLOWING WEATHER WAS RECORDED YESTERDAY.
  NO SIGNIFICANT WEATHER WAS OBSERVED.


RELATIVE HUMIDITY (PERCENT)
 HIGHEST    97           400 AM
 LOWEST     64          1000 AM
 AVERAGE    81

..........................................................


THE N.MYRTLE BEACH SOUTH CAROLINA CLIMATE NORMALS FOR TODAY
                         NORMAL    RECORD    YEAR
 MAXIMUM TEMPERATURE (F)   88        96      1942
 MINIMUM TEMPERATURE (F)   73        62      1965


SUNRISE AND SUNSET
JULY 22 2019..........SUNRISE   620 AM EDT   SUNSET   823 PM EDT
JULY 23 2019..........SUNRISE   620 AM EDT   SUNSET   822 PM EDT


-  INDICATES NEGATIVE NUMBERS.
R  INDICATES RECORD WAS SET OR TIED.
MM INDICATES DATA IS MISSING.
T  INDICATES TRACE AMOUNT.




$$
