000
CDUS42 KMLB 192023
CLIDAB


CLIMATE REPORT
NATIONAL WEATHER SERVICE MELBOURNE FL
422 PM EDT TUE MAR 19 2019


...................................

...THE DAYTONA BEACH CLIMATE SUMMARY FOR MARCH 19 2019...
VALID TODAY AS OF 0400 PM LOCAL TIME.

CLIMATE NORMAL PERIOD 1981 TO 2010
CLIMATE RECORD PERIOD 1923 TO 2019


WEATHER ITEM   OBSERVED TIME   RECORD YEAR NORMAL DEPARTURE LAST
                VALUE   (LST)  VALUE       VALUE  FROM      YEAR
                                                  NORMAL
..................................................................
TEMPERATURE (F)
 TODAY
  MAXIMUM         70    206 PM  88    1977  75     -5       73
                                      1955
                                      1953
  MINIMUM         62    759 AM  36    1962  55      7       64
  AVERAGE         66                        65      1       69

PRECIPITATION (IN)
  TODAY            0.01          4.28 2001   0.15  -0.14     0.56
  MONTH TO DATE    0.06                      2.58  -2.52     0.72
  SINCE MAR 1      0.06                      2.58  -2.52     0.72
  SINCE JAN 1      4.86                      8.10  -3.24     7.52

SNOWFALL (IN)
  TODAY            0.0
  MONTH TO DATE    0.0
  SINCE JUL 1      0.0

DEGREE DAYS
 HEATING
  TODAY            0                         3     -3        0
  MONTH TO DATE   48                        70    -22      112
  SINCE MAR 1     48                        70    -22      112
  SINCE JUL 1    522                       752   -230      609

 COOLING
  TODAY            1                         3     -2        4
  MONTH TO DATE   72                        42     30       26
  SINCE MAR 1     72                        42     30       26
  SINCE JAN 1    234                       107    127      188
..................................................................


WIND (MPH)
  HIGHEST WIND SPEED    17   HIGHEST WIND DIRECTION     N (10)
  HIGHEST GUST SPEED    22   HIGHEST GUST DIRECTION     N (10)
  AVERAGE WIND SPEED     9.4


SKY COVER
  AVERAGE SKY COVER 1.0


WEATHER CONDITIONS
 THE FOLLOWING WEATHER WAS RECORDED TODAY.
  LIGHT RAIN


RELATIVE HUMIDITY (PERCENT)
 HIGHEST    87           300 PM
 LOWEST     52          1200 AM
 AVERAGE    70

..........................................................


THE DAYTONA BEACH CLIMATE NORMALS FOR TOMORROW
                         NORMAL    RECORD    YEAR
 MAXIMUM TEMPERATURE (F)   75        90      2003
                                             1977
                                             1945
 MINIMUM TEMPERATURE (F)   55        40      1981
                                             1956


SUNRISE AND SUNSET
MARCH 19 2019.........SUNRISE   730 AM EDT   SUNSET   735 PM EDT
MARCH 20 2019.........SUNRISE   728 AM EDT   SUNSET   735 PM EDT


-  INDICATES NEGATIVE NUMBERS.
R  INDICATES RECORD WAS SET OR TIED.
MM INDICATES DATA IS MISSING.
T  INDICATES TRACE AMOUNT.




$$
