000
CDUS42 KMLB 282032
CLIDAB

CLIMATE REPORT
NATIONAL WEATHER SERVICE MELBOURNE FL
432 PM EDT THU MAY 28 2020

...................................

...THE DAYTONA BEACH CLIMATE SUMMARY FOR MAY 28 2020...
VALID TODAY AS OF 0400 PM LOCAL TIME.

CLIMATE NORMAL PERIOD 1981 TO 2010
CLIMATE RECORD PERIOD 1923 TO 2020


WEATHER ITEM   OBSERVED TIME   RECORD YEAR NORMAL DEPARTURE LAST
                VALUE   (LST)  VALUE       VALUE  FROM      YEAR
                                                  NORMAL
...................................................................
TEMPERATURE (F)
 TODAY
  MAXIMUM         89   1234 PM  99    2000  87      2       97
  MINIMUM         71    549 AM  53    1935  69      2       73
  AVERAGE         80                        78      2       85

PRECIPITATION (IN)
  TODAY            0.00          2.70 1934   0.15  -0.15     0.00
  MONTH TO DATE    1.43                      2.64  -1.21     1.95
  SINCE MAR 1      5.05                      9.06  -4.01     6.54
  SINCE JAN 1      7.77                     14.58  -6.81    11.34

SNOWFALL (IN)
  TODAY            0.0
  MONTH TO DATE    0.0
  SINCE JUL 1      0.0

DEGREE DAYS
 HEATING
  TODAY            0                         0      0        0
  MONTH TO DATE    3                         0      3        0
  SINCE MAR 1     37                       125    -88       67
  SINCE JUL 1    458                       807   -349      541

 COOLING
  TODAY           15                        13      2       20
  MONTH TO DATE  274                       274      0      353
  SINCE MAR 1    718                       496    222      641
  SINCE JAN 1    885                       561    324      803
...................................................................


WIND (MPH)
  HIGHEST WIND SPEED    15   HIGHEST WIND DIRECTION    SE (120)
  HIGHEST GUST SPEED    21   HIGHEST GUST DIRECTION    SE (120)
  AVERAGE WIND SPEED     6.5


SKY COVER
  AVERAGE SKY COVER 0.6


WEATHER CONDITIONS
THE FOLLOWING WEATHER WAS RECORDED TODAY.
  THUNDERSTORM


RELATIVE HUMIDITY (PERCENT)
 HIGHEST   100          1200 AM
 LOWEST     65          1200 PM
 AVERAGE    83

..........................................................


THE DAYTONA BEACH CLIMATE NORMALS FOR TOMORROW
                         NORMAL    RECORD    YEAR
 MAXIMUM TEMPERATURE (F)   87        95      1973
                                             1990
                                             2019
 MINIMUM TEMPERATURE (F)   69        53      1935


SUNRISE AND SUNSET
MAY 28 2020...........SUNRISE   626 AM EDT   SUNSET   817 PM EDT
MAY 29 2020...........SUNRISE   626 AM EDT   SUNSET   818 PM EDT


-  INDICATES NEGATIVE NUMBERS.
R  INDICATES RECORD WAS SET OR TIED.
MM INDICATES DATA IS MISSING.
T  INDICATES TRACE AMOUNT.




$$
