000
CDUS42 KMLB 262016
CLIDAB


CLIMATE REPORT
NATIONAL WEATHER SERVICE MELBOURNE FL
416 PM EDT SUN MAY 26 2019


...................................

...THE DAYTONA BEACH CLIMATE SUMMARY FOR MAY 26 2019...
VALID TODAY AS OF 0400 PM LOCAL TIME.

CLIMATE NORMAL PERIOD 1981 TO 2010
CLIMATE RECORD PERIOD 1923 TO 2019


WEATHER ITEM   OBSERVED TIME   RECORD YEAR NORMAL DEPARTURE LAST
                VALUE   (LST)  VALUE       VALUE  FROM      YEAR
                                                  NORMAL
..................................................................
TEMPERATURE (F)
 TODAY
  MAXIMUM         89    227 PM 100    1953  86      3       83
  MINIMUM         68    539 AM  57    2017  68      0       71
                                      1979
                                      1935
  AVERAGE         79                        77      2       77

PRECIPITATION (IN)
  TODAY            0.00          4.22 1947   0.13  -0.13     0.05
  MONTH TO DATE    1.95                      2.35  -0.40     8.36
  SINCE MAR 1      6.54                      8.77  -2.23    14.06
  SINCE JAN 1     11.34                     14.29  -2.95    20.86

SNOWFALL (IN)
  TODAY            0.0
  MONTH TO DATE    0.0
  SINCE JUL 1      0.0

DEGREE DAYS
 HEATING
  TODAY            0                         0      0        0
  MONTH TO DATE    0                         0      0        0
  SINCE MAR 1     67                       125    -58      148
  SINCE JUL 1    541                       807   -266      645

 COOLING
  TODAY           14                        12      2       12
  MONTH TO DATE  314                       249     65      243
  SINCE MAR 1    602                       471    131      481
  SINCE JAN 1    764                       536    228      643
..................................................................


WIND (MPH)
  HIGHEST WIND SPEED    14   HIGHEST WIND DIRECTION     E (70)
  HIGHEST GUST SPEED    17   HIGHEST GUST DIRECTION     E (80)
  AVERAGE WIND SPEED     4.0


SKY COVER
  AVERAGE SKY COVER 0.1


WEATHER CONDITIONS
 THE FOLLOWING WEATHER WAS RECORDED TODAY.
  FOG


RELATIVE HUMIDITY (PERCENT)
 HIGHEST   100          1200 AM
 LOWEST     59          1100 AM
 AVERAGE    80

..........................................................


THE DAYTONA BEACH CLIMATE NORMALS FOR TOMORROW
                         NORMAL    RECORD    YEAR
 MAXIMUM TEMPERATURE (F)   87        97      1967
 MINIMUM TEMPERATURE (F)   68        53      1935


SUNRISE AND SUNSET
MAY 26 2019...........SUNRISE   627 AM EDT   SUNSET   816 PM EDT
MAY 27 2019...........SUNRISE   627 AM EDT   SUNSET   816 PM EDT


-  INDICATES NEGATIVE NUMBERS.
R  INDICATES RECORD WAS SET OR TIED.
MM INDICATES DATA IS MISSING.
T  INDICATES TRACE AMOUNT.




$$
