000
CDUS42 KMLB 230632
CLIDAB


CLIMATE REPORT
NATIONAL WEATHER SERVICE MELBOURNE FL
230 AM EDT TUE JUL 23 2019


...................................

...THE DAYTONA BEACH CLIMATE SUMMARY FOR JULY 22 2019...

CLIMATE NORMAL PERIOD 1981 TO 2010
CLIMATE RECORD PERIOD 1923 TO 2019


WEATHER ITEM   OBSERVED TIME   RECORD YEAR NORMAL DEPARTURE LAST
                VALUE   (LST)  VALUE       VALUE  FROM      YEAR
                                                  NORMAL
..................................................................
TEMPERATURE (F)
 YESTERDAY
  MAXIMUM         90   1231 PM  99    1942  91     -1       92
  MINIMUM         73    515 AM  66    1965  73      0       71
  AVERAGE         82                        82      0       82

PRECIPITATION (IN)
  YESTERDAY        T             3.45 1944   0.17  -0.17     0.98
  MONTH TO DATE    5.42                      4.12   1.30     4.75
  SINCE JUN 1     15.43                      9.95   5.48    12.29
  SINCE JAN 1     26.77                     25.02   1.75    37.68

SNOWFALL (IN)
  YESTERDAY        0.0
  MONTH TO DATE    0.0
  SINCE JUL 1      0.0

DEGREE DAYS
 HEATING
  YESTERDAY        0                         0      0        0
  MONTH TO DATE    0                         0      0        0
  SINCE JUN 1      0                         0      0        0
  SINCE JUL 1      0                         0      0        0

 COOLING
  YESTERDAY       17                        17      0       17
  MONTH TO DATE  399                       363     36      376
  SINCE JUN 1    918                       810    108      853
  SINCE JAN 1   1776                      1411    365     1565
..................................................................


WIND (MPH)
  HIGHEST WIND SPEED    16   HIGHEST WIND DIRECTION     E (70)
  HIGHEST GUST SPEED    20   HIGHEST GUST DIRECTION     E (70)
  AVERAGE WIND SPEED     4.7


SKY COVER
  AVERAGE SKY COVER 0.6


WEATHER CONDITIONS
 THE FOLLOWING WEATHER WAS RECORDED YESTERDAY.
  THUNDERSTORM
  LIGHT RAIN


RELATIVE HUMIDITY (PERCENT)
 HIGHEST   100           100 AM
 LOWEST     68          1000 AM
 AVERAGE    84

..........................................................


THE DAYTONA BEACH CLIMATE NORMALS FOR TODAY
                         NORMAL    RECORD    YEAR
 MAXIMUM TEMPERATURE (F)   91        98      1932
 MINIMUM TEMPERATURE (F)   73        65      1965


SUNRISE AND SUNSET
JULY 23 2019..........SUNRISE   639 AM EDT   SUNSET   822 PM EDT
JULY 24 2019..........SUNRISE   640 AM EDT   SUNSET   821 PM EDT


-  INDICATES NEGATIVE NUMBERS.
R  INDICATES RECORD WAS SET OR TIED.
MM INDICATES DATA IS MISSING.
T  INDICATES TRACE AMOUNT.




$$
