000
CDUS42 KMLB 262015
CLIDAB


CLIMATE REPORT
NATIONAL WEATHER SERVICE MELBOURNE FL
415 PM EDT THU APR 26 2018


...................................

...THE DAYTONA BEACH CLIMATE SUMMARY FOR APRIL 26 2018...
VALID TODAY AS OF 0400 PM LOCAL TIME.

CLIMATE NORMAL PERIOD 1981 TO 2010
CLIMATE RECORD PERIOD 1923 TO 2018


WEATHER ITEM   OBSERVED TIME   RECORD YEAR NORMAL DEPARTURE LAST
                VALUE   (LST)  VALUE       VALUE  FROM      YEAR
                                                  NORMAL
..................................................................
TEMPERATURE (F)
 TODAY
  MAXIMUM         81    255 PM  93    1967  81      0       84
  MINIMUM         59    617 AM  49    1986  60     -1       55
                                      1983
  AVERAGE         70                        71     -1       70

PRECIPITATION (IN)
  TODAY            0.00          1.20 1939   0.06  -0.06     0.00
  MONTH TO DATE    4.09                      1.97   2.12     1.22
  SINCE MAR 1      5.70                      6.21  -0.51     2.29
  SINCE JAN 1     12.50                     11.73   0.77     6.30

SNOWFALL (IN)
  TODAY            0.0
  MONTH TO DATE    T
  SINCE JUL 1      T

DEGREE DAYS
 HEATING
  TODAY            0                         0      0        0
  MONTH TO DATE    9                        27    -18       13
  SINCE MAR 1    148                       124     24       95
  SINCE JUL 1    645                       806   -161      401

 COOLING
  TODAY            5                         6     -1        5
  MONTH TO DATE  138                       119     19      166
  SINCE MAR 1    208                       196     12      287
  SINCE JAN 1    370                       261    109      407
..................................................................


WIND (MPH)
  HIGHEST WIND SPEED    15   HIGHEST WIND DIRECTION    SW (240)
  HIGHEST GUST SPEED    19   HIGHEST GUST DIRECTION     W (250)
  AVERAGE WIND SPEED     5.7


SKY COVER
  AVERAGE SKY COVER 0.3


WEATHER CONDITIONS
 THE FOLLOWING WEATHER WAS RECORDED TODAY.
  NO SIGNIFICANT WEATHER WAS OBSERVED.


RELATIVE HUMIDITY (PERCENT)
 HIGHEST   100           500 AM
 LOWEST     54           100 PM
 AVERAGE    77

..........................................................


THE DAYTONA BEACH CLIMATE NORMALS FOR TOMORROW
                         NORMAL    RECORD    YEAR
 MAXIMUM TEMPERATURE (F)   81        93      1989
 MINIMUM TEMPERATURE (F)   61        46      1926


SUNRISE AND SUNSET
APRIL 26 2018.........SUNRISE   647 AM EDT   SUNSET   757 PM EDT
APRIL 27 2018.........SUNRISE   646 AM EDT   SUNSET   758 PM EDT


-  INDICATES NEGATIVE NUMBERS.
R  INDICATES RECORD WAS SET OR TIED.
MM INDICATES DATA IS MISSING.
T  INDICATES TRACE AMOUNT.




$$
