000
CDUS46 KPQR 270223
CLIEUG


CLIMATE REPORT
NATIONAL WEATHER SERVICE PORTLAND OREGON
723 PM PDT TUE MAR 26 2019


...................................

...THE EUGENE OR CLIMATE SUMMARY FOR MARCH 26 2019...
VALID TODAY AS OF 0700 PM LOCAL TIME.

CLIMATE NORMAL PERIOD 1981 TO 2010
CLIMATE RECORD PERIOD 1892 TO 2019


WEATHER ITEM   OBSERVED TIME   RECORD YEAR NORMAL DEPARTURE LAST
                VALUE   (LST)  VALUE       VALUE  FROM      YEAR
                                                  NORMAL
..................................................................
TEMPERATURE (F)
 TODAY
  MAXIMUM         59    336 PM  72    1969  58      1       50
  MINIMUM         33    636 AM  24    1913  38     -5       30
  AVERAGE         46                        48     -2       40

PRECIPITATION (IN)
  TODAY            T             1.42 1962   0.15  -0.15     0.00
  MONTH TO DATE    1.03                      4.24  -3.21     3.72
  SINCE OCT 1     23.08                     35.34 -12.26    25.28
  SINCE JAN 1     12.26                     16.54  -4.28    11.27

SNOWFALL (IN)
  TODAY           MM
  MONTH TO DATE    T
  SINCE MAR 1      T
  SINCE JUL 1     19.1

DEGREE DAYS
 HEATING
  TODAY           19                        17      2       25
  MONTH TO DATE  543                       483     60      579
  SINCE MAR 1    543                       483     60      579
  SINCE JUL 1   3712                      3810    -98     3902

 COOLING
  TODAY            0                         0      0        0
  MONTH TO DATE    0                         0      0        0
  SINCE MAR 1      0                         0      0        0
  SINCE JAN 1      0                         0      0        0
..................................................................


WIND (MPH)
  HIGHEST WIND SPEED     8   HIGHEST WIND DIRECTION     N (20)
  HIGHEST GUST SPEED    10   HIGHEST GUST DIRECTION     N (340)
  AVERAGE WIND SPEED     4.2


SKY COVER
  POSSIBLE SUNSHINE  MM
  AVERAGE SKY COVER 0.9


WEATHER CONDITIONS
 THE FOLLOWING WEATHER WAS RECORDED TODAY.
  FOG
  FOG W/VISIBILITY <= 1/4 MILE
  HAZE


RELATIVE HUMIDITY (PERCENT)
 HIGHEST   100           400 AM
 LOWEST     43           300 PM
 AVERAGE    72

..........................................................


THE EUGENE OR CLIMATE NORMALS FOR TOMORROW
                         NORMAL    RECORD    YEAR
 MAXIMUM TEMPERATURE (F)   58        75      1969
 MINIMUM TEMPERATURE (F)   38        26      1935


SUNRISE AND SUNSET
MARCH 26 2019.........SUNRISE   705 AM PDT   SUNSET   733 PM PDT
MARCH 27 2019.........SUNRISE   703 AM PDT   SUNSET   734 PM PDT


-  INDICATES NEGATIVE NUMBERS.
R  INDICATES RECORD WAS SET OR TIED.
MM INDICATES DATA IS MISSING.
T  INDICATES TRACE AMOUNT.




$$
