000
CDUS46 KPQR 181142
CLIEUG


CLIMATE REPORT
NATIONAL WEATHER SERVICE PORTLAND OREGON
441 AM PDT SUN AUG 18 2019


...................................

...THE EUGENE OR CLIMATE SUMMARY FOR AUGUST 17 2019...

CLIMATE NORMAL PERIOD 1981 TO 2010
CLIMATE RECORD PERIOD 1892 TO 2019


WEATHER ITEM   OBSERVED TIME   RECORD YEAR NORMAL DEPARTURE LAST
                VALUE   (LST)  VALUE       VALUE  FROM      YEAR
                                                  NORMAL
..................................................................
TEMPERATURE (F)
 YESTERDAY
  MAXIMUM         81    348 PM  97    1940  83     -2       84
  MINIMUM         51    450 AM  40    1935  51      0       44
  AVERAGE         66                        67     -1       64

PRECIPITATION (IN)
  YESTERDAY        0.00          1.07 1990   0.02  -0.02     0.00
  MONTH TO DATE    0.07                      0.24  -0.17     0.00
  SINCE OCT 1     33.54                     44.44 -10.90    30.77
  SINCE JAN 1     22.72                     25.64  -2.92    16.76

SNOWFALL (IN)
  YESTERDAY        0.0
  MONTH TO DATE    0.0
  SINCE JUN 1      0.0
  SINCE JUL 1      0.0

DEGREE DAYS
 HEATING
  YESTERDAY        0                         1     -1        1
  MONTH TO DATE    0                        17    -17        1
  SINCE JUN 1     85                       210   -125      160
  SINCE JUL 1     10                        53    -43       28

 COOLING
  YESTERDAY        1                         3     -2        0
  MONTH TO DATE   86                        60     26      104
  SINCE JUN 1    235                       172     63      277
  SINCE JAN 1    236                       177     59      277
..................................................................


WIND (MPH)
  HIGHEST WIND SPEED    17   HIGHEST WIND DIRECTION     N (20)
  HIGHEST GUST SPEED    24   HIGHEST GUST DIRECTION    NE (40)
  AVERAGE WIND SPEED     8.3


SKY COVER
  POSSIBLE SUNSHINE  MM
  AVERAGE SKY COVER 0.4


WEATHER CONDITIONS
 THE FOLLOWING WEATHER WAS RECORDED YESTERDAY.
  NO SIGNIFICANT WEATHER WAS OBSERVED.


RELATIVE HUMIDITY (PERCENT)
 HIGHEST    86           600 AM
 LOWEST     36           400 PM
 AVERAGE    61

..........................................................


THE EUGENE OR CLIMATE NORMALS FOR TODAY
                         NORMAL    RECORD    YEAR
 MAXIMUM TEMPERATURE (F)   83        98      1950
 MINIMUM TEMPERATURE (F)   51        38      1914


SUNRISE AND SUNSET
AUGUST 18 2019........SUNRISE   620 AM PDT   SUNSET   813 PM PDT
AUGUST 19 2019........SUNRISE   621 AM PDT   SUNSET   811 PM PDT


-  INDICATES NEGATIVE NUMBERS.
R  INDICATES RECORD WAS SET OR TIED.
MM INDICATES DATA IS MISSING.
T  INDICATES TRACE AMOUNT.




$$
