000
CDUS46 KPQR 172323
CLIEUG


CLIMATE REPORT
NATIONAL WEATHER SERVICE PORTLAND OREGON
422 PM PDT MON JUN 17 2019


...................................

...THE EUGENE OR CLIMATE SUMMARY FOR JUNE 17 2019...
VALID TODAY AS OF 0400 PM LOCAL TIME.

CLIMATE NORMAL PERIOD 1981 TO 2010
CLIMATE RECORD PERIOD 1892 TO 2019


WEATHER ITEM   OBSERVED TIME   RECORD YEAR NORMAL DEPARTURE LAST
                VALUE   (LST)  VALUE       VALUE  FROM      YEAR
                                                  NORMAL
..................................................................
TEMPERATURE (F)
 TODAY
  MAXIMUM         83    259 PM 100    1961  73     10       87
  MINIMUM         50    447 AM  34    1915  48      2       49
  AVERAGE         67                        60      7       68

PRECIPITATION (IN)
  TODAY            0.00          0.45 1931   0.05  -0.05     0.26
  MONTH TO DATE    0.14                      1.07  -0.93     1.20
  SINCE OCT 1     33.03                     43.23 -10.20    30.77
  SINCE JAN 1     22.21                     24.43  -2.22    16.76

SNOWFALL (IN)
  TODAY           MM
  MONTH TO DATE    0.0
  SINCE JUN 1      0.0
  SINCE JUL 1     19.1

DEGREE DAYS
 HEATING
  TODAY            0                         5     -5        0
  MONTH TO DATE   43                       107    -64      116
  SINCE JUN 1     43                       107    -64      116
  SINCE JUL 1   4374                      4756   -382     4773

 COOLING
  TODAY            2                         1      1        3
  MONTH TO DATE   38                         2     36        3
  SINCE JUN 1     38                         2     36        3
  SINCE JAN 1     39                         7     32        3
..................................................................


WIND (MPH)
  HIGHEST WIND SPEED    18   HIGHEST WIND DIRECTION    NE (30)
  HIGHEST GUST SPEED    23   HIGHEST GUST DIRECTION    NE (30)
  AVERAGE WIND SPEED     6.6


SKY COVER
  POSSIBLE SUNSHINE  MM
  AVERAGE SKY COVER 0.3


WEATHER CONDITIONS
 THE FOLLOWING WEATHER WAS RECORDED TODAY.
  NO SIGNIFICANT WEATHER WAS OBSERVED.


RELATIVE HUMIDITY (PERCENT)
 HIGHEST    89           200 AM
 LOWEST     34           200 PM
 AVERAGE    62

..........................................................


THE EUGENE OR CLIMATE NORMALS FOR TOMORROW
                         NORMAL    RECORD    YEAR
 MAXIMUM TEMPERATURE (F)   74        97      1982
 MINIMUM TEMPERATURE (F)   48        37      1954


SUNRISE AND SUNSET
JUNE 17 2019..........SUNRISE   529 AM PDT   SUNSET   859 PM PDT
JUNE 18 2019..........SUNRISE   529 AM PDT   SUNSET   859 PM PDT


-  INDICATES NEGATIVE NUMBERS.
R  INDICATES RECORD WAS SET OR TIED.
MM INDICATES DATA IS MISSING.
T  INDICATES TRACE AMOUNT.




$$
