000
CDUS42 KFFC 210819
CLIGVL


CLIMATE REPORT
NATIONAL WEATHER SERVICE PEACHTREE CITY GA
418 AM EDT MON MAY 21 2018


...................................

...THE GAINESVILLE   CLIMATE SUMMARY FOR MAY 20 2018...

CLIMATE NORMAL PERIOD 1981 TO 2010
CLIMATE RECORD PERIOD 9999 TO 9999


WEATHER ITEM   OBSERVED TIME   RECORD YEAR NORMAL DEPARTURE LAST
                VALUE   (LST)  VALUE       VALUE  FROM      YEAR
                                                  NORMAL
..................................................................
TEMPERATURE (F)
 YESTERDAY
  MAXIMUM         85    148 PM  MM      MM  79      6       87
  MINIMUM         67   1020 PM  MM      MM  59      8       67
  AVERAGE         76                        69      7       77

PRECIPITATION (IN)
  YESTERDAY        0.01         MM      MM   0.12  -0.11     0.59
  MONTH TO DATE    4.12                      2.53   1.59     5.12
  SINCE MAR 1     13.34                     11.51   1.83    14.34
  SINCE JAN 1     22.22                     21.41   0.81    22.09

DEGREE DAYS
 COOLING
  YESTERDAY       11                         5      6       12
  MONTH TO DATE  144                        66     78      102
  SINCE MAR 1    157                       105     52      217
  SINCE JAN 1    172                       105     67      217
..................................................................


WIND (MPH)
  RESULTANT WIND SPEED   1   RESULTANT WIND DIRECTION  NE (60)
  HIGHEST WIND SPEED    20   HIGHEST WIND DIRECTION    NW (320)
  HIGHEST GUST SPEED    25   HIGHEST GUST DIRECTION    NW (310)
  AVERAGE WIND SPEED     3.7


SKY COVER
  AVERAGE SKY COVER 0.3


WEATHER CONDITIONS
 THE FOLLOWING WEATHER WAS RECORDED YESTERDAY.
  THUNDERSTORM
  LIGHT RAIN
  FOG
  FOG W/VISIBILITY <= 1/4 MILE


RELATIVE HUMIDITY (PERCENT)
 HIGHEST   100           300 AM
 LOWEST     54           300 PM
 AVERAGE    77

..........................................................


THE GAINESVILLE   CLIMATE NORMALS FOR TODAY
                         NORMAL    RECORD    YEAR
 MAXIMUM TEMPERATURE (F)   79        MM        MM
 MINIMUM TEMPERATURE (F)   60        MM        MM


SUNRISE AND SUNSET
MAY 21 2018...........SUNRISE   629 AM EDT   SUNSET   835 PM EDT
MAY 22 2018...........SUNRISE   629 AM EDT   SUNSET   836 PM EDT


-  INDICATES NEGATIVE NUMBERS.
R  INDICATES RECORD WAS SET OR TIED.
MM INDICATES DATA IS MISSING.
T  INDICATES TRACE AMOUNT.




$$
