000
CDUS42 KFFC 232043
CLIGVL


CLIMATE REPORT
NATIONAL WEATHER SERVICE PEACHTREE CITY GA
442 PM EDT TUE JUL 23 2019


...................................

...THE GAINESVILLE   CLIMATE SUMMARY FOR JULY 23 2019...
VALID TODAY AS OF 0400 PM LOCAL TIME.

CLIMATE NORMAL PERIOD 1981 TO 2010
CLIMATE RECORD PERIOD 9999 TO 9999


WEATHER ITEM   OBSERVED TIME   RECORD YEAR NORMAL DEPARTURE LAST
                VALUE   (LST)  VALUE       VALUE  FROM      YEAR
                                                  NORMAL
..................................................................
TEMPERATURE (F)
 TODAY
  MAXIMUM         83    315 PM  MM      MM  88     -5       83
  MINIMUM         71    708 AM  MM      MM  70      1       67
  AVERAGE         77                        79     -2       75

PRECIPITATION (IN)
  TODAY            0.24         MM      MM   0.13   0.11     0.00
  MONTH TO DATE    3.18                      3.33  -0.15     1.78
  SINCE JUN 1     10.16                      7.72   2.44     6.49
  SINCE JAN 1     34.95                     30.64   4.31    33.60

DEGREE DAYS
 COOLING
  TODAY           12                        14     -2       10
  MONTH TO DATE  351                       318     33      329
  SINCE JUN 1    660                       639     21      720
  SINCE JAN 1    996                       814    182     1000
..................................................................


WIND (MPH)
  RESULTANT WIND SPEED  MM   RESULTANT WIND DIRECTION  MM
  HIGHEST WIND SPEED    14   HIGHEST WIND DIRECTION     W (250)
  HIGHEST GUST SPEED    18   HIGHEST GUST DIRECTION     W (250)
  AVERAGE WIND SPEED    MM


SKY COVER
  AVERAGE SKY COVER  MM


WEATHER CONDITIONS
 THE FOLLOWING WEATHER WAS RECORDED TODAY.
  NO SIGNIFICANT WEATHER WAS OBSERVED.


RELATIVE HUMIDITY (PERCENT)
 HIGHEST    MM
 LOWEST     MM
 AVERAGE    MM

..........................................................


THE GAINESVILLE   CLIMATE NORMALS FOR TOMORROW
                         NORMAL    RECORD    YEAR
 MAXIMUM TEMPERATURE (F)   88        MM        MM
 MINIMUM TEMPERATURE (F)   70        MM        MM


SUNRISE AND SUNSET
JULY 23 2019..........SUNRISE   640 AM EDT   SUNSET   844 PM EDT
JULY 24 2019..........SUNRISE   640 AM EDT   SUNSET   843 PM EDT


-  INDICATES NEGATIVE NUMBERS.
R  INDICATES RECORD WAS SET OR TIED.
MM INDICATES DATA IS MISSING.
T  INDICATES TRACE AMOUNT.




$$
