000
CDUS42 KILM 212041
CLIILM


CLIMATE REPORT
NATIONAL WEATHER SERVICE WILMINGTON NC
441 PM EDT TUE MAY 21 2019


...................................

...THE WILMINGTON NORTH CAROLINA CLIMATE SUMMARY FOR MAY 21 2019...
VALID TODAY AS OF 0400 PM LOCAL TIME.

CLIMATE NORMAL PERIOD 1981 TO 2010
CLIMATE RECORD PERIOD 1871 TO 2019


WEATHER ITEM   OBSERVED TIME   RECORD YEAR NORMAL DEPARTURE LAST
                VALUE   (LST)  VALUE       VALUE  FROM      YEAR
                                                  NORMAL
..................................................................
TEMPERATURE (F)
 TODAY
  MAXIMUM         89    150 PM  94    1962  82      7       86
                                      1933
  MINIMUM         73    541 AM  44    2002  62     11       70
  AVERAGE         81                        72      9       78

PRECIPITATION (IN)
  TODAY            0.00          4.34 1963   0.16  -0.16     0.01
  MONTH TO DATE    0.29                      2.84  -2.55     7.08
  SINCE MAR 1      7.22                      9.87  -2.65    15.70
  SINCE JAN 1     10.94                     17.25  -6.31    24.35

DEGREE DAYS
 HEATING
  TODAY            0                         0      0        0
  MONTH TO DATE    3                        25    -22        2
  SINCE MAR 1    425                       478    -53      595
  SINCE JUL 1   2106                      2407   -301     2397

 COOLING
  TODAY           16                         7      9       13
  MONTH TO DATE  180                       110     70      184
  SINCE MAR 1    297                       193    104      231
  SINCE JAN 1    311                       198    113      269
..................................................................


WIND (MPH)
  RESULTANT WIND SPEED   4   RESULTANT WIND DIRECTION  SW (220)
  HIGHEST WIND SPEED    14   HIGHEST WIND DIRECTION     W (270)
  HIGHEST GUST SPEED    17   HIGHEST GUST DIRECTION     W (270)
  AVERAGE WIND SPEED     7.0


SKY COVER
  POSSIBLE SUNSHINE  MM
  AVERAGE SKY COVER 0.4


WEATHER CONDITIONS
 THE FOLLOWING WEATHER WAS RECORDED TODAY.
  NO SIGNIFICANT WEATHER WAS OBSERVED.


RELATIVE HUMIDITY (PERCENT)
 HIGHEST    93           600 AM
 LOWEST     52          1200 PM
 AVERAGE    73

..........................................................


THE WILMINGTON NORTH CAROLINA CLIMATE NORMALS FOR TOMORROW
                         NORMAL    RECORD    YEAR
 MAXIMUM TEMPERATURE (F)   82        95      1975
 MINIMUM TEMPERATURE (F)   62        49      1981


SUNRISE AND SUNSET
MAY 21 2019...........SUNRISE   606 AM EDT   SUNSET   811 PM EDT
MAY 22 2019...........SUNRISE   605 AM EDT   SUNSET   812 PM EDT


-  INDICATES NEGATIVE NUMBERS.
R  INDICATES RECORD WAS SET OR TIED.
MM INDICATES DATA IS MISSING.
T  INDICATES TRACE AMOUNT.




$$
