000
CDUS42 KILM 192050
CLIILM


CLIMATE REPORT
NATIONAL WEATHER SERVICE WILMINGTON NC
449 PM EDT THU APR 19 2018


...................................

...THE WILMINGTON NORTH CAROLINA CLIMATE SUMMARY FOR APRIL 19 2018...
VALID TODAY AS OF 0400 PM LOCAL TIME.

CLIMATE NORMAL PERIOD 1981 TO 2010
CLIMATE RECORD PERIOD 1871 TO 2018


WEATHER ITEM   OBSERVED TIME   RECORD YEAR NORMAL DEPARTURE LAST
                VALUE   (LST)  VALUE       VALUE  FROM      YEAR
                                                  NORMAL
..................................................................
TEMPERATURE (F)
 TODAY
  MAXIMUM         85    250 PM  89    2016  75     10       77
                                      1968
                                      1958
  MINIMUM         64    553 AM  28    1875  53     11       58
  AVERAGE         75                        64     11       68

PRECIPITATION (IN)
  TODAY            0.00          3.27 1951   0.09  -0.09     0.00
  MONTH TO DATE    2.64                      1.78   0.86     2.83
  SINCE MAR 1      5.89                      5.99  -0.10     5.54
  SINCE JAN 1     14.54                     13.37   1.17    11.09

SNOWFALL (IN)
  TODAY            0.0          MM      MM   0.0    0.0      0.0
  MONTH TO DATE    0.0                       0.0    0.0      0.0
  SINCE MAR 1      0.0                       0.2   -0.2      1.1
  SINCE JUL 1      3.8                       1.7    2.1      1.1
  SNOW DEPTH       0

DEGREE DAYS
 HEATING
  TODAY            0                         4     -4        0
  MONTH TO DATE  123                       101     22       44
  SINCE MAR 1    550                       424    126      417
  SINCE JUL 1   2352                      2353     -1     1932

 COOLING
  TODAY           10                         2      8        3
  MONTH TO DATE   33                        32      1       50
  SINCE MAR 1     41                        48     -7       74
  SINCE JAN 1     79                        53     26       80
..................................................................


WIND (MPH)
  RESULTANT WIND SPEED  17   RESULTANT WIND DIRECTION  SW (240)
  HIGHEST WIND SPEED    32   HIGHEST WIND DIRECTION     W (260)
  HIGHEST GUST SPEED    40   HIGHEST GUST DIRECTION    SW (240)
  AVERAGE WIND SPEED    17.5


SKY COVER
  POSSIBLE SUNSHINE  MM
  AVERAGE SKY COVER 0.0


WEATHER CONDITIONS
 THE FOLLOWING WEATHER WAS RECORDED TODAY.
  NO SIGNIFICANT WEATHER WAS OBSERVED.


RELATIVE HUMIDITY (PERCENT)
 HIGHEST    67           600 AM
 LOWEST     29           300 PM
 AVERAGE    48

..........................................................


THE WILMINGTON NORTH CAROLINA CLIMATE NORMALS FOR TOMORROW
                         NORMAL    RECORD    YEAR
 MAXIMUM TEMPERATURE (F)   75        91      1995
 MINIMUM TEMPERATURE (F)   53        30      1983


SUNRISE AND SUNSET
APRIL 19 2018.........SUNRISE   636 AM EDT   SUNSET   746 PM EDT
APRIL 20 2018.........SUNRISE   634 AM EDT   SUNSET   747 PM EDT


-  INDICATES NEGATIVE NUMBERS.
R  INDICATES RECORD WAS SET OR TIED.
MM INDICATES DATA IS MISSING.
T  INDICATES TRACE AMOUNT.




$$
