000
CDUS42 KILM 230842
CLIILM


CLIMATE REPORT
NATIONAL WEATHER SERVICE WILMINGTON NC
441 AM EDT TUE JUL 23 2019


...................................

...THE WILMINGTON NORTH CAROLINA CLIMATE SUMMARY FOR JULY 22 2019...

CLIMATE NORMAL PERIOD 1981 TO 2010
CLIMATE RECORD PERIOD 1871 TO 2019


WEATHER ITEM   OBSERVED TIME   RECORD YEAR NORMAL DEPARTURE LAST
                VALUE   (LST)  VALUE       VALUE  FROM      YEAR
                                                  NORMAL
..................................................................
TEMPERATURE (F)
 YESTERDAY
  MAXIMUM         94    259 PM 101    1952  90      4       89
  MINIMUM         79    554 AM  60    1965  73      6       72
  AVERAGE         87                        81      6       81

PRECIPITATION (IN)
  YESTERDAY        0.00          6.49 1988   0.26  -0.26     0.37
  MONTH TO DATE    3.37                      5.15  -1.78     8.44
  SINCE JUN 1      5.92                     10.33  -4.41    16.85
  SINCE JAN 1     17.20                     29.23 -12.03    48.48

DEGREE DAYS
 HEATING
  YESTERDAY        0                         0      0        0
  MONTH TO DATE    0                         0      0        0
  SINCE JUN 1      0                         2     -2        0
  SINCE JUL 1      0                         0      0        0

 COOLING
  YESTERDAY       22                        16      6       16
  MONTH TO DATE  433                       352     81      328
  SINCE JUN 1    852                       737    115      811
  SINCE JAN 1   1343                      1018    325     1209
..................................................................


WIND (MPH)
  RESULTANT WIND SPEED  11   RESULTANT WIND DIRECTION  SW (210)
  HIGHEST WIND SPEED    22   HIGHEST WIND DIRECTION     S (200)
  HIGHEST GUST SPEED    27   HIGHEST GUST DIRECTION    SW (210)
  AVERAGE WIND SPEED    11.4


SKY COVER
  POSSIBLE SUNSHINE  MM
  AVERAGE SKY COVER 0.0


WEATHER CONDITIONS
 THE FOLLOWING WEATHER WAS RECORDED YESTERDAY.
  NO SIGNIFICANT WEATHER WAS OBSERVED.


RELATIVE HUMIDITY (PERCENT)
 HIGHEST    91           500 AM
 LOWEST     46           300 PM
 AVERAGE    69

..........................................................


THE WILMINGTON NORTH CAROLINA CLIMATE NORMALS FOR TODAY
                         NORMAL    RECORD    YEAR
 MAXIMUM TEMPERATURE (F)   90        99      1999
 MINIMUM TEMPERATURE (F)   73        63      1890


SUNRISE AND SUNSET
JULY 23 2019..........SUNRISE   616 AM EDT   SUNSET   820 PM EDT
JULY 24 2019..........SUNRISE   617 AM EDT   SUNSET   819 PM EDT


-  INDICATES NEGATIVE NUMBERS.
R  INDICATES RECORD WAS SET OR TIED.
MM INDICATES DATA IS MISSING.
T  INDICATES TRACE AMOUNT.




$$

21
