000
CDUS42 KILM 282044
CLIILM

CLIMATE REPORT
NATIONAL WEATHER SERVICE WILMINGTON NC
444 PM EDT THU MAY 28 2020

...................................

...THE WILMINGTON NORTH CAROLINA CLIMATE SUMMARY FOR MAY 28 2020...
VALID TODAY AS OF 0400 PM LOCAL TIME.

CLIMATE NORMAL PERIOD 1981 TO 2010
CLIMATE RECORD PERIOD 1871 TO 2020


WEATHER ITEM   OBSERVED TIME   RECORD YEAR NORMAL DEPARTURE LAST
                VALUE   (LST)  VALUE       VALUE  FROM      YEAR
                                                  NORMAL
...................................................................
TEMPERATURE (F)
 TODAY
  MAXIMUM         85    205 PM  97    1967  83      2       96
  MINIMUM         73    604 AM  44    1961  64      9       70
  AVERAGE         79                        73      6       83

PRECIPITATION (IN)
  TODAY            T             4.08 2018   0.17  -0.17     0.00
  MONTH TO DATE    4.13                      3.98   0.15     0.29
  SINCE MAR 1     14.47                     11.01   3.46     7.22
  SINCE JAN 1     23.69                     18.39   5.30    10.94

DEGREE DAYS
 HEATING
  TODAY            0                         0      0        0
  MONTH TO DATE   47                        25     22        3
  SINCE MAR 1    355                       478   -123      425
  SINCE JUL 1   1853                      2407   -554     2106

 COOLING
  TODAY           14                         9      5       18
  MONTH TO DATE  136                       166    -30      295
  SINCE MAR 1    268                       249     19      412
  SINCE JAN 1    306                       254     52      426
...................................................................


WIND (MPH)
  RESULTANT WIND SPEED  10   RESULTANT WIND DIRECTION   S (170)
  HIGHEST WIND SPEED    21   HIGHEST WIND DIRECTION     S (200)
  HIGHEST GUST SPEED    31   HIGHEST GUST DIRECTION     S (190)
  AVERAGE WIND SPEED    11.0


SKY COVER
  AVERAGE SKY COVER 0.7


WEATHER CONDITIONS
THE FOLLOWING WEATHER WAS RECORDED TODAY.
  LIGHT RAIN


RELATIVE HUMIDITY (PERCENT)
 HIGHEST   100          1200 AM
 LOWEST     65           200 PM
 AVERAGE    83

..........................................................


THE WILMINGTON NORTH CAROLINA CLIMATE NORMALS FOR TOMORROW
                         NORMAL    RECORD    YEAR
 MAXIMUM TEMPERATURE (F)   83       101      2019
 MINIMUM TEMPERATURE (F)   64        49      1922
                                             1926


SUNRISE AND SUNSET
MAY 28 2020...........SUNRISE   602 AM EDT   SUNSET   816 PM EDT
MAY 29 2020...........SUNRISE   602 AM EDT   SUNSET   817 PM EDT


-  INDICATES NEGATIVE NUMBERS.
R  INDICATES RECORD WAS SET OR TIED.
MM INDICATES DATA IS MISSING.
T  INDICATES TRACE AMOUNT.




$$
