000
CDUS42 KILM 252046
CLIILM


CLIMATE REPORT
NATIONAL WEATHER SERVICE WILMINGTON NC
446 PM EDT MON MAR 25 2019


...................................

...THE WILMINGTON NORTH CAROLINA CLIMATE SUMMARY FOR MARCH 25 2019...
VALID TODAY AS OF 0400 PM LOCAL TIME.

CLIMATE NORMAL PERIOD 1981 TO 2010
CLIMATE RECORD PERIOD 1871 TO 2019


WEATHER ITEM   OBSERVED TIME   RECORD YEAR NORMAL DEPARTURE LAST
                VALUE   (LST)  VALUE       VALUE  FROM      YEAR
                                                  NORMAL
..................................................................
TEMPERATURE (F)
 TODAY
  MAXIMUM         79    213 PM  83    1935  69     10       48
  MINIMUM         50    615 AM  28    1983  46      4       41
  AVERAGE         65                        57      8       45

PRECIPITATION (IN)
  TODAY            0.00          1.76 1994   0.13  -0.13     0.25
  MONTH TO DATE    3.09                      3.43  -0.34     3.25
  SINCE MAR 1      3.09                      3.43  -0.34     3.25
  SINCE JAN 1      6.81                     10.81  -4.00    11.90

SNOWFALL (IN)
  TODAY            0.0           1.3  1983   0.1   -0.1      0.0
  MONTH TO DATE    T                         0.2   -0.2      0.0
  SINCE MAR 1      T                         0.2   -0.2      0.0
  SINCE JUL 1      T                         1.7   -1.7      3.8
  SNOW DEPTH       0

DEGREE DAYS
 HEATING
  TODAY            0                         8     -8       20
  MONTH TO DATE  281                       277      4      374
  SINCE MAR 1    281                       277      4      374
  SINCE JUL 1   1962                      2206   -244     2176

 COOLING
  TODAY            0                         1     -1        0
  MONTH TO DATE    8                        10     -2        3
  SINCE MAR 1      8                        10     -2        3
  SINCE JAN 1     22                        15      7       41
..................................................................


WIND (MPH)
  RESULTANT WIND SPEED   8   RESULTANT WIND DIRECTION  SW (210)
  HIGHEST WIND SPEED    21   HIGHEST WIND DIRECTION     S (200)
  HIGHEST GUST SPEED    32   HIGHEST GUST DIRECTION    SW (230)
  AVERAGE WIND SPEED     8.3


SKY COVER
  POSSIBLE SUNSHINE  MM
  AVERAGE SKY COVER 0.1


WEATHER CONDITIONS
 THE FOLLOWING WEATHER WAS RECORDED TODAY.
  NO SIGNIFICANT WEATHER WAS OBSERVED.


RELATIVE HUMIDITY (PERCENT)
 HIGHEST    93           700 AM
 LOWEST     37           300 PM
 AVERAGE    65

..........................................................


THE WILMINGTON NORTH CAROLINA CLIMATE NORMALS FOR TOMORROW
                         NORMAL    RECORD    YEAR
 MAXIMUM TEMPERATURE (F)   69        81      1944
                                             1939
                                             1929
 MINIMUM TEMPERATURE (F)   46        26      1940


SUNRISE AND SUNSET
MARCH 25 2019.........SUNRISE   709 AM EDT   SUNSET   727 PM EDT
MARCH 26 2019.........SUNRISE   707 AM EDT   SUNSET   728 PM EDT


-  INDICATES NEGATIVE NUMBERS.
R  INDICATES RECORD WAS SET OR TIED.
MM INDICATES DATA IS MISSING.
T  INDICATES TRACE AMOUNT.




$$
