000
CDUS43 KJKL 290003
CLILOZ

CLIMATE REPORT
NATIONAL WEATHER SERVICE JACKSON KY
803 PM EDT THU MAY 28 2020

...................................

...THE LONDON KY CLIMATE SUMMARY FOR MAY 28 2020...
VALID TODAY AS OF 0500 PM LOCAL TIME.

CLIMATE NORMAL PERIOD 1981 TO 2010
CLIMATE RECORD PERIOD 1954 TO 2020

WEATHER ITEM   OBSERVED TIME   RECORD YEAR NORMAL DEPARTURE LAST
                VALUE   (LST)  VALUE       VALUE  FROM      YEAR
                                                  NORMAL
..................................................................
TEMPERATURE (F)
 TODAY
  MAXIMUM         81    207 PM  89    2006  79      2       88
  MINIMUM         62    556 AM  34    1961  57      5       68
  AVERAGE         72                        68      4       78

PRECIPITATION (IN)
  TODAY            0.33          1.68 1996   0.17   0.16     0.00
  MONTH TO DATE    8.72                      4.66   4.06     3.57
  SINCE MAR 1     22.54                     12.76   9.78     9.39
  SINCE JAN 1     36.96                     20.01  16.95    25.25

SNOWFALL (IN)
  TODAY           MM
  MONTH TO DATE   MM
  SINCE MAR 1     MM
  SINCE JUL 1     MM
  SNOW DEPTH      MM

DEGREE DAYS
 HEATING
  TODAY            0                         1     -1        0
  MONTH TO DATE  162                        91     71       44
  SINCE MAR 1    913                       916     -3      880
  SINCE JUL 1   3853                      4192   -339     4024

 COOLING
  TODAY            7                         4      3       13
  MONTH TO DATE   71                        73     -2      142
  SINCE MAR 1     98                        99     -1      154
  SINCE JAN 1     98                        99     -1      154
..................................................................

WIND (MPH)
  HIGHEST WIND SPEED    16   HIGHEST WIND DIRECTION    SE (130)
  HIGHEST GUST SPEED    26   HIGHEST GUST DIRECTION    SE (150)
  AVERAGE WIND SPEED     3.8

SKY COVER
  POSSIBLE SUNSHINE  MM
  AVERAGE SKY COVER 0.6

WEATHER CONDITIONS
 THE FOLLOWING WEATHER WAS RECORDED TODAY.
  HEAVY RAIN
  RAIN
  LIGHT RAIN
  FOG

RELATIVE HUMIDITY (PERCENT)
 HIGHEST   100           300 AM
 LOWEST     60          1100 AM
 AVERAGE    80

..........................................................

THE LONDON KY CLIMATE NORMALS FOR TOMORROW
                         NORMAL    RECORD    YEAR
 MAXIMUM TEMPERATURE (F)   79        90      1987
 MINIMUM TEMPERATURE (F)   57        43      1968

SUNRISE AND SUNSET
MAY 28 2020...........SUNRISE   619 AM EDT   SUNSET   848 PM EDT
MAY 29 2020...........SUNRISE   619 AM EDT   SUNSET   849 PM EDT

-  INDICATES NEGATIVE NUMBERS.
R  INDICATES RECORD WAS SET OR TIED.
MM INDICATES DATA IS MISSING.
T  INDICATES TRACE AMOUNT.

$$
