000
CDUS43 KLOT 232135
CLIMDW


CLIMATE REPORT
NATIONAL WEATHER SERVICE CHICAGO IL
435 PM CDT TUE JUL 23 2019


...................................

...THE CHICAGO-MIDWAY CLIMATE SUMMARY FOR JULY 23 2019...
VALID TODAY AS OF 0400 PM LOCAL TIME.

CLIMATE NORMAL PERIOD 1981 TO 2010
CLIMATE RECORD PERIOD 1928 TO 2019


WEATHER ITEM   OBSERVED TIME   RECORD YEAR NORMAL DEPARTURE
                VALUE   (LST)  VALUE       VALUE  FROM
                                                  NORMAL
...............................................................
TEMPERATURE (F)
 TODAY
  MAXIMUM         81   1215 PM 109    1934  84     -3
  MINIMUM         62    531 AM  51    1947  68     -6
  AVERAGE         72                        76     -4

PRECIPITATION (IN)
  TODAY            0.00          2.31 2011   0.14  -0.14
  MONTH TO DATE    3.68                      2.89   0.79
  SINCE JUN 1      7.01                      6.95   0.06
  SINCE JAN 1     25.44                     21.44   4.00

DEGREE DAYS
 HEATING
  TODAY            0                         0      0
  MONTH TO DATE    0                         0      0
  SINCE JUN 1     24                        31     -7
  SINCE JUL 1      0                         0      0

 COOLING
  TODAY            7                        11     -4
  MONTH TO DATE  335                       251     84
  SINCE JUN 1    495                       461     34
  SINCE JAN 1    540                       535      5
...............................................................


WIND (MPH)
  RESULTANT WIND SPEED   5   RESULTANT WIND DIRECTION   N (340)
  HIGHEST WIND SPEED    20   HIGHEST WIND DIRECTION    NE (60)
  HIGHEST GUST SPEED    24   HIGHEST GUST DIRECTION    NE (50)
  AVERAGE WIND SPEED     7.8


SKY COVER
  POSSIBLE SUNSHINE  MM
  AVERAGE SKY COVER 0.4


WEATHER CONDITIONS
 THE FOLLOWING WEATHER WAS RECORDED TODAY.
  NO SIGNIFICANT WEATHER WAS OBSERVED.


..........................................................


THE CHICAGO-MIDWAY CLIMATE NORMALS FOR TOMORROW
                         NORMAL    RECORD    YEAR
 MAXIMUM TEMPERATURE (F)   84       107      1934
 MINIMUM TEMPERATURE (F)   68        55      1938
                                             1931


SUNRISE AND SUNSET
JULY 23 2019..........SUNRISE   536 AM CDT   SUNSET   818 PM CDT
JULY 24 2019..........SUNRISE   537 AM CDT   SUNSET   817 PM CDT


-  INDICATES NEGATIVE NUMBERS.
R  INDICATES RECORD WAS SET OR TIED.
MM INDICATES DATA IS MISSING.
T  INDICATES TRACE AMOUNT.




$$
