000
CDUS43 KLOT 282140
CLIMDW


CLIMATE REPORT
NATIONAL WEATHER SERVICE CHICAGO IL
440 PM CDT THU MAY 28 2020


...................................

...THE CHICAGO-MIDWAY CLIMATE SUMMARY FOR MAY 28 2020...
VALID TODAY AS OF 0400 PM LOCAL TIME.

CLIMATE NORMAL PERIOD 1981 TO 2010
CLIMATE RECORD PERIOD 1928 TO 2020


WEATHER ITEM   OBSERVED TIME   RECORD YEAR NORMAL DEPARTURE
                VALUE   (LST)  VALUE       VALUE  FROM
                                                  NORMAL
...............................................................
TEMPERATURE (F)
 TODAY
  MAXIMUM         83    241 PM  96    2018  74      9
  MINIMUM         70    540 AM  40    1930  55     15
  AVERAGE         77                        65     12

PRECIPITATION (IN)
  TODAY            0.02          2.20 2013   0.15  -0.13
  MONTH TO DATE    7.41                      3.70   3.71
  SINCE MAR 1     15.29                     10.06   5.23
  SINCE JAN 1     18.41                     14.06   4.35

DEGREE DAYS
 HEATING
  TODAY            0                         3     -3
  MONTH TO DATE  220                       179     41
  SINCE MAR 1   1399                      1439    -40
  SINCE JUL 1   5602                      5950   -348

 COOLING
  TODAY           12                         3      9
  MONTH TO DATE   77                        51     26
  SINCE MAR 1     80                        64     16
  SINCE JAN 1     80                        64     16
...............................................................


WIND (MPH)
  RESULTANT WIND SPEED   9   RESULTANT WIND DIRECTION  SW (210)
  HIGHEST WIND SPEED    21   HIGHEST WIND DIRECTION     W (250)
  HIGHEST GUST SPEED    32   HIGHEST GUST DIRECTION     W (260)
  AVERAGE WIND SPEED    10.0


SKY COVER
  POSSIBLE SUNSHINE  MM
  AVERAGE SKY COVER 0.9


WEATHER CONDITIONS
 THE FOLLOWING WEATHER WAS RECORDED TODAY.
  LIGHT RAIN
  FOG
  HAZE


..........................................................


THE CHICAGO-MIDWAY CLIMATE NORMALS FOR TOMORROW
                         NORMAL    RECORD    YEAR
 MAXIMUM TEMPERATURE (F)   74        95      1942
 MINIMUM TEMPERATURE (F)   56        36      1930


SUNRISE AND SUNSET
MAY 28 2020...........SUNRISE   520 AM CDT   SUNSET   817 PM CDT
MAY 29 2020...........SUNRISE   520 AM CDT   SUNSET   817 PM CDT


-  INDICATES NEGATIVE NUMBERS.
R  INDICATES RECORD WAS SET OR TIED.
MM INDICATES DATA IS MISSING.
T  INDICATES TRACE AMOUNT.




$$
