533
CDUS43 KLOT 252147
CLIMDW


CLIMATE REPORT
NATIONAL WEATHER SERVICE CHICAGO IL
447 PM CDT MON MAR 25 2019


...................................

...THE CHICAGO-MIDWAY CLIMATE SUMMARY FOR MARCH 25 2019...
VALID TODAY AS OF 0400 PM LOCAL TIME.

CLIMATE NORMAL PERIOD 1981 TO 2010
CLIMATE RECORD PERIOD 1928 TO 2019


WEATHER ITEM   OBSERVED TIME   RECORD YEAR NORMAL DEPARTURE
                VALUE   (LST)  VALUE       VALUE  FROM
                                                  NORMAL
...............................................................
TEMPERATURE (F)
 TODAY
  MAXIMUM         42    245 PM  78    2007  50     -8
  MINIMUM         34    616 AM  10    1940  34      0
  AVERAGE         38                        42     -4

PRECIPITATION (IN)
  TODAY            0.00          1.95 1930   0.09  -0.09
  MONTH TO DATE    1.35                      2.14  -0.79
  SINCE MAR 1      1.35                      2.14  -0.79
  SINCE JAN 1      4.26                      6.14  -1.88

DEGREE DAYS
 HEATING
  TODAY           27                        23      4
  MONTH TO DATE  768                       682     86
  SINCE MAR 1    768                       682     86
  SINCE JUL 1   5399                      5193    206

 COOLING
  TODAY            0                         0      0
  MONTH TO DATE    0                         0      0
  SINCE MAR 1      0                         0      0
  SINCE JAN 1      0                         0      0
...............................................................


WIND (MPH)
  RESULTANT WIND SPEED  18   RESULTANT WIND DIRECTION  NE (30)
  HIGHEST WIND SPEED    25   HIGHEST WIND DIRECTION    NE (40)
  HIGHEST GUST SPEED    38   HIGHEST GUST DIRECTION    NE (40)
  AVERAGE WIND SPEED    18.1


SKY COVER
  POSSIBLE SUNSHINE  MM
  AVERAGE SKY COVER 0.3


WEATHER CONDITIONS
 THE FOLLOWING WEATHER WAS RECORDED TODAY.
  NO SIGNIFICANT WEATHER WAS OBSERVED.


..........................................................


THE CHICAGO-MIDWAY CLIMATE NORMALS FOR TOMORROW
                         NORMAL    RECORD    YEAR
 MAXIMUM TEMPERATURE (F)   51        79      2007
 MINIMUM TEMPERATURE (F)   34        11      1955


SUNRISE AND SUNSET
MARCH 25 2019.........SUNRISE   646 AM CDT   SUNSET   709 PM CDT
MARCH 26 2019.........SUNRISE   644 AM CDT   SUNSET   710 PM CDT


-  INDICATES NEGATIVE NUMBERS.
R  INDICATES RECORD WAS SET OR TIED.
MM INDICATES DATA IS MISSING.
T  INDICATES TRACE AMOUNT.




$$
