000
CDUS43 KGRR 230523
CLIMKG


CLIMATE REPORT
NATIONAL WEATHER SERVICE GRAND RAPIDS, MI
123 AM EDT MON APR 23 2018


...................................

...THE MUSKEGON MI CLIMATE SUMMARY FOR APRIL 22 2018...

CLIMATE NORMAL PERIOD 1981 TO 2010
CLIMATE RECORD PERIOD 1896 TO 2018


WEATHER ITEM   OBSERVED TIME   RECORD YEAR NORMAL DEPARTURE LAST
                VALUE   (LST)  VALUE       VALUE  FROM      YEAR
                                                  NORMAL
..................................................................
TEMPERATURE (F)
 YESTERDAY
  MAXIMUM         68    229 PM  84    1985  59      9       61
  MINIMUM         29    625 AM  22    1926  40    -11       37
  AVERAGE         49                        49      0       49

PRECIPITATION (IN)
  YESTERDAY        0.00          1.05 1999   0.09  -0.09     0.00
  MONTH TO DATE    3.11                      2.13   0.98     2.96
  SINCE MAR 1      4.41                      4.38   0.03     5.57
  SINCE JAN 1     11.35                      8.24   3.11    11.27

SNOWFALL (IN)
  YESTERDAY        0.0           2.0  1967   0.0    0.0      0.0
  MONTH TO DATE    7.5                       2.2    5.3      0.0
  SINCE MAR 1     13.6                      11.2    2.4      4.5
  SINCE JUL 1    105.3                      93.6   11.7     49.0
  SNOW DEPTH       0

DEGREE DAYS
 HEATING
  YESTERDAY       16                        16      0       16
  MONTH TO DATE  661                       440    221      332
  SINCE MAR 1   1613                      1370    243     1236
  SINCE JUL 1   6130                      6102     28     5101

 COOLING
  YESTERDAY        0                         0      0        0
  MONTH TO DATE    0                         0      0        0
  SINCE MAR 1      0                         0      0        0
  SINCE JAN 1      0                         0      0        0
..................................................................


WIND (MPH)
  RESULTANT WIND SPEED   2   RESULTANT WIND DIRECTION   E (80)
  HIGHEST WIND SPEED    17   HIGHEST WIND DIRECTION     E (70)
  HIGHEST GUST SPEED    23   HIGHEST GUST DIRECTION     E (80)
  AVERAGE WIND SPEED     5.1


SKY COVER
  AVERAGE SKY COVER 0.3


WEATHER CONDITIONS
 THE FOLLOWING WEATHER WAS RECORDED YESTERDAY.
  NO SIGNIFICANT WEATHER WAS OBSERVED.


RELATIVE HUMIDITY (PERCENT)
 HIGHEST    69           400 AM
 LOWEST     20           200 PM
 AVERAGE    45

..........................................................


THE MUSKEGON MI CLIMATE NORMALS FOR TODAY
                         NORMAL    RECORD    YEAR
 MAXIMUM TEMPERATURE (F)   59        80      1985
 MINIMUM TEMPERATURE (F)   40        19      1986


SUNRISE AND SUNSET
APRIL 23 2018.........SUNRISE   650 AM EDT   SUNSET   837 PM EDT
APRIL 24 2018.........SUNRISE   649 AM EDT   SUNSET   838 PM EDT


-  INDICATES NEGATIVE NUMBERS.
R  INDICATES RECORD WAS SET OR TIED.
MM INDICATES DATA IS MISSING.
T  INDICATES TRACE AMOUNT.




$$
