000
CDUS43 KGRR 212127
CLIMKG


CLIMATE REPORT
NATIONAL WEATHER SERVICE GRAND RAPIDS, MI
526 PM EDT TUE MAY 21 2019


...................................

...THE MUSKEGON MI CLIMATE SUMMARY FOR MAY 21 2019...
VALID TODAY AS OF 0500 PM LOCAL TIME.

CLIMATE NORMAL PERIOD 1981 TO 2010
CLIMATE RECORD PERIOD 1896 TO 2019


WEATHER ITEM   OBSERVED TIME   RECORD YEAR NORMAL DEPARTURE LAST
                VALUE   (LST)  VALUE       VALUE  FROM      YEAR
                                                  NORMAL
..................................................................
TEMPERATURE (F)
 TODAY
  MAXIMUM         65    359 PM  88    1977  68     -3       59
  MINIMUM         41    256 AM  27    2002  48     -7       47
  AVERAGE         53                        58     -5       53

PRECIPITATION (IN)
  TODAY            0.00          2.30 2004   0.11  -0.11     0.90
  MONTH TO DATE    3.98                      2.21   1.77     4.29
  SINCE MAR 1     10.55                      7.37   3.18     8.70
  SINCE JAN 1     16.72                     11.23   5.49    15.64

SNOWFALL (IN)
  TODAY            0.0           T    1963   0.0    0.0      0.0
  MONTH TO DATE    0.0                       0.0    0.0      0.0
  SINCE MAR 1     13.0                      11.3    1.7     13.6
  SINCE JUL 1     77.2                      93.7  -16.5    105.3
  SNOW DEPTH       0

DEGREE DAYS
 HEATING
  TODAY           12                         8      4       12
  MONTH TO DATE  255                       215     40      124
  SINCE MAR 1   1808                      1701    107     1870
  SINCE JUL 1   6579                      6433    146     6387

 COOLING
  TODAY            0                         1     -1        0
  MONTH TO DATE    1                        13    -12        6
  SINCE MAR 1      1                        17    -16        6
  SINCE JAN 1      1                        17    -16        6
..................................................................


WIND (MPH)
  RESULTANT WIND SPEED   8   RESULTANT WIND DIRECTION   E (80)
  HIGHEST WIND SPEED    20   HIGHEST WIND DIRECTION    SE (130)
  HIGHEST GUST SPEED    26   HIGHEST GUST DIRECTION     E (70)
  AVERAGE WIND SPEED     9.3


SKY COVER
  AVERAGE SKY COVER 0.6


WEATHER CONDITIONS
 THE FOLLOWING WEATHER WAS RECORDED TODAY.
  NO SIGNIFICANT WEATHER WAS OBSERVED.


RELATIVE HUMIDITY (PERCENT)
 HIGHEST    82           400 AM
 LOWEST     39          1200 PM
 AVERAGE    61

..........................................................


THE MUSKEGON MI CLIMATE NORMALS FOR TOMORROW
                         NORMAL    RECORD    YEAR
 MAXIMUM TEMPERATURE (F)   69        88      1977
 MINIMUM TEMPERATURE (F)   49        34      1979
                                             1971


SUNRISE AND SUNSET
MAY 21 2019...........SUNRISE   616 AM EDT   SUNSET   908 PM EDT
MAY 22 2019...........SUNRISE   615 AM EDT   SUNSET   909 PM EDT


-  INDICATES NEGATIVE NUMBERS.
R  INDICATES RECORD WAS SET OR TIED.
MM INDICATES DATA IS MISSING.
T  INDICATES TRACE AMOUNT.




$$
