000
CDUS43 KGRR 282124
CLIMKG


CLIMATE REPORT
NATIONAL WEATHER SERVICE GRAND RAPIDS, MI
524 PM EDT THU MAY 28 2020


...................................

...THE MUSKEGON MI CLIMATE SUMMARY FOR MAY 28 2020...
VALID TODAY AS OF 0500 PM LOCAL TIME.

CLIMATE NORMAL PERIOD 1981 TO 2010
CLIMATE RECORD PERIOD 1896 TO 2020


WEATHER ITEM   OBSERVED TIME   RECORD YEAR NORMAL DEPARTURE LAST
                VALUE   (LST)  VALUE       VALUE  FROM      YEAR
                                                  NORMAL
..................................................................
TEMPERATURE (F)
 TODAY
  MAXIMUM         77    242 PM  95    2018  71      6       62
  MINIMUM         69    614 AM  31    1992  51     18       46
  AVERAGE         73                        61     12       54

PRECIPITATION (IN)
  TODAY            0.00          1.07 2000   0.10  -0.10      T
  MONTH TO DATE    5.57                      2.95   2.62     6.11
  SINCE MAR 1     14.76                      8.11   6.65    12.68
  SINCE JAN 1     18.39                     11.97   6.42    18.85

SNOWFALL (IN)
  TODAY            0.0           0.0    MM   0.0    0.0      0.0
  MONTH TO DATE    T                         0.0    0.0      0.0
  SINCE MAR 1      1.6                      11.3   -9.7     13.0
  SINCE JUL 1     51.9                      93.7  -41.8     77.2
  SNOW DEPTH       0

DEGREE DAYS
 HEATING
  TODAY            0                         6     -6       11
  MONTH TO DATE  278                       261     17      288
  SINCE MAR 1   1724                      1747    -23     1841
  SINCE JUL 1   6129                      6479   -350     6612

 COOLING
  TODAY            8                         1      7        0
  MONTH TO DATE   54                        20     34        3
  SINCE MAR 1     54                        24     30        3
  SINCE JAN 1     54                        24     30        3
..................................................................


WIND (MPH)
  RESULTANT WIND SPEED   8   RESULTANT WIND DIRECTION   S (190)
  HIGHEST WIND SPEED    18   HIGHEST WIND DIRECTION     S (200)
  HIGHEST GUST SPEED    24   HIGHEST GUST DIRECTION    SW (220)
  AVERAGE WIND SPEED     9.3


SKY COVER
  AVERAGE SKY COVER 0.9


WEATHER CONDITIONS
 THE FOLLOWING WEATHER WAS RECORDED TODAY.
  NO SIGNIFICANT WEATHER WAS OBSERVED.


RELATIVE HUMIDITY (PERCENT)
 HIGHEST    84           100 AM
 LOWEST     69          1100 AM
 AVERAGE    77

..........................................................


THE MUSKEGON MI CLIMATE NORMALS FOR TOMORROW
                         NORMAL    RECORD    YEAR
 MAXIMUM TEMPERATURE (F)   71        96      2018
 MINIMUM TEMPERATURE (F)   51        33      2008


SUNRISE AND SUNSET
MAY 28 2020...........SUNRISE   610 AM EDT   SUNSET   915 PM EDT
MAY 29 2020...........SUNRISE   609 AM EDT   SUNSET   916 PM EDT


-  INDICATES NEGATIVE NUMBERS.
R  INDICATES RECORD WAS SET OR TIED.
MM INDICATES DATA IS MISSING.
T  INDICATES TRACE AMOUNT.




$$
