826
CDUS43 KGRR 250518
CLIMKG


CLIMATE REPORT
NATIONAL WEATHER SERVICE GRAND RAPIDS, MI
117 AM EDT MON MAR 25 2019


...................................

...THE MUSKEGON MI CLIMATE SUMMARY FOR MARCH 24 2019...

CLIMATE NORMAL PERIOD 1981 TO 2010
CLIMATE RECORD PERIOD 1896 TO 2019


WEATHER ITEM   OBSERVED TIME   RECORD YEAR NORMAL DEPARTURE LAST
                VALUE   (LST)  VALUE       VALUE  FROM      YEAR
                                                  NORMAL
..................................................................
TEMPERATURE (F)
 YESTERDAY
  MAXIMUM         52   1014 AM  73    1945  46      6       44
  MINIMUM         31   1218 AM   5    1974  29      2       26
  AVERAGE         42                        38      4       35

PRECIPITATION (IN)
  YESTERDAY        0.00          1.02 2016   0.07  -0.07     0.00
  MONTH TO DATE    2.88                      1.71   1.17     0.41
  SINCE MAR 1      2.88                      1.71   1.17     0.41
  SINCE JAN 1      9.05                      5.57   3.48     7.35

SNOWFALL (IN)
  YESTERDAY        0.0           4.8  1966   0.2   -0.2      0.0
  MONTH TO DATE    5.2                       7.7   -2.5      6.1
  SINCE MAR 1      5.2                       7.7   -2.5      6.1
  SINCE JUL 1     69.4                      90.1  -20.7     97.8
  SNOW DEPTH       0

DEGREE DAYS
 HEATING
  YESTERDAY       23                        27     -4       30
  MONTH TO DATE  836                       750     86      773
  SINCE MAR 1    836                       750     86      773
  SINCE JUL 1   5607                      5482    125     5290

 COOLING
  YESTERDAY        0                         0      0        0
  MONTH TO DATE    0                         0      0        0
  SINCE MAR 1      0                         0      0        0
  SINCE JAN 1      0                         0      0        0
..................................................................


WIND (MPH)
  RESULTANT WIND SPEED   4   RESULTANT WIND DIRECTION   W (260)
  HIGHEST WIND SPEED    16   HIGHEST WIND DIRECTION    NE (30)
  HIGHEST GUST SPEED    21   HIGHEST GUST DIRECTION     N (20)
  AVERAGE WIND SPEED     8.1


SKY COVER
  AVERAGE SKY COVER 0.7


WEATHER CONDITIONS
 THE FOLLOWING WEATHER WAS RECORDED YESTERDAY.
  NO SIGNIFICANT WEATHER WAS OBSERVED.


RELATIVE HUMIDITY (PERCENT)
 HIGHEST    64           700 AM
 LOWEST     39          1000 AM
 AVERAGE    52

..........................................................


THE MUSKEGON MI CLIMATE NORMALS FOR TODAY
                         NORMAL    RECORD    YEAR
 MAXIMUM TEMPERATURE (F)   47        76      2007
                                             1945
 MINIMUM TEMPERATURE (F)   30         1      1971


SUNRISE AND SUNSET
MARCH 25 2019.........SUNRISE   740 AM EDT   SUNSET   803 PM EDT
MARCH 26 2019.........SUNRISE   738 AM EDT   SUNSET   804 PM EDT


-  INDICATES NEGATIVE NUMBERS.
R  INDICATES RECORD WAS SET OR TIED.
MM INDICATES DATA IS MISSING.
T  INDICATES TRACE AMOUNT.




$$
