000
CDUS43 KMPX 230648
CLIMPX


CLIMATE REPORT
NATIONAL WEATHER SERVICE CHANHASSEN MN
147 AM CDT TUE JUL 23 2019


...................................

...THE CHANHASSEN MN CLIMATE SUMMARY FOR JULY 22 2019...

CLIMATE NORMAL PERIOD 1981 TO 2010
CLIMATE RECORD PERIOD 1995 TO 2019


WEATHER ITEM   OBSERVED NORMAL DEPARTURE LAST
                VALUE   VALUE  FROM      YEAR
                               NORMAL
...............................................
TEMPERATURE (F)
 YESTERDAY
  MAXIMUM         77     82     -5       79
  MINIMUM         58     62     -4       62
  AVERAGE         68     72     -4       71

PRECIPITATION (IN)
  YESTERDAY        0.00   0.11  -0.11     0.00
  MONTH TO DATE    4.52   2.56   1.96     4.53
  SINCE JUN 1      8.84   6.58   2.26     9.83
  SINCE JAN 1     23.71  16.83   6.88    20.09

SNOWFALL (IN)
  YESTERDAY        0.0    0.0    0.0      0.0
  MONTH TO DATE    0.0    0.0    0.0      0.0
  SINCE JUN 1      0.0    0.0    0.0      0.0
  SINCE JUL 1      0.0    0.0    0.0      0.0
  SNOW DEPTH       0

DEGREE DAYS
 HEATING
  YESTERDAY        0      0      0        0
  MONTH TO DATE    0      0      0        0
  SINCE JUN 1     41     49     -8        9
  SINCE JUL 1      0      0      0        0

 COOLING
  YESTERDAY        3      7     -4        6
  MONTH TO DATE  191    158     33      169
  SINCE JUN 1    290    285      5      325
  SINCE JAN 1    300    318    -18      441
...............................................







THE CHANHASSEN MN CLIMATE NORMALS FOR TODAY
                         NORMAL    RECORD    YEAR
 MAXIMUM TEMPERATURE (F)   82        MM        MM
 MINIMUM TEMPERATURE (F)   62        MM        MM


SUNRISE AND SUNSET
JULY 23 2019..........SUNRISE   550 AM CDT   SUNSET   851 PM CDT
JULY 24 2019..........SUNRISE   551 AM CDT   SUNSET   850 PM CDT


-  INDICATES NEGATIVE NUMBERS.
R  INDICATES RECORD WAS SET OR TIED.
MM INDICATES DATA IS MISSING.
T  INDICATES TRACE AMOUNT.




$$
