514
CDUS43 KMPX 220047
CLIMPX


CLIMATE REPORT
NATIONAL WEATHER SERVICE CHANHASSEN MN
747 PM CDT TUE MAY 21 2019


...................................

...THE CHANHASSEN MN CLIMATE SUMMARY FOR MAY 21 2019...
VALID TODAY AS OF 0700 PM LOCAL TIME.

CLIMATE NORMAL PERIOD 1981 TO 2010
CLIMATE RECORD PERIOD 1995 TO 2019


WEATHER ITEM   OBSERVED TIME   NORMAL DEPARTURE LAST
                VALUE   (LST)  VALUE  FROM      YEAR
                                      NORMAL
......................................................
TEMPERATURE (F)
 TODAY
  MAXIMUM         60        MM  70    -10       70
  MINIMUM         43        MM  49     -6       56
  AVERAGE         52            60     -8       63

PRECIPITATION (IN)
  TODAY            0.10          0.12  -0.02     0.00
  MONTH TO DATE    4.03          2.45   1.58     1.31
  SINCE MAR 1      9.80          7.23   2.57     5.19
  SINCE JAN 1     12.58          9.04   3.54     7.89

DEGREE DAYS
 COOLING
  TODAY            0             1     -1        0
  MONTH TO DATE    2            15    -13       17
  SINCE MAR 1      2            18    -16       19
  SINCE JAN 1      2            18    -16       19
......................................................







THE CHANHASSEN MN CLIMATE NORMALS FOR TOMORROW
                         NORMAL    RECORD    YEAR
 MAXIMUM TEMPERATURE (F)   70        MM        MM
 MINIMUM TEMPERATURE (F)   50        MM        MM


SUNRISE AND SUNSET
MAY 21 2019...........SUNRISE   540 AM CDT   SUNSET   843 PM CDT
MAY 22 2019...........SUNRISE   539 AM CDT   SUNSET   844 PM CDT


-  INDICATES NEGATIVE NUMBERS.
R  INDICATES RECORD WAS SET OR TIED.
MM INDICATES DATA IS MISSING.
T  INDICATES TRACE AMOUNT.




$$
