000
CDUS43 KMPX 290033
CLIMPX

CLIMATE REPORT
NATIONAL WEATHER SERVICE TWIN CITIES/CHANHASSEN MN
733 PM CDT THU MAY 28 2020

...................................

...THE CHANHASSEN MN CLIMATE SUMMARY FOR MAY 28 2020...
VALID TODAY AS OF 0700 PM LOCAL TIME.

CLIMATE NORMAL PERIOD: 1981 TO 2010
CLIMATE RECORD PERIOD: 1995 TO 2020


WEATHER ITEM   OBSERVED TIME   NORMAL DEPARTURE LAST
                VALUE   (LST)  VALUE  FROM      YEAR
                                      NORMAL
.......................................................
TEMPERATURE (F)
 TODAY
  MAXIMUM         77        MM  72      5       68
  MINIMUM         59        MM  51      8       43
  AVERAGE         68            62      6       56

PRECIPITATION (IN)
  TODAY            0.00          0.12  -0.12     0.00
  MONTH TO DATE    5.12          3.29   1.83     6.32
  SINCE MAR 1      9.84          8.07   1.77    12.09
  SINCE JAN 1     11.21          9.88   1.33    14.87

SNOWFALL (IN)
  TODAY            0.0           0.0    0.0      0.0
  MONTH TO DATE    0.0           0.3   -0.3       T
  SINCE MAR 1     10.1          14.5   -4.4     21.7
  SINCE JUL 1     53.8          54.2   -0.4     78.6
  SNOW DEPTH       0

DEGREE DAYS
 HEATING
  TODAY            0             5     -5        9
  MONTH TO DATE  247           232     15      375
  SINCE MAR 1   1800          1836    -36     2205
  SINCE JUL 1   7861          7851     10     8664

 COOLING
  TODAY            3             2      1        0
  MONTH TO DATE   20            23     -3        2
  SINCE MAR 1     20            26     -6        2
  SINCE JAN 1     20            26     -6        2
.......................................................


THE CHANHASSEN MN CLIMATE NORMALS FOR TOMORROW
                         NORMAL    RECORD    YEAR
 MAXIMUM TEMPERATURE (F)   72        MM        MM
 MINIMUM TEMPERATURE (F)   52        MM        MM


SUNRISE AND SUNSET
MAY 28 2020...........SUNRISE   5:33 AM CDT   SUNSET   8:50 PM CDT
MAY 29 2020...........SUNRISE   5:33 AM CDT   SUNSET   8:51 PM CDT


-  INDICATES NEGATIVE NUMBERS.
R  INDICATES RECORD WAS SET OR TIED.
MM INDICATES DATA IS MISSING.
T  INDICATES TRACE AMOUNT.




$$
