000
CDUS43 KMPX 260729
CLIMPX


CLIMATE REPORT
NATIONAL WEATHER SERVICE CHANHASSEN MN
228 AM CDT TUE MAR 26 2019


...................................

...THE CHANHASSEN MN CLIMATE SUMMARY FOR MARCH 25 2019...

CLIMATE NORMAL PERIOD 1981 TO 2010
CLIMATE RECORD PERIOD 1995 TO 2019


WEATHER ITEM   OBSERVED NORMAL DEPARTURE LAST
                VALUE   VALUE  FROM      YEAR
                               NORMAL
...............................................
TEMPERATURE (F)
 YESTERDAY
  MAXIMUM         43     45     -2       41
  MINIMUM         25     26     -1       27
  AVERAGE         34     36     -2       34

PRECIPITATION (IN)
  YESTERDAY        0.00   0.08  -0.08     0.00
  MONTH TO DATE    2.08   1.33   0.75     0.84
  SINCE MAR 1      2.08   1.33   0.75     0.84
  SINCE JAN 1      4.86   3.14   1.72     3.54

SNOWFALL (IN)
  YESTERDAY        0.0    0.3   -0.3      0.0
  MONTH TO DATE   10.3    9.3    1.0      7.3
  SINCE MAR 1     10.3    9.3    1.0      7.3
  SINCE JUL 1     67.2   49.0   18.2     48.8
  SNOW DEPTH       T

DEGREE DAYS
 HEATING
  YESTERDAY       31     29      2       31
  MONTH TO DATE 1022    879    143      883
  SINCE MAR 1   1022    879    143      883
  SINCE JUL 1   7481   6894    587     6987

 COOLING
  YESTERDAY        0      0      0        0
  MONTH TO DATE    0      0      0        0
  SINCE MAR 1      0      0      0        0
  SINCE JAN 1      0      0      0        0
...............................................







THE CHANHASSEN MN CLIMATE NORMALS FOR TODAY
                         NORMAL    RECORD    YEAR
 MAXIMUM TEMPERATURE (F)   46        MM        MM
 MINIMUM TEMPERATURE (F)   27        MM        MM


SUNRISE AND SUNSET
MARCH 26 2019.........SUNRISE   707 AM CDT   SUNSET   734 PM CDT
MARCH 27 2019.........SUNRISE   705 AM CDT   SUNSET   735 PM CDT


-  INDICATES NEGATIVE NUMBERS.
R  INDICATES RECORD WAS SET OR TIED.
MM INDICATES DATA IS MISSING.
T  INDICATES TRACE AMOUNT.




$$
