000
CDUS46 KMTR 260042
CLINUQ


CLIMATE REPORT
NATIONAL WEATHER SERVICE SAN FRANCISCO BAY AREA
532 PM PDT MON MAR 25 2019


...................................

...THE MOFFETT FIELD CLIMATE SUMMARY FOR MARCH 25 2019...
VALID TODAY AS OF 0500 PM LOCAL TIME.

CLIMATE NORMAL PERIOD 1981 TO 2010
CLIMATE RECORD PERIOD 1945 TO 2019


WEATHER ITEM   OBSERVED TIME   RECORD YEAR NORMAL DEPARTURE LAST
                VALUE   (LST)  VALUE       VALUE  FROM      YEAR
                                                  NORMAL
..................................................................
TEMPERATURE (F)
 TODAY
  MAXIMUM         65    252 PM  82    1952  66     -1       58
  MINIMUM         49    429 AM  36    1964  48      1       39
  AVERAGE         57                        57      0       49

PRECIPITATION (IN)
  TODAY            T             1.03 1993   0.06  -0.06     0.00
  MONTH TO DATE    2.29                      1.92   0.37     2.27
  SINCE OCT 1     12.48                     12.58  -0.10     7.35
  SINCE JAN 1     10.26                      7.74   2.52     5.40

DEGREE DAYS
 HEATING
  TODAY            8                                        16
  MONTH TO DATE  261                                       285
  SINCE MAR 1    261                                       285
  SINCE JUL 1   1732                                      1696

 COOLING
  TODAY            0                                         0
  MONTH TO DATE    0                                         0
  SINCE MAR 1      0                                         0
  SINCE JAN 1      0                                         0
..................................................................


WIND (MPH)
  RESULTANT WIND SPEED   8   RESULTANT WIND DIRECTION   S (170)
  HIGHEST WIND SPEED    18   HIGHEST WIND DIRECTION     S (180)
  HIGHEST GUST SPEED    27   HIGHEST GUST DIRECTION     S (180)
  AVERAGE WIND SPEED     8.2


SKY COVER
  POSSIBLE SUNSHINE  MM
  AVERAGE SKY COVER 0.5


WEATHER CONDITIONS
 THE FOLLOWING WEATHER WAS RECORDED TODAY.
  NO SIGNIFICANT WEATHER WAS OBSERVED.


RELATIVE HUMIDITY (PERCENT)
 HIGHEST    71           500 AM
 LOWEST     44           900 AM
 AVERAGE    58

..........................................................


THE MOFFETT FIELD CLIMATE NORMALS FOR TOMORROW
                         NORMAL    RECORD    YEAR
 MAXIMUM TEMPERATURE (F)   66        84      2015
 MINIMUM TEMPERATURE (F)   48        35      1948


SUNRISE AND SUNSET
MARCH 25 2019.........SUNRISE   704 AM PDT   SUNSET   725 PM PDT
MARCH 26 2019.........SUNRISE   703 AM PDT   SUNSET   725 PM PDT


-  INDICATES NEGATIVE NUMBERS.
R  INDICATES RECORD WAS SET OR TIED.
MM INDICATES DATA IS MISSING.
T  INDICATES TRACE AMOUNT.




$$
