466
CDUS43 KFSD 260623
CLISUX


CLIMATE REPORT
NATIONAL WEATHER SERVICE SIOUX FALLS SD
122 AM CDT TUE MAR 26 2019


...................................

...THE SIOUX CITY IA CLIMATE SUMMARY FOR MARCH 25 2019...

CLIMATE NORMAL PERIOD 1981 TO 2010
CLIMATE RECORD PERIOD 1889 TO 2019


WEATHER ITEM   OBSERVED TIME   RECORD YEAR NORMAL DEPARTURE LAST
                VALUE   (LST)  VALUE       VALUE  FROM      YEAR
                                                  NORMAL
..................................................................
TEMPERATURE (F)
 YESTERDAY
  MAXIMUM         51    439 PM  80    1925  52     -1       38
  MINIMUM         36    806 AM   0    1894  29      7       31
  AVERAGE         44                        40      4       35

PRECIPITATION (IN)
  YESTERDAY        0.00          1.36 1942   0.08  -0.08     0.01
  MONTH TO DATE    2.89                      1.48   1.41     1.90
  SINCE MAR 1      2.89                      1.48   1.41     1.90
  SINCE JAN 1      4.41                      2.77   1.64     4.33

SNOWFALL (IN)
  YESTERDAY        0.0           2.0  1983   0.1   -0.1      0.0
  MONTH TO DATE    2.5                       5.5   -3.0      3.9
  SINCE MAR 1      2.5                       5.5   -3.0      3.9
  SINCE JUL 1     28.0                      32.0   -4.0     35.7
  SNOW DEPTH       0

DEGREE DAYS
 HEATING
  YESTERDAY       21                        25     -4       30
  MONTH TO DATE  885                       746    139      717
  SINCE MAR 1    885                       746    139      717
  SINCE JUL 1   6557                      6040    517     6051

 COOLING
  YESTERDAY        0                         0      0        0
  MONTH TO DATE    0                         0      0        0
  SINCE MAR 1      0                         0      0        0
  SINCE JAN 1      0                         0      0        0
..................................................................


WIND (MPH)
  HIGHEST WIND SPEED    15   HIGHEST WIND DIRECTION     N (10)
  HIGHEST GUST SPEED    19   HIGHEST GUST DIRECTION     N (10)
  AVERAGE WIND SPEED     6.0


SKY COVER
  POSSIBLE SUNSHINE  MM
  AVERAGE SKY COVER 0.7


WEATHER CONDITIONS
 THE FOLLOWING WEATHER WAS RECORDED YESTERDAY.
  FOG


RELATIVE HUMIDITY (PERCENT)
 HIGHEST    92           100 AM
 LOWEST     56           300 PM
 AVERAGE    74

..........................................................


THE SIOUX CITY IA CLIMATE NORMALS FOR TODAY
                         NORMAL    RECORD    YEAR
 MAXIMUM TEMPERATURE (F)   53        84      2007
 MINIMUM TEMPERATURE (F)   29        -2      1965


SUNRISE AND SUNSET
MARCH 26 2019.........SUNRISE   719 AM CDT   SUNSET   744 PM CDT
MARCH 27 2019.........SUNRISE   717 AM CDT   SUNSET   746 PM CDT


-  INDICATES NEGATIVE NUMBERS.
R  INDICATES RECORD WAS SET OR TIED.
MM INDICATES DATA IS MISSING.
T  INDICATES TRACE AMOUNT.




$$
