000
CDUS43 KFSD 282221
CLISUX

CLIMATE REPORT
NATIONAL WEATHER SERVICE SIOUX FALLS SD
521 PM CDT THU MAY 28 2020

...................................

...THE SIOUX CITY IA CLIMATE SUMMARY FOR MAY 28 2020...
VALID TODAY AS OF 0400 PM LOCAL TIME.

CLIMATE NORMAL PERIOD: 1981 TO 2010
CLIMATE RECORD PERIOD: 1889 TO 2020


WEATHER ITEM   OBSERVED TIME   RECORD YEAR NORMAL DEPARTURE LAST
                VALUE   (LST)  VALUE       VALUE  FROM      YEAR
                                                  NORMAL
...................................................................
TEMPERATURE (F)
 TODAY
  MAXIMUM         81   3:03 PM  98    2006  77      4       60
  MINIMUM         57   3:51 AM  31    1947  53      4       52
  AVERAGE         69                        65      4       56

PRECIPITATION (IN)
  TODAY            0.00          2.16 1959   0.12  -0.12     0.32
  MONTH TO DATE    2.56                      3.34  -0.78     5.90
  SINCE MAR 1      6.47                      8.29  -1.82    11.36
  SINCE JAN 1      7.68                      9.58  -1.90    12.88

SNOWFALL (IN)
  TODAY            0.0           0.8  1947   0.0    0.0      0.0
  MONTH TO DATE    0.0                       0.2   -0.2      0.0
  SINCE MAR 1      9.6                       8.5    1.1      4.0
  SINCE JUL 1     36.0                      35.0    1.0     29.5
  SNOW DEPTH       0

DEGREE DAYS
 HEATING
  TODAY            0                         3     -3        9
  MONTH TO DATE  215                       173     42      266
  SINCE MAR 1   1477                      1531    -54     1739
  SINCE JUL 1   6626                      6825   -199     7411

 COOLING
  TODAY            4                         3      1        0
  MONTH TO DATE   20                        45    -25       18
  SINCE MAR 1     24                        56    -32       19
  SINCE JAN 1     24                        56    -32       19
...................................................................


WIND (MPH)
  HIGHEST WIND SPEED    31   HIGHEST WIND DIRECTION    NW (330)
  HIGHEST GUST SPEED    42   HIGHEST GUST DIRECTION    NW (300)
  AVERAGE WIND SPEED    14.6


SKY COVER
  POSSIBLE SUNSHINE  MM
  AVERAGE SKY COVER 0.2


WEATHER CONDITIONS
THE FOLLOWING WEATHER WAS RECORDED TODAY.
  NO SIGNIFICANT WEATHER WAS OBSERVED.


RELATIVE HUMIDITY (PERCENT)
 HIGHEST    93           1:00 AM
 LOWEST     27           4:00 PM
 AVERAGE    60

..........................................................


THE SIOUX CITY IA CLIMATE NORMALS FOR TOMORROW
                         NORMAL    RECORD    YEAR
 MAXIMUM TEMPERATURE (F)   77       103      1934
 MINIMUM TEMPERATURE (F)   53        27      1947


SUNRISE AND SUNSET
MAY 28 2020...........SUNRISE   5:53 AM CDT   SUNSET   8:53 PM CDT
MAY 29 2020...........SUNRISE   5:52 AM CDT   SUNSET   8:54 PM CDT


-  INDICATES NEGATIVE NUMBERS.
R  INDICATES RECORD WAS SET OR TIED.
MM INDICATES DATA IS MISSING.
T  INDICATES TRACE AMOUNT.




$$
