000
CDUS43 KFSD 230624
CLISUX


CLIMATE REPORT
NATIONAL WEATHER SERVICE SIOUX FALLS SD
123 AM CDT TUE JUL 23 2019


...................................

...THE SIOUX CITY IA CLIMATE SUMMARY FOR JULY 22 2019...

CLIMATE NORMAL PERIOD 1981 TO 2010
CLIMATE RECORD PERIOD 1889 TO 2019


WEATHER ITEM   OBSERVED TIME   RECORD YEAR NORMAL DEPARTURE LAST
                VALUE   (LST)  VALUE       VALUE  FROM      YEAR
                                                  NORMAL
..................................................................
TEMPERATURE (F)
 YESTERDAY
  MAXIMUM         79    352 PM 107    1936  85     -6       83
  MINIMUM         58   1159 PM  50    1925  63     -5       61
  AVERAGE         69                        74     -5       72

PRECIPITATION (IN)
  YESTERDAY        0.00          2.75 2010   0.11  -0.11     0.00
  MONTH TO DATE    6.72                      2.48   4.24     2.09
  SINCE JUN 1      8.61                      6.37   2.24    10.74
  SINCE JAN 1     21.86                     16.35   5.51    19.97

SNOWFALL (IN)
  YESTERDAY        0.0           0.0    MM   0.0    0.0      0.0
  MONTH TO DATE    0.0                       0.0    0.0      0.0
  SINCE JUN 1      0.0                       0.0    0.0      0.0
  SINCE JUL 1      0.0                       0.0    0.0      0.0
  SNOW DEPTH       0

DEGREE DAYS
 HEATING
  YESTERDAY        0                         0      0        0
  MONTH TO DATE    0                         0      0        0
  SINCE JUN 1     19                        27     -8        2
  SINCE JUL 1      0                         0      0        0

 COOLING
  YESTERDAY        4                        10     -6        7
  MONTH TO DATE  264                       214     50      230
  SINCE JUN 1    460                       402     58      510
  SINCE JAN 1    484                       466     18      662
..................................................................


WIND (MPH)
  HIGHEST WIND SPEED    18   HIGHEST WIND DIRECTION     N (360)
  HIGHEST GUST SPEED    27   HIGHEST GUST DIRECTION     N (10)
  AVERAGE WIND SPEED     8.6


SKY COVER
  POSSIBLE SUNSHINE  MM
  AVERAGE SKY COVER 0.1


WEATHER CONDITIONS
 THE FOLLOWING WEATHER WAS RECORDED YESTERDAY.
  NO SIGNIFICANT WEATHER WAS OBSERVED.


RELATIVE HUMIDITY (PERCENT)
 HIGHEST    93          1100 PM
 LOWEST     45           400 PM
 AVERAGE    69

..........................................................


THE SIOUX CITY IA CLIMATE NORMALS FOR TODAY
                         NORMAL    RECORD    YEAR
 MAXIMUM TEMPERATURE (F)   85       105      1934
 MINIMUM TEMPERATURE (F)   63        49      1904


SUNRISE AND SUNSET
JULY 23 2019..........SUNRISE   609 AM CDT   SUNSET   855 PM CDT
JULY 24 2019..........SUNRISE   610 AM CDT   SUNSET   854 PM CDT


-  INDICATES NEGATIVE NUMBERS.
R  INDICATES RECORD WAS SET OR TIED.
MM INDICATES DATA IS MISSING.
T  INDICATES TRACE AMOUNT.




$$
