000
CXUS53 KEAX 010738 RRA
CLSDMO

CLIMATE REPORT
NATIONAL WEATHER SERVICE KANSAS CITY/PLEASANT HILL MO
134 AM CST FRI MAR 1 2019

...................................

...THE SEDALIA CLIMATE SUMMARY FOR THE SEASON, FROM
12/1/2018 TO 2/28/2019...

CLIMATE NORMAL PERIOD 1981 TO 2010
CLIMATE RECORD PERIOD 9999 TO 9999

WEATHER         OBSERVED          NORMAL  DEPART  LAST YEAR`S
                 VALUE   DATE(S)  VALUE   FROM    VALUE  DATE(S)
                                          NORMAL
................................................................
TEMPERATURE (F)
HIGHEST            68   02/03        70      -2       76  02/15
LOWEST             -5   01/30                -4       -8  01/01
AVG. MAXIMUM     39.9              43.1    -3.2     43.9
AVG. MINIMUM     23.9              25.3    -1.4     24.1
MEAN             31.9              34.2    -2.3     34.0
DAYS MAX >= 90      0               0.0     0.0        0
DAYS MAX <= 32     29              21.3     7.7       25
DAYS MIN <= 32     78              75.5     2.5       65
DAYS MIN <= 0       1               5.0    -4.0        6

PRECIPITATION (INCHES)
TOTALS           6.67              5.92    0.75     4.26
DAILY AVG.       0.07              0.07    0.00     0.05
DAYS >= .01        30              20.1     9.9       20
DAYS >= .10        15              11.1     3.9        9
DAYS >= .50         3               3.5    -0.5        4
DAYS >= 1.00        1               1.1    -0.1        1
GREATEST
 24 HR. TOTAL    1.38   MM

DEGREE_DAYS
HEATING TOTAL    2931              2772     159     2773
COOLING TOTAL       0                 0       0        0
.................................................................

WIND (MPH)
AVERAGE WIND SPEED              9.9
HIGHEST WIND SPEED/DIRECTION    36/280    DATE  02/23
HIGHEST GUST SPEED/DIRECTION    51/310    DATE  01/28

SKY COVER
POSSIBLE SUNSHINE (PERCENT)   MM
AVERAGE SKY COVER           0.60
NUMBER OF DAYS FAIR           34
NUMBER OF DAYS PC             23
NUMBER OF DAYS CLOUDY         32

AVERAGE RH (PERCENT)     80

-  INDICATES NEGATIVE NUMBERS.
R  INDICATES RECORD WAS SET OR TIED.
MM INDICATES DATA IS MISSING.
T  INDICATES TRACE AMOUNT.

$$
