000
CXUS51 KRNK 020053
CLSLYH


CLIMATE REPORT
NATIONAL WEATHER SERVICE BLACKSBURG VA
705 PM EST FRI MAR 1 2019

...................................

...THE LYNCHBURG VA CLIMATE SUMMARY FOR THE SEASON, FROM
12/1/2018 TO 2/28/2019...

CLIMATE NORMAL PERIOD 1981 TO 2010
CLIMATE RECORD PERIOD 1893 TO 2019

WEATHER         OBSERVED          NORMAL  DEPART  LAST YEAR`S
                 VALUE   DATE(S)  VALUE   FROM    VALUE
                                          NORMAL
.............................................................
TEMPERATURE (F)
RECORD
 HIGH              82   02/11/1932
 LOW              -11   02/20/2015
HIGHEST            74   02/07                         77
                        02/05
LOWEST             10   12/11                         -2
AVG. MAXIMUM     48.7              47.4     1.3     48.7
AVG. MINIMUM     29.5              26.4     3.1     27.6
MEAN             39.1              36.9     2.2     38.2
DAYS MAX >= 90      0               0.0     0.0        0
DAYS MAX <= 32      4               6.1    -2.1       11
DAYS MIN <= 32     57              67.0   -10.0       62
DAYS MIN <= 0       0               0.4    -0.4        1

PRECIPITATION (INCHES)
RECORD
 MAXIMUM        18.30   1901
 MINIMUM         4.69   1906
TOTALS          14.79              9.31    5.48     9.35
DAILY AVG.       0.16              0.10    0.06     0.10
DAYS >= .01        39              28.2    10.8       25
DAYS >= .10        24              17.6     6.4       17
DAYS >= .50        12               6.5     5.5        6
DAYS >= 1.00        4               1.9     2.1        3
GREATEST
 24 HR. TOTAL    1.75                               2.04

SNOWFALL (INCHES)
TOTALS           19.6                                5.7
DAYS >= TRACE      13                                  5
DAYS >= 1.0         3                                  2
GREATEST
 24 HR TOTAL     11.5R                               4.0

DEGREE_DAYS
HEATING TOTAL    2318              2529    -211     2413
COOLING TOTAL       0                 0       0        0
..............................................................

WIND (MPH)
AVERAGE WIND SPEED              5.0
HIGHEST WIND SPEED/DIRECTION    24/270    DATE  02/24
HIGHEST GUST SPEED/DIRECTION    42/260    DATE  02/24

SKY COVER
AVERAGE SKY COVER           0.40

AVERAGE RH (PERCENT)     70

WEATHER CONDITIONS. NUMBER OF DAYS WITH:
THUNDERSTORM              2     MIXED PRECIP                 0
HEAVY RAIN                6     RAIN                        14
LIGHT RAIN               38     FREEZING RAIN                0
LIGHT FREEZING RAIN       6     HAIL                         0
HEAVY SNOW                1     SNOW                         2
LIGHT SNOW               11     SLEET                        7
FOG                      47     FOG W/VIS <= 1/4 MILE       13
HAZE                      0

-  INDICATES NEGATIVE NUMBERS.
R  INDICATES RECORD WAS SET OR TIED.
MM INDICATES DATA IS MISSING.
T  INDICATES TRACE AMOUNT.

$$

RAB
