000
CXUS51 KRNK 011235
CLSLYH


CLIMATE REPORT
NATIONAL WEATHER SERVICE BLACKSBURG VA
830 AM EDT SAT JUN 1 2019

...................................

...THE LYNCHBURG VA CLIMATE SUMMARY FOR THE SEASON, FROM
3/1/2019 TO 5/31/2019...

CLIMATE NORMAL PERIOD 1981 TO 2010
CLIMATE RECORD PERIOD 1893 TO 2019

WEATHER         OBSERVED          NORMAL  DEPART  LAST YEAR`S
                 VALUE   DATE(S)  VALUE   FROM    VALUE
                                          NORMAL
.............................................................
TEMPERATURE (F)
RECORD
 HIGH             100   05/22/1941
 LOW                5   03/03/2009
HIGHEST            84   04/30                         91
LOWEST             19   03/05                         22
AVG. MAXIMUM     63.8              67.1    -3.3     66.7
AVG. MINIMUM     39.9              42.4    -2.5     43.5
MEAN             51.8              54.8    -3.0     55.1
DAYS MAX >= 90      0               0.6    -0.6        2
DAYS MAX <= 32      0               0.2    -0.2        0
DAYS MIN <= 32     17              17.3    -0.3       27
DAYS MIN <= 0       0               0.0     0.0        0

PRECIPITATION (INCHES)
RECORD
 MAXIMUM        18.09   1975
 MINIMUM         3.94   1915
TOTALS           7.57             10.62   -3.05    16.19
DAILY AVG.       0.12              0.12    0.00     0.18
DAYS >= .01        19              32.9   -13.9       39
DAYS >= .10        12              20.9    -8.9       24
DAYS >= .50         4               7.3    -3.3        9
DAYS >= 1.00        2               2.4    -0.4        6
GREATEST
 24 HR. TOTAL    1.88                               2.15

SNOWFALL (INCHES)
TOTALS            1.4                                8.2
DAYS >= TRACE       1                                  7
DAYS >= 1.0         1                                  2
GREATEST
 24 HR TOTAL      1.4                                4.6

DEGREE_DAYS
HEATING TOTAL     822              1021    -199     1091
COOLING TOTAL      28                82     -54      206
..............................................................

WIND (MPH)
AVERAGE WIND SPEED              6.1
HIGHEST WIND SPEED/DIRECTION    28/320    DATE  03/22
HIGHEST GUST SPEED/DIRECTION    45/310    DATE  03/22

SKY COVER
AVERAGE SKY COVER           0.40

AVERAGE RH (PERCENT)     62

WEATHER CONDITIONS. NUMBER OF DAYS WITH:
THUNDERSTORM              3     MIXED PRECIP                 0
HEAVY RAIN                8     RAIN                        11
LIGHT RAIN               24     FREEZING RAIN                0
LIGHT FREEZING RAIN       0     HAIL                         0
HEAVY SNOW                0     SNOW                         1
LIGHT SNOW                1     SLEET                        0
FOG                      24     FOG W/VIS <= 1/4 MILE        1
HAZE                      0

-  INDICATES NEGATIVE NUMBERS.
R  INDICATES RECORD WAS SET OR TIED.
MM INDICATES DATA IS MISSING.
T  INDICATES TRACE AMOUNT.

$$
RCS
