000
CXUS55 KLKN 020110
CLSTPH


CLIMATE REPORT
NATIONAL WEATHER SERVICE ELKO NV
609 PM PDT SAT JUN 1 2019

...................................

...THE TONOPAH AIRPORT NV CLIMATE SUMMARY FOR THE SEASON, FROM
3/1/2019 TO 5/31/2019...

CLIMATE NORMAL PERIOD 1981 TO 2010
CLIMATE RECORD PERIOD 1954 TO 2019

WEATHER         OBSERVED          NORMAL  DEPART  LAST YEAR`S
                 VALUE   DATE(S)  VALUE   FROM    VALUE  DATE(S)
                                          NORMAL
................................................................
TEMPERATURE (F)
RECORD
 HIGH              96   05/28/2003
 LOW                4   03/02/1971
HIGHEST            82   04/25        88      -6       90  05/08
LOWEST             20   03/14        18       2       11  03/04
AVG. MAXIMUM     62.7              65.2    -2.5     66.2
AVG. MINIMUM     36.9              35.6     1.3     37.5
MEAN             49.8              50.4    -0.6     51.9
DAYS MAX >= 90      0               1.2    -1.2        1
DAYS MAX <= 32      0               0.1    -0.1        0
DAYS MIN <= 32     24              33.1    -9.1       28
DAYS MIN <= 0       0               0.0     0.0        0

PRECIPITATION (INCHES)
RECORD
 MAXIMUM         4.12   1978
 MINIMUM         0.05   1959
TOTALS           3.60              1.52    2.08     0.87
DAILY AVG.       0.04              0.02    0.02        T
DAYS >= .01        24              11.0    13.0        9
DAYS >= .10        11               4.7     6.3        4
DAYS >= .50         3               0.4     2.6        0
DAYS >= 1.00        0               0.0     0.0        0
GREATEST
 24 HR. TOTAL    0.56   MM                          0.23

DEGREE_DAYS
HEATING TOTAL    1377              1369       8     1221
 SINCE 7/1       5229              5411    -182     4801
COOLING TOTAL       1                27     -26       34
 SINCE 1/1          1                27     -26       34
.................................................................

WIND (MPH)
AVERAGE WIND SPEED              10.9
HIGHEST WIND SPEED/DIRECTION    49/320    DATE  04/10
HIGHEST GUST SPEED/DIRECTION    56/330    DATE  04/10

AVERAGE RH (PERCENT)     47

WEATHER CONDITIONS. NUMBER OF DAYS WITH
THUNDERSTORM             11     MIXED PRECIP               0
HEAVY RAIN                4     RAIN                      11
LIGHT RAIN               24     FREEZING RAIN              0
LT FREEZING RAIN          0     HAIL                       0
HEAVY SNOW                0     SNOW                       0
LIGHT SNOW                6     SLEET                      0
FOG                      14     FOG W/VIS <= 1/4 MILE      0
HAZE                      0

-  INDICATES NEGATIVE NUMBERS.
R  INDICATES RECORD WAS SET OR TIED.
MM INDICATES DATA IS MISSING.
T  INDICATES TRACE AMOUNT.

$$
