000
CXUS55 KLKN 021317
CLSTPH

CLIMATE REPORT
NATIONAL WEATHER SERVICE ELKO NV
349 AM PST SAT MAR 2 2019

...................................

...THE TONOPAH AIRPORT NV CLIMATE SUMMARY FOR THE SEASON, FROM
12/1/2018 TO 2/28/2019...

CLIMATE NORMAL PERIOD 1981 TO 2010
CLIMATE RECORD PERIOD 1954 TO 2019

WEATHER         OBSERVED          NORMAL  DEPART  LAST YEAR`S
                 VALUE   DATE(S)  VALUE   FROM    VALUE  DATE(S)
                                          NORMAL
................................................................
TEMPERATURE (F)
RECORD
 HIGH              75   02/25/1986
 LOW              -15   01/24/1962
                        01/23/1962
HIGHEST            60   02/28        64      -4       67  01/30
                        01/27
LOWEST              5   02/11         1       4        6  02/24
AVG. MAXIMUM     44.8              46.0    -1.2     51.4
AVG. MINIMUM     22.6              21.2     1.4     22.4
MEAN             33.7              33.6     0.1     36.9
DAYS MAX >= 90      0               0.0     0.0        0
DAYS MAX <= 32      6               5.1     0.9        2
DAYS MIN <= 32     85              84.7     0.3       83
DAYS MIN <= 0       0               1.2    -1.2        0

PRECIPITATION (INCHES)
RECORD
 MAXIMUM         3.27   1968
 MINIMUM         0.14   1964
TOTALS           0.85              1.32   -0.47     0.50
DAILY AVG.       0.01              0.01    0.00        T
DAYS >= .01        13              11.8     1.2        5
DAYS >= .10         3               4.8    -1.8        1
DAYS >= .50         0               0.1    -0.1        0
DAYS >= 1.00        0               0.0     0.0        0
GREATEST
 24 HR. TOTAL    0.23   02/02 TO 02/02              0.34

DEGREE_DAYS
HEATING TOTAL    2779              2824     -45     2504
 SINCE 7/1       3852              4042    -190     3580
COOLING TOTAL       0                 0       0        0
 SINCE 1/1          0                 0       0        0
.................................................................

WIND (MPH)
AVERAGE WIND SPEED              10.3
HIGHEST WIND SPEED/DIRECTION    40/170    DATE  02/02
HIGHEST GUST SPEED/DIRECTION    49/170    DATE  02/02

AVERAGE RH (PERCENT)     59

WEATHER CONDITIONS. NUMBER OF DAYS WITH
THUNDERSTORM              0     MIXED PRECIP               0
HEAVY RAIN                0     RAIN                       2
LIGHT RAIN               11     FREEZING RAIN              0
LT FREEZING RAIN          0     HAIL                       0
HEAVY SNOW                0     SNOW                       4
LIGHT SNOW               17     SLEET                      0
FOG                      18     FOG W/VIS <= 1/4 MILE      0
HAZE                      5

-  INDICATES NEGATIVE NUMBERS.
R  INDICATES RECORD WAS SET OR TIED.
MM INDICATES DATA IS MISSING.
T  INDICATES TRACE AMOUNT.

&&
==============================================================

...31ST DRIEST METEOROLOGICAL WINTER ON RECORD IN TONOPAH...
...31ST WARMEST METEOROLOGICAL WINTER ON RECORD IN TONOPAH...

THE AVERAGE TEMPERATURE IN TONOPAH DURING THE 2018/2019
METEOROLOGICAL WINTER (DEC-FEB) WAS 33.7 DEGREES...WHICH IS
0.1 DEGREE ABOVE THE 1981-2010 CLIMATOLOGICAL NORMAL OF 33.6
DEGREES. THIS MAKES WINTER 2018/2019 THE 31ST WARMEST ON RECORD.
THE TOTAL PRECIPITATION WAS 0.85 INCHES...WHICH IS 0.47 INCHES
BELOW OR 64 PERCENT OF THE 1981-2010 CLIMATOLOGICAL NORMAL OF
1.32 INCHES. THIS MAKES WINTER 2018/2019 THE 31ST DRIEST ON
RECORD.

$$
DTK
