000
CXUS54 KSJT 011000
CF6ABI
PRELIMINARY LOCAL CLIMATOLOGICAL DATA (WS FORM: F-6)
STATION: ABILENE
MONTH: AUGUST
YEAR: 2023
LATITUDE: 32 25 N
LONGITUDE: 99 41 W
TEMPERATURE IN F: :PCPN: SNOW: WIND :SUNSHINE: SKY :PK WND
================================================================================
1 2 3 4 5 6A 6B 7 8 9 10 11 12 13 14 15 16 17 18
12Z AVG MX 2MIN
DY MAX MIN AVG DEP HDD CDD WTR SNW DPTH SPD SPD DIR MIN PSBL S-S WX SPD DR
================================================================================
1 105 78 92 6 0 27 0.00 0.0 0 10.6 22 140 M M 0 31 120
2 104 80 92 6 0 27 0.00 0.0 0 9.4 18 140 M M 0 34 130
3 106 80 93 7 0 28 0.00 0.0 0 11.4 20 160 M M 0 27 190
4 106 81 94 8 0 29 0.00 0.0 0 9.9 20 200 M M 0 26 200
5 108 81 95 9 0 30 0.00 0.0 0 10.3 21 210 M M 0 28 200
6 108 76 92 6 0 27 0.00 0.0 0 10.0 21 130 M M 0 31 130
7 108 81 95 9 0 30 0.00 0.0 0 9.2 17 140 M M 0 27 120
8 108 84 96 10 0 31 0.00 0.0 0 11.5 22 190 M M 0 29 210
9 109 83 96 10 0 31 0.04 0.0 0 11.1 31 340 M M 0 3 40 340
10 110 76 93 8 0 28 0.32 0.0 0 9.8 37 310 M M 1 38 53 320
11 108 79 94 9 0 29 0.02 0.0 0 13.3 24 80 M M 0 3 34 80
12 108 83 96 11 0 31 0.00 0.0 0 13.1 22 190 M M 0 30 190
13 107 81 94 9 0 29 0.00 0.0 0 12.1 23 200 M M 0 32 210
14 97 76 87 2 0 22 0.00 0.0 0 10.2 20 10 M M 0 8 28 10
15 97 69 83 -2 0 18 0.00 0.0 0 5.6 15 90 M M 2 8 22 90
16 103 72 88 3 0 23 0.00 0.0 0 8.9 18 150 M M 0 24 130
17 111 80 96 12 0 31 0.01 0.0 M 9.0 24 340 M M 1 3 36 350
18 109 81 95 11 0 30 0.00 0.0 0 9.4 18 130 M M 0 24 160
19 106 76 91 7 0 26 0.00 0.0 0 10.0 22 120 M M 0 27 110
20 106 77 92 8 0 27 0.00 0.0 0 9.1 18 110 M M 0 26 100
21 106 78 92 8 0 27 0.00 0.0 0 9.7 25 110 M M 0 34 110
22 103 76 90 7 0 25 0.00 0.0 0 8.0 22 120 M M 1 29 120
23 101 74 88 5 0 23 0.00 0.0 0 10.0 21 130 M M 0 35 120
24 102 75 89 6 0 24 0.00 0.0 0 7.4 18 150 M M 1 28 140
25 105 79 92 9 0 27 0.00 0.0 0 5.0 15 130 M M 1 19 280
26 108 79 94 12 0 29 0.02 0.0 0 7.5 36 130 M M 1 3 47 140
27 94 75 85 3 0 20 0.04 0.0 0 7.0 22 360 M M 2 28 360
28 97 75 86 4 0 21 0.01 0.0 0 8.2 18 340 M M 2 26 50
29 97 67 82 0 0 17 0.00 0.0 0 5.7 15 350 M M 0 22 350
30 99 71 85 3 0 20 0.00 0.0 0 5.9 17 330 M M 1 24 330
31 102 69 86 5 0 21 0.00 0.0 0 6.5 10 140 M M 0 16 340
================================================================================
SM 3238 2392 0 808 0.46 0.0 284.8 M 13
================================================================================
AV104.5 77.2 9.2 FASTST M M 0 MAX(MPH)
MISC ----> 37 310 53 320
================================================================================
NOTES:
# LAST OF SEVERAL OCCURRENCES
COLUMN 17 PEAK WIND IN M.P.H.
PRELIMINARY LOCAL CLIMATOLOGICAL DATA (WS FORM: F-6) , PAGE 2
STATION: ABILENE
MONTH: AUGUST
YEAR: 2023
LATITUDE: 32 25 N
LONGITUDE: 99 41 W
[TEMPERATURE DATA] [PRECIPITATION DATA] SYMBOLS USED IN COLUMN 16
AVERAGE MONTHLY: 90.8 TOTAL FOR MONTH: 0.46 1 = FOG OR MIST
DPTR FM NORMAL: 6.6 DPTR FM NORMAL: -2.07 2 = FOG REDUCING VISIBILITY
HIGHEST: 111 ON 17 GRTST 24HR 0.34 ON 10-11 TO 1/4 MILE OR LESS
LOWEST: 67 ON 29 3 = THUNDER
SNOW, ICE PELLETS, HAIL 4 = ICE PELLETS
TOTAL MONTH: 0.0 INCH 5 = HAIL
GRTST 24HR 0.0 6 = FREEZING RAIN OR DRIZZLE
GRTST DEPTH: 0 7 = DUSTSTORM OR SANDSTORM:
VSBY 1/2 MILE OR LESS
8 = SMOKE OR HAZE
[NO. OF DAYS WITH] [WEATHER - DAYS WITH] 9 = BLOWING SNOW
X = TORNADO
MAX 32 OR BELOW: 0 0.01 INCH OR MORE: 7
MAX 90 OR ABOVE: 31 0.10 INCH OR MORE: 1
MIN 32 OR BELOW: 0 0.50 INCH OR MORE: 0
MIN 0 OR BELOW: 0 1.00 INCH OR MORE: 0
[HDD (BASE 65) ]
TOTAL THIS MO. 0 CLEAR (SCALE 0-3) 31
DPTR FM NORMAL 0 PTCLDY (SCALE 4-7) 0
TOTAL FM JUL 1 0 CLOUDY (SCALE 8-10) 0
DPTR FM NORMAL 0
[CDD (BASE 65) ]
TOTAL THIS MO. 808
DPTR FM NORMAL 213 [PRESSURE DATA]
TOTAL FM JAN 1 2502 HIGHEST SLP 30.19 ON 15
DPTR FM NORMAL 339 LOWEST SLP 29.63 ON 9
[REMARKS]
#FINAL-08-23#