184
CXUS55 KBOI 011002
CF6BOI
PRELIMINARY LOCAL CLIMATOLOGICAL DATA (WS FORM: F-6)
STATION: BOISE ID
MONTH: MARCH
YEAR: 2021
LATITUDE: 43 34 N
LONGITUDE: 116 13 W
TEMPERATURE IN F: :PCPN: SNOW: WIND :SUNSHINE: SKY :PK WND
================================================================================
1 2 3 4 5 6A 6B 7 8 9 10 11 12 13 14 15 16 17 18
12Z AVG MX 2MIN
DY MAX MIN AVG DEP HDD CDD WTR SNW DPTH SPD SPD DIR MIN PSBL S-S WX SPD DR
================================================================================
1 52 27 40 0 25 0 0.00 0.0 0 11.5 28 120 M M 0 36 120
2 56 30 43 2 22 0 0.00 0.0 0 6.2 15 160 M M 0 20 140
3 60 31 46 5 19 0 0.00 0.0 0 6.5 15 140 M M 0 20 150
4 63 31 47 6 18 0 0.00 0.0 0 7.6 18 120 M M 0 24 110
5 68 39 54 12 11 0 0.00 0.0 0 19.1 29 140 M M 0 40 130
6 57 35 46 4 19 0 0.04 0.0 0 7.9 23 120 M M 5 1 31 120
7 57 33 45 3 20 0 0.00 0.0 0 8.3 18 120 M M 2 24 130
8 54 34 44 1 21 0 0.02 0.0 0 4.1 21 220 M M 5 29 220
9 51 28 40 -3 25 0 0.00 0.0 0 4.5 12 120 M M 3 16 120
10 52 25 39 -4 26 0 0.00 0.0 0 4.2 12 140 M M 1 17 140
11 56 25 41 -2 24 0 0.00 0.0 0 4.8 20 300 M M 0 26 300
12 55 26 41 -3 24 0 0.00 0.0 0 5.7 16 290 M M 0 8 22 330
13 59 26 43 -1 22 0 0.00 0.0 0 6.1 15 300 M M 0 21 310
14 66 34 50 6 15 0 0.00 0.0 0 6.9 17 140 M M 0 22 140
15 62 36 49 5 16 0 0.00 0.0 0 9.3 24 280 M M 4 31 280
16 56 33 45 0 20 0 0.00 0.0 0 8.5 21 300 M M 4 26 300
17 62 32 47 2 18 0 0.00 0.0 0 8.2 17 140 M M 1 26 130
18 69 41 55 10 10 0 0.00 0.0 0 12.4 23 120 M M 3 31 110
19 59 47 53 8 12 0 0.19 0.0 0 7.2 14 120 M M 8 1 21 200
20 54 37 46 0 19 0 0.00 0.0 0 12.3 26 300 M M 4 35 310
21 51 31 41 -5 24 0 0.00 0.0 0 6.4 15 300 M M 1 24 280
22 46 33 40 -6 25 0 0.46 0.5 0 7.6 30 300 M M 9 1 36 310
23 53 31 42 -4 23 0 0.00 0.0 T 15.7 28 310 M M 0 1 37 320
24 48 27 38 -8 27 0 0.05 0.0 0 5.5 17 90 M M 6 21 90
25 50 35 43 -4 22 0 0.19 T 0 9.9 23 10 M M 8 1 33 350
26 56 32 44 -3 21 0 0.00 0.0 0 11.6 22 310 M M 1 29 330
27 62 32 47 0 18 0 0.00 0.0 0 5.6 12 130 M M 0 19 290
28 75 41 58 11 7 0 0.00 0.0 0 11.5 32 280 M M 0 8 48 300
29 61 31 46 -1 19 0 T 0.0 0 18.5 39 330 M M 4 8 61 300
30 48 27 38 -10 27 0 0.00 0.0 0 8.0 22 300 M M 1 33 290
31 60 29 45 -3 20 0 0.00 0.0 0 9.2 16 140 M M 0 22 160
================================================================================
SM 1778 999 619 0 0.95 0.5 270.8 M 70
================================================================================
AV 57.4 32.2 8.7 FASTST M M 2 MAX(MPH)
MISC ----> 39 330 61 300
================================================================================
NOTES:
# LAST OF SEVERAL OCCURRENCES
COLUMN 17 PEAK WIND IN M.P.H.
PRELIMINARY LOCAL CLIMATOLOGICAL DATA (WS FORM: F-6) , PAGE 2
STATION: BOISE ID
MONTH: MARCH
YEAR: 2021
LATITUDE: 43 34 N
LONGITUDE: 116 13 W
[TEMPERATURE DATA] [PRECIPITATION DATA] SYMBOLS USED IN COLUMN 16
AVERAGE MONTHLY: 44.8 TOTAL FOR MONTH: 0.95 1 = FOG OR MIST
DPTR FM NORMAL: 0.3 DPTR FM NORMAL: -0.44 2 = FOG REDUCING VISIBILITY
HIGHEST: 75 ON 28 GRTST 24HR 0.46 ON 22-22 TO 1/4 MILE OR LESS
LOWEST: 25 ON 11,10 3 = THUNDER
SNOW, ICE PELLETS, HAIL 4 = ICE PELLETS
TOTAL MONTH: 0.5 INCH 5 = HAIL
GRTST 24HR 0.5 ON 22-22 6 = FREEZING RAIN OR DRIZZLE
GRTST DEPTH: T 7 = DUSTSTORM OR SANDSTORM:
VSBY 1/2 MILE OR LESS
8 = SMOKE OR HAZE
[NO. OF DAYS WITH] [WEATHER - DAYS WITH] 9 = BLOWING SNOW
X = TORNADO
MAX 32 OR BELOW: 0 0.01 INCH OR MORE: 6
MAX 90 OR ABOVE: 0 0.10 INCH OR MORE: 3
MIN 32 OR BELOW: 18 0.50 INCH OR MORE: 0
MIN 0 OR BELOW: 0 1.00 INCH OR MORE: 0
[HDD (BASE 65) ]
TOTAL THIS MO. 619 CLEAR (SCALE 0-3) 20
DPTR FM NORMAL -17 PTCLDY (SCALE 4-7) 10
TOTAL FM JUL 1 4424 CLOUDY (SCALE 8-10) 1
DPTR FM NORMAL -371
[CDD (BASE 65) ]
TOTAL THIS MO. 0
DPTR FM NORMAL 0 [PRESSURE DATA]
TOTAL FM JAN 1 0 HIGHEST SLP 30.53 ON 31
DPTR FM NORMAL 0 LOWEST SLP 29.63 ON 25
[REMARKS]
#FINAL-03-21#